-- Table structure for table `o61cm_phocagallery_comments`
--

CREATE TABLE `o61cm_phocagallery_comments` (
  `id` int(11) NOT NULL,
  `catid` int(11) NOT NULL DEFAULT 0,
  `userid` int(11) NOT NULL DEFAULT 0,
  `date` datetime NOT NULL DEFAULT '0000-00-00 00:00:00',
  `title` varchar(255) NOT NULL DEFAULT '',
  `alias` varchar(255) NOT NULL DEFAULT '',
  `comment` text DEFAULT NULL,
  `published` tinyint(1) NOT NULL DEFAULT 0,
  `checked_out` int(11) UNSIGNED NOT NULL DEFAULT 0,
  `checked_out_time` datetime NOT NULL DEFAULT '0000-00-00 00:00:00',
  `ordering` int(11) NOT NULL DEFAULT 0,
  `params` text DEFAULT NULL,
  `language` char(7) NOT NULL DEFAULT ''
) ENGINE=InnoDB DEFAULT CHARSET=utf8mb3 COLLATE=utf8mb3_general_ci;

-- --------------------------------------------------------

--
-- Table structure for table `o61cm_phocagallery_fb_users`
--

CREATE TABLE `o61cm_phocagallery_fb_users` (
  `id` int(11) NOT NULL,
  `appid` varchar(255) NOT NULL DEFAULT '',
  `appsid` varchar(255) NOT NULL DEFAULT '',
  `uid` varchar(255) NOT NULL DEFAULT '',
  `name` varchar(255) NOT NULL DEFAULT '',
  `link` varchar(255) NOT NULL DEFAULT '',
  `secret` varchar(255) NOT NULL DEFAULT '',
  `base_domain` varchar(255) NOT NULL DEFAULT '',
  `expires` varchar(100) NOT NULL DEFAULT '',
  `session_key` text DEFAULT NULL,
  `access_token` text DEFAULT NULL,
  `sig` text DEFAULT NULL,
  `fanpageid` varchar(255) NOT NULL DEFAULT '',
  `published` tinyint(1) NOT NULL DEFAULT 0,
  `checked_out` int(11) UNSIGNED NOT NULL DEFAULT 0,
  `checked_out_time` datetime NOT NULL DEFAULT '0000-00-00 00:00:00',
  `ordering` int(11) NOT NULL DEFAULT 0,
  `comments` text DEFAULT NULL,
  `params` text DEFAULT NULL,
  `language` char(7) NOT NULL DEFAULT ''
) ENGINE=InnoDB DEFAULT CHARSET=utf8mb3 COLLATE=utf8mb3_general_ci;

-- --------------------------------------------------------

--
-- Table structure for table `o61cm_phocagallery_img_comments`
--

CREATE TABLE `o61cm_phocagallery_img_comments` (
  `id` int(11) NOT NULL,
  `imgid` int(11) NOT NULL DEFAULT 0,
  `userid` int(11) NOT NULL DEFAULT 0,
  `date` datetime NOT NULL DEFAULT '0000-00-00 00:00:00',
  `title` varchar(255) NOT NULL DEFAULT '',
  `alias` varchar(255) NOT NULL DEFAULT '',
  `comment` text DEFAULT NULL,
  `published` tinyint(1) NOT NULL DEFAULT 0,
  `checked_out` int(11) UNSIGNED NOT NULL DEFAULT 0,
  `checked_out_time` datetime NOT NULL DEFAULT '0000-00-00 00:00:00',
  `ordering` int(11) NOT NULL DEFAULT 0,
  `params` text DEFAULT NULL,
  `language` char(7) NOT NULL DEFAULT ''
) ENGINE=InnoDB DEFAULT CHARSET=utf8mb3 COLLATE=utf8mb3_general_ci;

-- --------------------------------------------------------

--
-- Table structure for table `o61cm_phocagallery_img_votes`
--

CREATE TABLE `o61cm_phocagallery_img_votes` (
  `id` int(11) NOT NULL,
  `imgid` int(11) NOT NULL DEFAULT 0,
  `userid` int(11) NOT NULL DEFAULT 0,
  `date` datetime NOT NULL DEFAULT '0000-00-00 00:00:00',
  `rating` tinyint(1) NOT NULL DEFAULT 0,
  `published` tinyint(1) NOT NULL DEFAULT 0,
  `checked_out` int(11) UNSIGNED NOT NULL DEFAULT 0,
  `checked_out_time` datetime NOT NULL DEFAULT '0000-00-00 00:00:00',
  `ordering` int(11) NOT NULL DEFAULT 0,
  `params` text DEFAULT NULL,
  `language` char(7) NOT NULL DEFAULT ''
) ENGINE=InnoDB DEFAULT CHARSET=utf8mb3 COLLATE=utf8mb3_general_ci;

-- --------------------------------------------------------

--
-- Table structure for table `o61cm_phocagallery_img_votes_statistics`
--

CREATE TABLE `o61cm_phocagallery_img_votes_statistics` (
  `id` int(11) NOT NULL,
  `imgid` int(11) NOT NULL DEFAULT 0,
  `count` int(11) NOT NULL DEFAULT 0,
  `average` float(8,6) NOT NULL DEFAULT 0.000000,
  `language` char(7) NOT NULL DEFAULT ''
) ENGINE=InnoDB DEFAULT CHARSET=utf8mb3 COLLATE=utf8mb3_general_ci;

-- --------------------------------------------------------

--
-- Table structure for table `o61cm_phocagallery_styles`
--

CREATE TABLE `o61cm_phocagallery_styles` (
  `id` int(11) NOT NULL,
  `title` varchar(255) NOT NULL DEFAULT '',
  `alias` varchar(255) NOT NULL DEFAULT '',
  `filename` varchar(255) NOT NULL DEFAULT '',
  `menulink` text DEFAULT NULL,
  `type` tinyint(1) NOT NULL DEFAULT 0,
  `published` tinyint(1) NOT NULL DEFAULT 0,
  `checked_out` int(11) UNSIGNED NOT NULL DEFAULT 0,
  `checked_out_time` datetime NOT NULL DEFAULT '0000-00-00 00:00:00',
  `ordering` int(11) NOT NULL DEFAULT 0,
  `params` text DEFAULT NULL,
  `language` char(7) NOT NULL DEFAULT ''
) ENGINE=InnoDB DEFAULT CHARSET=utf8mb3 COLLATE=utf8mb3_general_ci;

--
-- Dumping data for table `o61cm_phocagallery_styles`
--

INSERT INTO `o61cm_phocagallery_styles` (`id`, `title`, `alias`, `filename`, `menulink`, `type`, `published`, `checked_out`, `checked_out_time`, `ordering`, `params`, `language`) VALUES
(1, 'Phocagallery', 'phocagallery', 'phocagallery.css', '', 1, 1, 0, '0000-00-00 00:00:00', 1, NULL, '*'),
(2, 'Rating', '', 'rating.css', NULL, 1, 1, 0, '0000-00-00 00:00:00', 2, NULL, '*'),
(3, 'Default', '', 'default.css', NULL, 2, 1, 0, '0000-00-00 00:00:00', 3, NULL, '*');

-- --------------------------------------------------------

--
-- Table structure for table `o61cm_phocagallery_tags`
--

CREATE TABLE `o61cm_phocagallery_tags` (
  `id` int(11) NOT NULL,
  `title` varchar(255) NOT NULL DEFAULT '',
  `alias` varchar(255) NOT NULL DEFAULT '',
  `link_cat` int(11) NOT NULL DEFAULT 0,
  `link_ext` varchar(255) NOT NULL DEFAULT '',
  `description` text DEFAULT NULL,
  `published` tinyint(1) NOT NULL DEFAULT 0,
  `checked_out` int(11) UNSIGNED NOT NULL DEFAULT 0,
  `checked_out_time` datetime NOT NULL DEFAULT '0000-00-00 00:00:00',
  `ordering` int(11) NOT NULL DEFAULT 0,
  `params` text DEFAULT NULL,
  `language` char(7) NOT NULL DEFAULT ''
) ENGINE=InnoDB DEFAULT CHARSET=utf8mb3 COLLATE=utf8mb3_general_ci;

-- --------------------------------------------------------

--
-- Table structure for table `o61cm_phocagallery_tags_ref`
--

CREATE TABLE `o61cm_phocagallery_tags_ref` (
  `id` bigint(20) UNSIGNED NOT NULL,
  `imgid` int(11) NOT NULL DEFAULT 0,
  `tagid` int(11) NOT NULL DEFAULT 0
) ENGINE=InnoDB DEFAULT CHARSET=utf8mb3 COLLATE=utf8mb3_general_ci;

-- --------------------------------------------------------

--
-- Table structure for table `o61cm_phocagallery_user`
--

CREATE TABLE `o61cm_phocagallery_user` (
  `id` int(11) NOT NULL,
  `userid` int(11) NOT NULL DEFAULT 0,
  `avatar` varchar(40) NOT NULL DEFAULT '',
  `published` tinyint(1) NOT NULL DEFAULT 0,
  `approved` tinyint(1) NOT NULL DEFAULT 0,
  `checked_out` int(11) NOT NULL DEFAULT 0,
  `checked_out_time` datetime NOT NULL DEFAULT '0000-00-00 00:00:00',
  `ordering` int(11) NOT NULL DEFAULT 0,
  `params` text DEFAULT NULL,
  `language` char(7) NOT NULL DEFAULT ''
) ENGINE=InnoDB DEFAULT CHARSET=utf8mb3 COLLATE=utf8mb3_general_ci;

-- --------------------------------------------------------

--
-- Table structure for table `o61cm_phocagallery_votes`
--

CREATE TABLE `o61cm_phocagallery_votes` (
  `id` int(11) NOT NULL,
  `catid` int(11) NOT NULL DEFAULT 0,
  `userid` int(11) NOT NULL DEFAULT 0,
  `date` datetime NOT NULL DEFAULT '0000-00-00 00:00:00',
  `rating` tinyint(1) NOT NULL DEFAULT 0,
  `published` tinyint(1) NOT NULL DEFAULT 0,
  `checked_out` int(11) UNSIGNED NOT NULL DEFAULT 0,
  `checked_out_time` datetime NOT NULL DEFAULT '0000-00-00 00:00:00',
  `ordering` int(11) NOT NULL DEFAULT 0,
  `params` text DEFAULT NULL,
  `language` char(7) NOT NULL DEFAULT ''
) ENGINE=InnoDB DEFAULT CHARSET=utf8mb3 COLLATE=utf8mb3_general_ci;

-- --------------------------------------------------------

--
-- Table structure for table `o61cm_phocagallery_votes_statistics`
--

CREATE TABLE `o61cm_phocagallery_votes_statistics` (
  `id` int(11) NOT NULL,
  `catid` int(11) NOT NULL DEFAULT 0,
  `count` int(11) NOT NULL DEFAULT 0,
  `average` float(8,6) NOT NULL DEFAULT 0.000000,
  `language` char(7) NOT NULL DEFAULT ''
) ENGINE=InnoDB DEFAULT CHARSET=utf8mb3 COLLATE=utf8mb3_general_ci;

-- --------------------------------------------------------

--
-- Table structure for table `o61cm_postinstall_messages`
--

CREATE TABLE `o61cm_postinstall_messages` (
  `postinstall_message_id` bigint(20) UNSIGNED NOT NULL,
  `extension_id` bigint(20) NOT NULL DEFAULT 700 COMMENT 'FK to #__extensions',
  `title_key` varchar(255) NOT NULL DEFAULT '' COMMENT 'Lang key for the title',
  `description_key` varchar(255) NOT NULL DEFAULT '' COMMENT 'Lang key for description',
  `action_key` varchar(255) NOT NULL DEFAULT '',
  `language_extension` varchar(255) NOT NULL DEFAULT 'com_postinstall' COMMENT 'Extension holding lang keys',
  `language_client_id` tinyint(3) NOT NULL DEFAULT 1,
  `type` varchar(10) NOT NULL DEFAULT 'link' COMMENT 'Message type - message, link, action',
  `action_file` varchar(255) DEFAULT '' COMMENT 'RAD URI to the PHP file containing action method',
  `action` varchar(255) DEFAULT '' COMMENT 'Action method name or URL',
  `condition_file` varchar(255) DEFAULT NULL COMMENT 'RAD URI to file holding display condition method',
  `condition_method` varchar(255) DEFAULT NULL COMMENT 'Display condition method, must return boolean',
  `version_introduced` varchar(50) NOT NULL DEFAULT '3.2.0' COMMENT 'Version when this message was introduced',
  `enabled` tinyint(3) NOT NULL DEFAULT 1
) ENGINE=InnoDB DEFAULT CHARSET=utf8mb4 COLLATE=utf8mb4_unicode_ci;

--
-- Dumping data for table `o61cm_postinstall_messages`
--

INSERT INTO `o61cm_postinstall_messages` (`postinstall_message_id`, `extension_id`, `title_key`, `description_key`, `action_key`, `language_extension`, `language_client_id`, `type`, `action_file`, `action`, `condition_file`, `condition_method`, `version_introduced`, `enabled`) VALUES
(3, 700, 'COM_CPANEL_WELCOME_BEGINNERS_TITLE', 'COM_CPANEL_WELCOME_BEGINNERS_MESSAGE', '', 'com_cpanel', 1, 'message', '', '', '', '', '3.2.0', 1),
(7, 700, 'COM_CPANEL_MSG_ROBOTS_TITLE', 'COM_CPANEL_MSG_ROBOTS_BODY', '', 'com_cpanel', 1, 'message', '', '', '', '', '3.3.0', 1),
(8, 700, 'COM_CPANEL_MSG_LANGUAGEACCESS340_TITLE', 'COM_CPANEL_MSG_LANGUAGEACCESS340_BODY', '', 'com_cpanel', 1, 'message', '', '', 'admin://components/com_admin/postinstall/languageaccess340.php', 'admin_postinstall_languageaccess340_condition', '3.4.1', 1),
(9, 700, 'COM_CPANEL_MSG_STATS_COLLECTION_TITLE', 'COM_CPANEL_MSG_STATS_COLLECTION_BODY', '', 'com_cpanel', 1, 'message', '', '', 'admin://components/com_admin/postinstall/statscollection.php', 'admin_postinstall_statscollection_condition', '3.5.0', 1),
(15, 700, 'COM_ACTIONLOGS_POSTINSTALL_TITLE', 'COM_ACTIONLOGS_POSTINSTALL_BODY', '', 'com_actionlogs', 1, 'message', '', '', '', '', '3.9.0', 1),
(16, 700, 'COM_PRIVACY_POSTINSTALL_TITLE', 'COM_PRIVACY_POSTINSTALL_BODY', '', 'com_privacy', 1, 'message', '', '', '', '', '3.9.0', 1),
(17, 700, 'COM_CPANEL_MSG_ADDNOSNIFF_TITLE', 'COM_CPANEL_MSG_ADDNOSNIFF_BODY', '', 'com_cpanel', 1, 'message', '', '', 'admin://components/com_admin/postinstall/addnosniff.php', 'admin_postinstall_addnosniff_condition', '3.9.3', 1),
(18, 700, 'COM_CPANEL_MSG_TEXTFILTER3919_TITLE', 'COM_CPANEL_MSG_TEXTFILTER3919_BODY', '', 'com_cpanel', 1, 'message', '', '', 'admin://components/com_admin/postinstall/textfilter3919.php', 'admin_postinstall_textfilter3919_condition', '3.9.19', 1),
(19, 700, 'COM_CPANEL_MSG_HTACCESSSVG_TITLE', 'COM_CPANEL_MSG_HTACCESSSVG_BODY', '', 'com_cpanel', 1, 'message', '', '', 'admin://components/com_admin/postinstall/htaccesssvg.php', 'admin_postinstall_htaccesssvg_condition', '3.9.21', 1),
(20, 700, 'COM_ADMIN_POSTINSTALL_MSG_HTACCESS_AUTOINDEX_TITLE', 'COM_ADMIN_POSTINSTALL_MSG_HTACCESS_AUTOINDEX_DESCRIPTION', '', 'com_admin', 1, 'message', '', '', NULL, NULL, '3.9.22', 1),
(21, 700, 'COM_ADMIN_POSTINSTALL_MSG_BEHIND_LOAD_BALANCER_TITLE', 'COM_ADMIN_POSTINSTALL_MSG_BEHIND_LOAD_BALANCER_DESCRIPTION', 'COM_ADMIN_POSTINSTALL_MSG_BEHIND_LOAD_BALANCER_ACTION', 'com_admin', 1, 'action', 'admin://components/com_admin/postinstall/behindproxy.php', 'behindproxy_postinstall_action', 'admin://components/com_admin/postinstall/behindproxy.php', 'admin_postinstall_behindproxy_condition', '3.9.26', 1),
(23, 700, 'PLG_SYSTEM_HTTPHEADERS_POSTINSTALL_INTRODUCTION_TITLE', 'PLG_SYSTEM_HTTPHEADERS_POSTINSTALL_INTRODUCTION_BODY', 'PLG_SYSTEM_HTTPHEADERS_POSTINSTALL_INTRODUCTION_ACTION', 'plg_system_httpheaders', 1, 'action', 'site://plugins/system/httpheaders/postinstall/introduction.php', 'httpheaders_postinstall_action', 'site://plugins/system/httpheaders/postinstall/introduction.php', 'httpheaders_postinstall_condition', '4.0.0', 1),
(24, 700, 'COM_USERS_POSTINSTALL_MULTIFACTORAUTH_TITLE', 'COM_USERS_POSTINSTALL_MULTIFACTORAUTH_BODY', 'COM_USERS_POSTINSTALL_MULTIFACTORAUTH_ACTION', 'com_users', 1, 'action', 'admin://components/com_users/postinstall/multifactorauth.php', 'com_users_postinstall_mfa_action', 'admin://components/com_users/postinstall/multifactorauth.php', 'com_users_postinstall_mfa_condition', '4.2.0', 1),
(25, 700, 'COM_ADMIN_POSTINSTALL_MSG_HTACCESS_SETCE_TITLE', 'COM_ADMIN_POSTINSTALL_MSG_HTACCESS_SETCE_DESCRIPTION', '', 'com_admin', 1, 'message', '', '', 'admin://components/com_admin/postinstall/htaccesssetce.php', 'admin_postinstall_htaccesssetce_condition', '4.2.9', 1),
(26, 700, 'COM_ADMIN_POSTINSTALL_MSG_HTACCESS_BROTLI_TITLE', 'COM_ADMIN_POSTINSTALL_MSG_HTACCESS_BROTLI_DESCRIPTION', '', 'com_admin', 1, 'message', '', '', 'admin://components/com_admin/postinstall/htaccessbrotli.php', 'admin_postinstall_htaccessbrotli_condition', '4.4.4', 1);

-- --------------------------------------------------------

--
-- Table structure for table `o61cm_privacy_consents`
--

CREATE TABLE `o61cm_privacy_consents` (
  `id` int(10) UNSIGNED NOT NULL,
  `user_id` int(10) UNSIGNED NOT NULL DEFAULT 0,
  `state` int(11) NOT NULL DEFAULT 1,
  `created` datetime NOT NULL,
  `subject` varchar(255) NOT NULL DEFAULT '',
  `body` text NOT NULL,
  `remind` tinyint(4) NOT NULL DEFAULT 0,
  `token` varchar(100) NOT NULL DEFAULT ''
) ENGINE=InnoDB DEFAULT CHARSET=utf8mb4 COLLATE=utf8mb4_unicode_ci;

-- --------------------------------------------------------

--
-- Table structure for table `o61cm_privacy_requests`
--

CREATE TABLE `o61cm_privacy_requests` (
  `id` int(10) UNSIGNED NOT NULL,
  `email` varchar(100) NOT NULL DEFAULT '',
  `requested_at` datetime NOT NULL,
  `status` tinyint(4) NOT NULL DEFAULT 0,
  `request_type` varchar(25) NOT NULL DEFAULT '',
  `confirm_token` varchar(100) NOT NULL DEFAULT '',
  `confirm_token_created_at` datetime DEFAULT NULL
) ENGINE=InnoDB DEFAULT CHARSET=utf8mb4 COLLATE=utf8mb4_unicode_ci;

-- --------------------------------------------------------

--
-- Table structure for table `o61cm_redirect_links`
--

CREATE TABLE `o61cm_redirect_links` (
  `id` int(10) UNSIGNED NOT NULL,
  `old_url` varchar(2048) NOT NULL,
  `new_url` varchar(2048) DEFAULT NULL,
  `referer` varchar(2048) NOT NULL,
  `comment` varchar(255) NOT NULL DEFAULT '',
  `hits` int(10) UNSIGNED NOT NULL DEFAULT 0,
  `published` tinyint(4) NOT NULL,
  `created_date` datetime NOT NULL,
  `modified_date` datetime NOT NULL,
  `header` smallint(3) NOT NULL DEFAULT 301
) ENGINE=InnoDB DEFAULT CHARSET=utf8mb4 COLLATE=utf8mb4_unicode_ci;

-- --------------------------------------------------------

--
-- Table structure for table `o61cm_rsfirewall_configuration`
--

CREATE TABLE `o61cm_rsfirewall_configuration` (
  `name` varchar(255) NOT NULL,
  `value` text NOT NULL,
  `type` varchar(16) NOT NULL
) ENGINE=InnoDB DEFAULT CHARSET=utf8mb3 COLLATE=utf8mb3_general_ci;

--
-- Dumping data for table `o61cm_rsfirewall_configuration`
--

INSERT INTO `o61cm_rsfirewall_configuration` (`name`, `value`, `type`) VALUES
('abusive_ips', '0', 'int'),
('active_scanner_status', '1', 'int'),
('active_scanner_status_backend', '1', 'int'),
('admin_users', '858\n855\n859\n857', 'array-int'),
('autoban_attempts', '10', 'int'),
('backend_captcha', '3', 'int'),
('backend_password', '5b507120432ecdb3767f44e627b23096', 'text'),
('backend_password_enabled', '0', 'int'),
('blocked_countries', '', 'array-text'),
('capture_backend_login', '1', 'int'),
('capture_backend_password', '1', 'int'),
('check_proxy_ip_headers', 'HTTP_X_REAL_IP\nHTTP_CLIENT_IP\nHTTP_TRUE_CLIENT_IP\nHTTP_X_FWD_IP_ADDR\nHTTP_X_FORWARDED_FOR\nHTTP_X_FORWARDED\nHTTP_FORWARDED_FOR\nHTTP_FORWARDED\nHTTP_VIA\nHTTP_X_COMING_FROM\nHTTP_COMING_FROM', 'array-text'),
('code', '', 'text'),
('deny_referer', '', 'text'),
('disable_installer', '0', 'int'),
('disable_new_admin_users', '0', 'int'),
('enable_autoban', '0', 'int'),
('enable_autoban_login', '0', 'int'),
('enable_backend_captcha', '0', 'int'),
('enable_extra_logging', '0', 'int'),
('enable_js_for', 'post', 'array-text'),
('enable_php_for', 'get', 'array-text'),
('enable_sql_for', 'get', 'array-text'),
('file_permissions', '644', 'int'),
('filter_js', '1', 'int'),
('filter_uploads', '1', 'int'),
('folder_permissions', '755', 'int'),
('google_safebrowsing_api_key', '', 'text'),
('grade', '84', 'int'),
('ipv4_whois', 'http://whois.domaintools.com/{ip}', 'text'),
('ipv6_whois', '', 'text'),
('lfi', '1', 'int'),
('log_alert_level', '', 'array-text'),
('log_emails', 'support@altfa.com.my', 'text'),
('log_emails_count', '0', 'int'),
('log_emails_send_after', '0', 'int'),
('log_history', '30', 'int'),
('log_hour_limit', '50', 'int'),
('log_overview', '5', 'int'),
('log_system_check', '0', 'int'),
('monitor_core', '1', 'int'),
('monitor_users', '855', 'array-int'),
('offset', '300', 'int'),
('request_timeout', '0', 'int'),
('rfi', '1', 'int'),
('system_check_last_run', '2023-04-25 05:39:07', 'text'),
('verify_agents', 'perl\ncurl\njava', 'array-text'),
('verify_emails', '0', 'int'),
('verify_generator', '1', 'int'),
('verify_multiple_exts', '1', 'int'),
('verify_upload', '1', 'int'),
('verify_upload_blacklist_exts', 'php\r\njs\r\nexe\r\ncom\r\nbat\r\ncmd\r\nmp3', 'text');

-- --------------------------------------------------------

--
-- Table structure for table `o61cm_rsfirewall_exceptions`
--

CREATE TABLE `o61cm_rsfirewall_exceptions` (
  `id` int(11) NOT NULL,
  `type` varchar(4) NOT NULL,
  `regex` tinyint(1) NOT NULL,
  `match` text NOT NULL,
  `php` tinyint(1) NOT NULL,
  `sql` tinyint(1) NOT NULL,
  `js` tinyint(1) NOT NULL,
  `uploads` tinyint(1) NOT NULL,
  `reason` text NOT NULL,
  `date` datetime NOT NULL,
  `published` tinyint(1) NOT NULL
) ENGINE=InnoDB DEFAULT CHARSET=utf8mb3 COLLATE=utf8mb3_general_ci;

-- --------------------------------------------------------

--
-- Table structure for table `o61cm_rsfirewall_feeds`
--

CREATE TABLE `o61cm_rsfirewall_feeds` (
  `id` int(11) NOT NULL,
  `url` text NOT NULL,
  `limit` tinyint(4) NOT NULL,
  `ordering` int(11) NOT NULL,
  `published` tinyint(1) NOT NULL
) ENGINE=InnoDB DEFAULT CHARSET=utf8mb3 COLLATE=utf8mb3_general_ci;

--
-- Dumping data for table `o61cm_rsfirewall_feeds`
--

INSERT INTO `o61cm_rsfirewall_feeds` (`id`, `url`, `limit`, `ordering`, `published`) VALUES
(1, 'http://feeds.joomla.org/JoomlaSecurityNews', 5, 1, 0);

-- --------------------------------------------------------

--
-- Table structure for table `o61cm_rsfirewall_hashes`
--

CREATE TABLE `o61cm_rsfirewall_hashes` (
  `id` int(11) NOT NULL,
  `file` text NOT NULL,
  `hash` varchar(32) NOT NULL,
  `type` varchar(64) NOT NULL,
  `flag` varchar(1) NOT NULL,
  `date` varchar(255) NOT NULL
) ENGINE=InnoDB DEFAULT CHARSET=utf8mb3 COLLATE=utf8mb3_general_ci;

--
-- Dumping data for table `o61cm_rsfirewall_hashes`
--

INSERT INTO `o61cm_rsfirewall_hashes` (`id`, `file`, `hash`, `type`, `flag`, `date`) VALUES
(245, 'plugins/user/joomla/joomla.php', 'b4298c487c39049b75b7fbc850d257e7', '3.6.5', '', ''),
(246, 'plugins/authentication/joomla/joomla.php', 'be501cde062a42d7438844318aa1cc79', '3.6.5', '', ''),
(247, 'index.php', '62f6043c7172b6594e55a46596df31ef', '3.6.5', '', ''),
(248, 'administrator/index.php', '9d2c9e0162bd32442a843f9633142d41', '3.6.5', 'C', '2017-09-29 07:43:20');

-- --------------------------------------------------------

--
-- Table structure for table `o61cm_rsfirewall_ignored`
--

CREATE TABLE `o61cm_rsfirewall_ignored` (
  `path` text NOT NULL,
  `type` varchar(255) NOT NULL
) ENGINE=InnoDB DEFAULT CHARSET=utf8mb3 COLLATE=utf8mb3_general_ci;

-- --------------------------------------------------------

--
-- Table structure for table `o61cm_rsfirewall_lists`
--

CREATE TABLE `o61cm_rsfirewall_lists` (
  `id` int(11) NOT NULL,
  `ip` varchar(255) NOT NULL,
  `type` tinyint(1) NOT NULL,
  `reason` varchar(255) NOT NULL,
  `date` datetime NOT NULL,
  `published` tinyint(1) NOT NULL
) ENGINE=InnoDB DEFAULT CHARSET=utf8mb3 COLLATE=utf8mb3_general_ci;

--
-- Dumping data for table `o61cm_rsfirewall_lists`
--

INSERT INTO `o61cm_rsfirewall_lists` (`id`, `ip`, `type`, `reason`, `date`, `published`) VALUES
(1, '91.223.133.37', 0, '', '2017-04-06 07:05:29', 1),
(2, '50.202.188.22', 0, '', '2020-08-11 03:31:03', 1),
(3, '54.90.4.152', 0, '', '2020-08-11 03:31:07', 1),
(5, '109.232.227.149', 0, '', '2020-08-11 03:31:28', 1),
(6, '142.93.233.139', 0, '', '2020-08-11 03:32:00', 1),
(7, '198.46.189.163', 0, '', '2020-08-11 03:34:22', 1),
(8, '51.210.161.22', 0, '', '2020-08-11 03:34:35', 1),
(9, '69.16.196.58', 0, '', '2020-09-14 04:53:11', 1),
(10, '51.91.151.69', 0, '', '2020-09-14 04:53:24', 1),
(11, '51.91.151.69', 0, '', '2020-09-14 04:53:23', 1),
(12, '51.91.151.69', 0, '', '2020-09-14 04:53:23', 1),
(13, '185.206.225.59', 0, '', '2020-09-14 04:55:01', 1),
(15, '2404:160:8024:ec4f:892:1574:19d:a640', 0, '', '2020-10-05 06:38:56', 1),
(16, '185.114.225.86', 0, '', '2020-10-15 03:37:08', 1),
(17, '14.160.26.223', 0, '', '2020-10-20 02:38:19', 1),
(18, '113.190.234.79', 0, '', '2020-10-20 02:38:34', 1),
(19, '45.146.165.184', 0, '', '2020-11-02 06:48:54', 1),
(20, '68.183.101.85', 0, '', '2020-11-11 07:26:24', 1),
(21, '113.161.170.178', 0, '', '2020-11-11 07:27:03', 1),
(22, '113.161.170.182', 0, '', '2020-11-11 07:27:23', 1),
(23, '113.161.170.180', 0, '', '2020-11-11 07:27:28', 1),
(24, '34.223.111.219', 0, '', '2020-11-11 07:27:47', 1),
(25, '2804:d4b:6993:3a00:e0e5:be7:731e:80c6', 0, '', '2020-11-11 07:28:09', 1),
(26, '187.40.28.42', 0, '', '2020-11-11 07:28:26', 1),
(27, '45.147.197.216', 0, '', '2020-11-11 07:29:05', 1),
(28, '62.108.37.119', 0, '', '2020-11-18 03:34:03', 1),
(29, '168.235.81.81', 0, '', '2020-11-23 07:12:24', 1),
(30, '163.172.226.30', 0, '', '2020-11-23 07:12:44', 1),
(31, '139.59.5.179', 0, '', '2020-12-16 02:17:39', 1),
(32, '47.102.149.147', 0, '', '2020-12-16 02:17:44', 1),
(33, '82.165.117.55', 0, '', '2020-12-16 02:22:23', 1),
(34, '91.241.19.236', 0, '', '2020-12-16 02:23:01', 1),
(35, '2a03:4d40:1337:1:f816:3eff:fe57:61a6', 0, '', '2020-12-16 02:23:27', 1),
(36, '193.27.228.86', 0, '', '2020-12-16 02:24:39', 1),
(37, '103.67.235.76', 0, '', '2020-12-16 02:25:31', 1),
(38, '157.245.210.164', 0, '', '2020-12-16 02:25:52', 1),
(39, '52.142.43.31', 0, '', '2020-12-16 02:26:39', 1),
(40, '23.96.56.89', 0, '', '2020-12-16 02:26:54', 1),
(41, '18.184.166.98', 0, '', '2020-12-16 02:27:23', 1),
(42, '52.188.202.111', 0, '', '2020-12-16 02:27:42', 1),
(43, '52.161.150.183', 0, '', '2020-12-21 07:25:06', 1),
(44, '2804:d4b:69e9:6400:8598:74a9:1371:97bc', 0, '', '2021-01-13 04:22:02', 1),
(45, '123.56.129.67', 0, '', '2021-01-13 04:22:13', 1),
(46, '2804:d4b:6931:ba00:c403:9cd4:195f:2c9a', 0, '', '2021-01-13 04:45:56', 1),
(47, '52.14.150.226', 0, '', '2021-01-13 04:46:05', 1),
(48, '34.229.89.58', 0, '', '2021-01-13 04:46:12', 1),
(49, '104.192.2.126', 0, '', '2021-01-13 04:46:20', 1),
(50, '204.11.58.87', 0, '', '2021-01-13 04:46:31', 1),
(51, '52.173.184.147', 0, '', '2021-01-13 04:46:34', 1),
(52, '217.171.147.164', 0, '', '2021-06-01 16:15:52', 1),
(53, '82.165.59.181', 0, '', '2021-06-01 16:16:15', 1),
(54, '164.132.177.1', 0, '', '2021-07-12 00:57:35', 1),
(55, '91.218.15.59', 0, '', '2021-07-12 00:58:10', 1),
(56, '185.53.89.191', 0, '', '2021-08-17 00:44:01', 1),
(57, '47.252.4.97', 0, '', '2021-08-17 00:44:09', 1),
(58, '40.117.100.170', 0, '', '2021-08-17 00:44:18', 1),
(59, '5.188.211.26', 0, '', '2021-08-17 00:44:48', 1),
(60, '51.103.84.174', 0, '', '2021-08-17 00:44:54', 1),
(61, '20.88.41.13', 0, '', '2021-08-17 00:45:02', 1),
(62, '185.77.221.227', 0, '', '2021-08-23 17:12:47', 1),
(63, '5.62.57.54', 0, '', '2021-08-23 17:13:30', 1),
(64, '188.124.42.103', 0, '', '2021-09-03 08:55:42', 1),
(65, '188.124.42.107', 0, '', '2021-09-03 08:56:03', 1),
(66, '188.124.42.105', 0, '', '2021-09-03 08:56:08', 1),
(67, '188.143.232.14', 0, '', '2021-10-07 14:53:11', 1),
(68, '203.106.151.86', 0, '', '2021-10-07 14:53:17', 1),
(69, '5.188.211.15', 0, '', '2021-11-18 06:33:43', 1),
(70, '202.184.31.137', 0, '', '2021-11-18 06:33:48', 1),
(71, '185.250.240.94', 0, '', '2021-11-18 06:34:12', 1),
(72, '141.101.77.173', 0, '', '2021-11-18 06:34:42', 1),
(73, '141.101.77.90', 0, '', '2021-11-18 06:34:46', 1),
(74, '172.69.182.173', 0, '', '2021-11-18 06:35:03', 1),
(75, '162.158.111.86', 0, '', '2021-11-18 06:35:20', 1),
(76, '141.101.104.16', 0, '', '2021-11-18 06:36:02', 1),
(77, '141.101.77.198', 0, '', '2021-11-18 06:36:08', 1),
(78, '37.49.230.92', 0, '', '2021-11-18 06:36:29', 1),
(79, '193.169.254.211', 0, '', '2021-12-15 08:27:38', 1),
(80, '2001:d08:e0:2c8b:a8e7:f942:2d32:7417', 0, '', '2021-12-15 08:28:42', 1),
(81, '52.255.139.21', 0, '', '2021-12-15 08:28:48', 1),
(82, '20.29.59.111', 0, '', '2022-06-15 04:22:10', 1),
(83, '202.184.32.90', 0, '', '2022-06-15 04:22:34', 1),
(84, '45.55.55.205', 0, '', '2022-06-15 04:22:53', 1),
(85, '217.160.145.62', 0, '', '2022-06-15 04:23:01', 1),
(86, '35.187.231.172', 0, '', '2022-07-21 03:55:05', 1),
(87, '104.208.82.109', 0, '', '2022-07-21 03:55:13', 1),
(88, '20.5.69.178', 0, '', '2022-07-21 03:55:22', 1),
(89, '20.239.49.214', 0, '', '2022-07-21 03:55:29', 1),
(90, '20.205.106.122', 0, '', '2022-07-21 03:55:38', 1),
(91, '52.140.202.25', 0, '', '2022-07-21 03:55:42', 1),
(92, '155.94.222.53', 0, '', '2022-09-07 07:26:25', 1),
(93, '91.230.225.44', 0, '', '2022-10-18 07:29:08', 1),
(94, '20.213.167.39', 0, '', '2022-10-18 07:29:14', 1),
(95, '20.77.49.95', 0, '', '2022-10-28 07:24:17', 1),
(96, '20.83.163.196', 0, '', '2022-10-28 07:24:29', 1),
(97, '185.192.70.49', 0, '', '2022-12-12 09:05:00', 1),
(98, '173.239.236.5', 0, '', '2022-12-12 09:05:14', 1),
(99, '20.254.131.238', 0, '', '2022-12-12 09:05:18', 1),
(100, '91.207.57.151', 0, '', '2023-01-20 02:24:31', 1),
(101, '213.226.123.153', 0, '', '2023-01-20 02:24:37', 1),
(102, '1.196.84.189', 0, '', '2023-01-20 02:24:47', 1),
(103, '185.191.171.6', 0, '', '2023-05-08 07:57:51', 1),
(104, '185.191.171.39', 0, '', '2023-05-08 07:57:55', 1),
(105, '185.191.171.10', 0, '', '2023-05-08 07:57:57', 1),
(106, '185.191.171.17', 0, '', '2023-05-08 07:58:01', 1),
(107, '185.191.171.41', 0, '', '2023-05-08 07:58:05', 1),
(108, '185.191.171.35', 0, '', '2023-05-08 07:58:10', 1),
(109, '185.191.171.42', 0, '', '2023-05-08 07:58:12', 1),
(110, '185.191.171.11', 0, '', '2023-05-08 07:58:14', 1),
(111, '185.191.171.8', 0, '', '2023-05-08 07:58:15', 1),
(112, '185.191.171.38', 0, '', '2023-05-08 07:58:18', 1),
(113, '185.191.171.5', 0, '', '2023-05-08 07:58:19', 1),
(114, '185.191.171.12', 0, '', '2023-05-08 07:58:21', 1),
(115, '185.191.171.20', 0, '', '2023-05-08 07:58:23', 1),
(116, '185.191.171.26', 0, '', '2023-05-08 07:58:26', 1),
(117, '185.191.171.24', 0, '', '2023-05-08 07:58:27', 1),
(118, '185.191.171.44', 0, '', '2023-05-08 07:58:30', 1),
(119, '185.191.171.2', 0, '', '2023-05-08 07:58:31', 1),
(120, '185.191.171.16', 0, '', '2023-05-08 07:58:32', 1),
(121, '185.191.171.4', 0, '', '2023-05-08 07:58:41', 1),
(122, '185.191.171.9', 0, '', '2023-05-08 07:58:42', 1),
(123, '185.191.171.18', 0, '', '2023-05-08 07:58:44', 1),
(124, '185.191.171.37', 0, '', '2023-05-08 07:58:47', 1),
(125, '185.191.171.14', 0, '', '2023-05-08 07:58:48', 1),
(126, '185.191.171.25', 0, '', '2023-05-08 07:58:50', 1),
(127, '185.191.171.40', 0, '', '2023-05-08 07:58:55', 1),
(128, '185.191.171.15', 0, '', '2023-05-08 07:59:34', 1),
(129, '185.191.171.19', 0, '', '2023-05-08 07:59:35', 1),
(130, '185.191.171.21', 0, '', '2023-05-08 07:59:37', 1),
(131, '185.191.171.22', 0, '', '2023-05-08 07:59:39', 1),
(132, '185.191.171.3', 0, '', '2023-05-08 07:59:41', 1),
(133, '185.191.171.33', 0, '', '2023-05-08 07:59:43', 1),
(134, '185.191.171.13', 0, '', '2023-05-08 07:59:47', 1),
(135, '185.191.171.34', 0, '', '2023-05-08 07:59:48', 1),
(136, '85.208.96.205', 0, '', '2023-10-03 02:54:58', 1),
(137, '218.208.110.98', 0, '', '2023-10-03 02:55:02', 1),
(138, '85.208.96.203', 0, '', '2023-10-03 02:55:06', 1),
(139, '149.202.82.172', 0, '', '2023-10-03 02:55:10', 1),
(140, '85.208.96.208', 0, '', '2023-10-31 02:49:02', 1),
(141, '145.239.1.100', 0, '', '2023-10-31 02:49:05', 1),
(142, '89.187.168.89', 0, '', '2023-10-31 02:49:49', 1),
(143, '146.70.81.150', 0, '', '2023-10-31 02:52:03', 1),
(144, '85.208.96.212', 0, '', '2023-10-31 02:52:07', 1),
(145, '85.208.96.196', 0, '', '2023-11-06 04:25:12', 1),
(146, '92.204.133.157', 0, '', '2024-03-29 08:12:56', 1),
(147, '185.244.153.241', 0, '', '2024-06-24 07:43:03', 1),
(148, '15.204.207.175', 0, '', '2024-06-24 07:43:14', 1),
(149, '200.201.233.155', 0, '', '2024-06-24 07:43:16', 1),
(150, '138.36.29.209', 0, '', '2024-06-24 07:43:21', 1),
(151, '51.79.205.99', 0, '', '2024-07-18 03:43:58', 1),
(152, '162.158.162.192', 0, '', '2024-07-18 09:17:10', 1),
(153, '162.158.106.216', 0, '', '2024-07-18 09:17:21', 1),
(154, '172.70.188.38', 0, '', '2024-07-18 09:17:26', 1),
(155, '172.70.142.87', 0, '', '2024-07-18 09:17:32', 1),
(156, '172.70.142.86', 0, '', '2024-07-18 09:17:39', 1),
(157, '162.158.106.215', 0, '', '2024-07-18 09:17:45', 1),
(158, '172.70.188.99', 0, '', '2024-07-18 09:17:48', 1),
(159, '172.70.188.98', 0, '', '2024-07-18 09:17:51', 1),
(160, '162.158.163.226', 0, '', '2024-07-18 09:17:58', 1),
(161, '162.158.189.14', 0, '', '2024-07-18 09:18:02', 1),
(162, '162.158.170.253', 0, '', '2024-07-18 09:18:06', 1),
(163, '172.71.81.252', 0, '', '2024-07-18 09:18:09', 1),
(164, '162.158.106.214', 0, '', '2024-07-18 09:18:13', 1),
(165, '162.158.162.193', 0, '', '2024-07-18 09:18:22', 1),
(166, '172.69.165.46', 0, '', '2024-07-18 09:18:26', 1),
(167, '108.162.226.94', 0, '', '2024-07-18 09:18:29', 1),
(168, '172.70.142.206', 0, '', '2024-07-18 09:18:35', 1),
(169, '172.70.188.186', 0, '', '2024-07-18 09:18:39', 1),
(170, '162.158.170.252', 0, '', '2024-07-18 09:18:43', 1),
(171, '162.158.189.15', 0, '', '2024-07-18 09:18:48', 1),
(172, '172.70.92.232', 0, '', '2024-07-18 09:18:51', 1),
(173, '162.158.170.185', 0, '', '2024-07-18 09:18:54', 1),
(174, '172.70.188.187', 0, '', '2024-07-18 09:19:02', 1),
(175, '108.162.226.95', 0, '', '2024-07-18 09:19:05', 1),
(176, '162.158.163.225', 0, '', '2024-07-18 09:19:10', 1),
(177, '172.71.81.251', 0, '', '2024-07-18 09:19:14', 1),
(178, '172.69.165.47', 0, '', '2024-07-18 09:19:17', 1),
(179, '162.158.106.217', 0, '', '2024-07-18 09:19:21', 1),
(181, '172.70.188.39', 0, '', '2024-07-18 09:21:54', 1),
(182, '152.42.236.74', 0, '', '2024-08-28 01:33:26', 1),
(183, '209.146.124.224', 0, '', '2024-09-05 01:33:16', 1),
(184, '118.107.9.17', 0, '', '2024-09-17 07:59:21', 1),
(185, '141.98.10.151', 0, '', '2024-09-17 07:59:36', 1),
(186, '104.28.222.73', 0, '', '2024-09-17 07:59:54', 1),
(187, '111.67.101.180', 0, '', '2024-10-03 04:06:47', 1),
(188, '175.142.202.240', 0, '', '2024-10-03 04:06:52', 1),
(189, '137.220.205.28', 0, '', '2024-10-21 01:43:17', 1),
(190, '143.198.81.78', 0, '', '2024-10-21 01:44:55', 1),
(191, '159.89.206.213', 0, '', '2024-10-21 01:45:01', 1),
(192, '175.138.94.46', 0, '', '2024-10-21 01:45:04', 1),
(193, '128.1.57.69', 0, '', '2024-11-19 01:51:04', 1),
(194, '115.134.138.205', 0, '', '2024-11-19 01:51:10', 1),
(195, '38.60.195.136', 0, '', '2024-11-19 01:51:16', 1),
(196, '144.126.157.147', 0, '', '2024-11-19 01:51:20', 1),
(197, '180.74.226.97', 0, '', '2024-11-19 01:51:26', 1),
(198, '154.201.4.6', 0, '', '2025-02-05 04:39:42', 1),
(199, '38.60.194.252', 0, '', '2025-02-05 04:39:47', 1),
(200, '152.42.160.65', 0, '', '2025-02-05 04:39:52', 1),
(201, '175.143.122.111', 0, '', '2025-02-05 04:39:55', 1),
(202, '206.238.196.225', 0, '', '2025-02-05 04:39:59', 1),
(203, '205.185.120.158', 0, '', '2025-02-05 04:40:04', 1),
(204, '14.1.246.220', 0, '', '2025-02-11 01:21:08', 1),
(205, '175.143.91.3', 0, '', '2025-02-11 01:21:39', 1),
(206, '103.116.47.14', 0, '', '2025-02-11 01:21:47', 1),
(207, '67.211.213.61', 0, '', '2025-02-11 01:21:52', 1),
(208, '41.216.188.18', 0, '', '2025-06-17 08:13:44', 1),
(209, '116.96.44.197', 0, '', '2025-06-17 08:14:17', 1),
(210, '43.133.109.196', 0, '', '2025-06-17 08:14:19', 1),
(211, '43.128.208.225', 0, '', '2025-06-17 08:14:24', 1),
(212, '43.133.105.82', 0, '', '2025-06-17 08:14:31', 1),
(213, '43.152.228.126', 0, '', '2025-06-17 08:14:35', 1),
(214, '43.133.117.214', 0, '', '2025-06-17 08:14:37', 1),
(215, '43.133.104.227', 0, '', '2025-06-17 08:14:40', 1),
(216, '43.152.227.73', 0, '', '2025-06-17 08:14:46', 1),
(217, '60.48.106.138', 0, '', '2025-06-17 08:14:52', 1),
(218, '15.235.228.39', 0, '', '2025-07-01 02:20:51', 1);

-- --------------------------------------------------------

--
-- Table structure for table `o61cm_rsfirewall_logs`
--

CREATE TABLE `o61cm_rsfirewall_logs` (
  `id` int(11) NOT NULL,
  `level` enum('low','medium','high','critical') NOT NULL,
  `date` datetime NOT NULL,
  `ip` varchar(255) NOT NULL,
  `user_id` int(11) NOT NULL,
  `username` varchar(255) NOT NULL,
  `page` text NOT NULL,
  `referer` text NOT NULL,
  `code` varchar(255) NOT NULL,
  `debug_variables` text NOT NULL
) ENGINE=InnoDB DEFAULT CHARSET=utf8mb3 COLLATE=utf8mb3_general_ci;

--
-- Dumping data for table `o61cm_rsfirewall_logs`
--

INSERT INTO `o61cm_rsfirewall_logs` (`id`, `level`, `date`, `ip`, `user_id`, `username`, `page`, `referer`, `code`, `debug_variables`) VALUES
(37332, 'medium', '2025-08-25 00:02:33', '147.93.157.244', 0, '', 'https://mahsyariahmelaka.gov.my/index.php/ms/', '', 'DANGEROUS_USER_AGENT', 'User agent: }__test|O:21:\"JDatabaseDriverMysqli\":3:{s:2:\"fc\";O:17:\"JSimplepieFactory\":0:{}s:21:\"\\0\\0\\0disconnectHandlers\";a:1:{i:0;a:2:{i:0;O:9:\"SimplePie\":5:{s:8:\"sanitize\";O:20:\"JDatabaseDriverMysql\":0:{}s:8:\"feed_url\";s:5946:\"eval(base64_decode(\'[encoded data, 5896 characters]\'));JFactory::getConfig();exit\";s:19:\"cache_name_function\";s:6:\"assert\";s:5:\"cache\";b:1;s:11:\"cache_class\";O:20:\"JDatabaseDriverMysql\":0:{}}i:1;s:4:\"init\";}}s:13:\"\\0\\0\\0connection\";b:1;}'),
(37333, 'medium', '2025-08-25 00:02:35', '147.93.157.244', 0, '', 'https://mahsyariahmelaka.gov.my/index.php/ms/', '', 'DANGEROUS_USER_AGENT', 'User agent: }__test|O:21:\"JDatabaseDriverMysqli\":3:{s:2:\"fc\";O:17:\"JSimplepieFactory\":0:{}s:21:\"\\0\\0\\0disconnectHandlers\";a:1:{i:0;a:2:{i:0;O:9:\"SimplePie\":5:{s:8:\"sanitize\";O:20:\"JDatabaseDriverMysql\":0:{}s:8:\"feed_url\";s:5946:\"eval(base64_decode(\'[encoded data, 5896 characters]\'));JFactory::getConfig();exit\";s:19:\"cache_name_function\";s:6:\"assert\";s:5:\"cache\";b:1;s:11:\"cache_class\";O:20:\"JDatabaseDriverMysql\":0:{}}i:1;s:4:\"init\";}}s:13:\"\\0\\0\\0connection\";b:1;}'),
(37334, 'medium', '2025-08-25 00:02:45', '147.93.157.244', 0, '', 'https://mahsyariahmelaka.gov.my/index.php/ms/component/users?task=user.register', 'http://mahsyariahmelaka.gov.my/index.php/component/users/?view=registration', 'UNAUTHORIZED_USER_REGISTRATION_ATTEMPT', ''),
(37335, 'medium', '2025-08-25 00:02:51', '147.93.157.244', 0, '', 'https://mahsyariahmelaka.gov.my/index.php/ms/?option=com_b2jcontact&view=loader&type=uploader&owner=component&bid=1&qqfile=/../../../vuln.php', '', 'LFI_ATTEMPTED', 'URI: option=com_b2jcontact&view=loader&type=uploader&owner=component&bid=1&qqfile=/../../../vuln.php\nMatch: ./'),
(37336, 'medium', '2025-08-25 00:03:19', '147.93.157.244', 0, '', 'https://mahsyariahmelaka.gov.my/index.php/ms/?option=com_macgallery&view=download&albumid=../../configuration.php', '', 'LFI_ATTEMPTED', 'URI: option=com_macgallery&view=download&albumid=../../configuration.php\nMatch: ./'),
(37337, 'medium', '2025-09-07 14:11:37', '157.245.49.175', 0, '', 'https://mahsyariahmelaka.gov.my/?Command=NOOP&InternalFile=../../../../../../../../../../../../../../Windows/win.ini&NewWebClient=1', '', 'LFI_ATTEMPTED', 'URI: Command=NOOP&InternalFile=../../../../../../../../../../../../../../Windows/win.ini&NewWebClient=1\nMatch: ./'),
(37338, 'medium', '2025-09-07 14:12:34', '157.245.49.175', 0, '', 'https://www.mahsyariahmelaka.gov.my/?Command=NOOP&InternalFile=../../../../../../../../../../../../../../Windows/win.ini&NewWebClient=1', '', 'LFI_ATTEMPTED', 'URI: Command=NOOP&InternalFile=../../../../../../../../../../../../../../Windows/win.ini&NewWebClient=1\nMatch: ./'),
(37339, 'medium', '2025-09-08 01:11:04', '157.245.49.175', 0, '', 'https://mahsyariahmelaka.gov.my/index.php?controller=pjAdminOrders%26action%3dpjActionGetNewOrder%26column%3d(SELECT+(CASE+WHEN+(4213%3d4213)+THEN+0x63726561746564+ELSE+(SELECT+7877+UNION+SELECT+7153)+END))%26direction%3dASC%26page%3d1%26rowCount%3d50%26q%3d%e2%80%99%e2%80%99%26type%3d', '', 'SQLI_ATTEMPTED', 'URI: controller=pjAdminOrders&action=pjActionGetNewOrder&column=(SELECT (CASE WHEN (4213=4213) THEN 0x63726561746564 ELSE (SELECT 7877 UNION SELECT 7153) END))&direction=ASC&page=1&rowCount=50&q=’’&type=\nMatch:  UNION SELECT '),
(37340, 'medium', '2025-09-08 01:11:39', '157.245.49.175', 0, '', 'https://www.mahsyariahmelaka.gov.my/index.php?controller=pjAdminOrders%26action%3dpjActionGetNewOrder%26column%3d(SELECT+(CASE+WHEN+(4213%3d4213)+THEN+0x63726561746564+ELSE+(SELECT+7877+UNION+SELECT+7153)+END))%26direction%3dASC%26page%3d1%26rowCount%3d50%26q%3d%e2%80%99%e2%80%99%26type%3d', '', 'SQLI_ATTEMPTED', 'URI: controller=pjAdminOrders&action=pjActionGetNewOrder&column=(SELECT (CASE WHEN (4213=4213) THEN 0x63726561746564 ELSE (SELECT 7877 UNION SELECT 7153) END))&direction=ASC&page=1&rowCount=50&q=’’&type=\nMatch:  UNION SELECT '),
(37341, 'medium', '2025-09-08 02:02:52', '157.245.49.175', 0, '', 'https://mahsyariahmelaka.gov.my/index.php/ms/?travelpayouts_redirect=https://oast.me', 'https://mahsyariahmelaka.gov.my/?travelpayouts_redirect=https://oast.me', 'RFI_ATTEMPTED', 'URI: travelpayouts_redirect=https://oast.me\nMatch: =https://oast.me'),
(37342, 'medium', '2025-09-08 02:03:38', '157.245.49.175', 0, '', 'https://www.mahsyariahmelaka.gov.my/index.php/ms/?travelpayouts_redirect=https://oast.me', 'https://www.mahsyariahmelaka.gov.my/?travelpayouts_redirect=https://oast.me', 'RFI_ATTEMPTED', 'URI: travelpayouts_redirect=https://oast.me\nMatch: =https://oast.me'),
(37343, 'medium', '2025-09-08 05:14:47', '2001:e68:5404:54c2:d082:14f8:81d0:9421', 0, '', 'https://www.mahsyariahmelaka.gov.my/administrator/index.php', 'https://www.mahsyariahmelaka.gov.my/administrator/', 'BACKEND_LOGIN_ERROR', ''),
(37344, 'low', '2025-09-08 08:49:40', '175.137.232.233', 0, '', 'https://www.mahsyariahmelaka.gov.my/administrator/index.php', 'https://www.mahsyariahmelaka.gov.my/administrator/index.php', 'BACKEND_LOGIN_OK', ''),
(37345, 'low', '2025-09-08 09:05:24', '175.137.232.233', 0, '', 'https://www.mahsyariahmelaka.gov.my/administrator/index.php', 'https://www.mahsyariahmelaka.gov.my/administrator/index.php?option=com_users&view=users', 'BACKEND_LOGIN_OK', ''),
(37346, 'low', '2025-09-08 09:11:23', '175.137.232.233', 0, '', 'https://www.mahsyariahmelaka.gov.my/administrator/index.php', 'https://www.mahsyariahmelaka.gov.my/administrator/index.php', 'BACKEND_LOGIN_OK', ''),
(37347, 'medium', '2025-09-08 12:49:28', '2001:e68:5404:54c2:497a:6d0:58dd:6211', 0, '', 'https://mahsyariahmelaka.gov.my/administrator/index.php', 'https://mahsyariahmelaka.gov.my/administrator/', 'BACKEND_LOGIN_ERROR', ''),
(37348, 'medium', '2025-09-08 12:50:08', '2001:e68:5404:54c2:497a:6d0:58dd:6211', 0, '', 'https://mahsyariahmelaka.gov.my/administrator/index.php', 'https://mahsyariahmelaka.gov.my/administrator/index.php', 'BACKEND_LOGIN_ERROR', ''),
(37349, 'medium', '2025-09-08 12:51:00', '2001:e68:5404:54c2:497a:6d0:58dd:6211', 0, '', 'https://mahsyariahmelaka.gov.my/administrator/index.php', 'https://mahsyariahmelaka.gov.my/administrator/index.php', 'BACKEND_LOGIN_ERROR', ''),
(37350, 'medium', '2025-09-08 12:51:17', '2001:e68:5404:54c2:497a:6d0:58dd:6211', 0, '', 'https://mahsyariahmelaka.gov.my/administrator/index.php', 'https://mahsyariahmelaka.gov.my/administrator/index.php', 'BACKEND_LOGIN_ERROR', ''),
(37351, 'low', '2025-09-08 17:21:37', '2001:e68:5404:54c2:d082:14f8:81d0:9421', 0, '', 'https://www.mahsyariahmelaka.gov.my/administrator/index.php', 'https://www.mahsyariahmelaka.gov.my/administrator/', 'BACKEND_LOGIN_OK', ''),
(37352, 'low', '2025-09-09 01:44:31', '60.50.187.96', 0, '', 'https://www.mahsyariahmelaka.gov.my/administrator/index.php', 'https://www.mahsyariahmelaka.gov.my/administrator/index.php?option=com_admin&view=sysinfo', 'BACKEND_LOGIN_OK', ''),
(37353, 'low', '2025-09-20 01:14:44', '127.0.0.1', 0, '', 'http://localhost/webmsnm/administrator/index.php', 'http://localhost/webmsnm/administrator/', 'BACKEND_LOGIN_OK', '');

-- --------------------------------------------------------

--
-- Table structure for table `o61cm_rsfirewall_offenders`
--

CREATE TABLE `o61cm_rsfirewall_offenders` (
  `id` int(11) NOT NULL,
  `ip` varchar(255) NOT NULL,
  `date` datetime NOT NULL
) ENGINE=InnoDB DEFAULT CHARSET=utf8mb3 COLLATE=utf8mb3_general_ci;

-- --------------------------------------------------------

--
-- Table structure for table `o61cm_rsfirewall_signatures`
--

CREATE TABLE `o61cm_rsfirewall_signatures` (
  `signature` varchar(255) NOT NULL,
  `type` varchar(16) NOT NULL,
  `reason` varchar(255) NOT NULL
) ENGINE=InnoDB DEFAULT CHARSET=utf8mb3 COLLATE=utf8mb3_general_ci;

--
-- Dumping data for table `o61cm_rsfirewall_signatures`
--

INSERT INTO `o61cm_rsfirewall_signatures` (`signature`, `type`, `reason`) VALUES
('(@(\\$[a-z0-9]+\\(){4,})', 'regexis', 'PHP Injection - Obfuscated function call'),
('(chr\\(([0-9]+){3,}\\)\\.chr\\(([0-9]+)\\)\\.chr\\(([0-9]+)\\)\\.chr\\(([0-9]+)\\))\\.chr\\(([0-9]+)\\)\\.chr\\(([0-9]+)\\)', 'regex', 'Possible PHP injection (obfuscated code)'),
('(include\\_once|require\\_once|include|require)(\\s+)?(\\()?[\'|\"](.*)(\\.png|\\.gif|\\.jpg|\\.jpeg|\\.ini)[\'|\"](\\))?', 'regex', 'Highly suspicious inclusion (possible CryptoPHP)'),
('(js/jquery\\.min\\.php.*?\"\\?default_keyword\\=\" \\+ default_keyword)', 'regex', 'Search engine referrer hijacking'),
('(realstatistics\\.(info|pro)|realanalytics\\.pro|siteanalytics\\.pro|webstatistics\\.pro|adobesecurupdate\\.com|microsoft-securety\\.com)', 'regexis', 'Realstatistics Malware'),
('(shell_exec|passthru|system|exec|popen)[\\s+]?\\([\\s+]?\\$(GLOBALS|_SERVER|_GET|_POST|_FILES|_COOKIE|_SESSION|_REQUEST|_ENV)', 'regex', 'Possible PHP injection (binary executed from superglobal variable)'),
('(shell_exec|passthru|system|exec|popen)\\s?\\((\'|\")(wget|lynx|links|curl)', 'regex', 'Possible PHP injection (file download)'),
('(wget|lynx|links|curl) https?:\\/\\/.*?; chmod .*?; \\.\\/', 'regex', 'Possible PHP injection (file download and execution)'),
('(wget|lynx|links|curl) https?:\\/\\/.*?; perl .*?', 'regex', 'Possible PHP injection (file download and execution)'),
('([a-z0-9_]+\\/\\*(.*?)\\*\\/\\()', 'regex', 'PHP Injection - Obfuscated function call'),
('(\\$func=(\"[a-z_]+\"[\\.]){4,})', 'regexis', 'PHP Injection - Obfuscated function name'),
('(\\$s\\_func=(\"[a-z_]+\"[\\.]){4,})', 'regexis', 'PHP Injection - Obfuscated function name'),
('(\\$[a-z0-9]+\\s?\\(){3,}', 'regexi', 'PHP Injection - Obfuscated function name'),
('(\\$[a-z0-9]+\\{[0-9]+\\}\\s?\\.?\\s?){10,}', 'regexis', 'PHP Injection - Obfuscated function name'),
('(\\$[a-z]+)\\(\"[a-z]\",\\s?\"\",\\s?\"[a-z0-9_]+\"\\)', 'regexis', 'PHP Injection - Obfuscated function name'),
('(\\[(SHELL|ZAD)\\ID])', 'regexs', 'PHP Injection - Mass mailer'),
('<!--checker_start', 'regex', 'PHP injection'),
('<input name=\".*?\" type=\"file\">', 'regex', 'Possible PHP Shell - File uploader'),
('<\\?php[\\s+]{240,}(.*?)\\s', 'regex', 'Abnormally long spacing after PHP tag - could be used to hide code from view'),
('@\\$[a-zA-Z0-9]+\\(\\$_(POST|GET|REQUEST|COOKIE)\\[.*', 'regex', 'Possible PHP Injection - obfuscated code execution from Superglobal variable.'),
('act=phpinfo', 'regex', 'PHP Shell - c99shell variant'),
('antichat', 'filename', 'PHP Shell - c99shell Antichat variant'),
('bash_history', 'filename', 'Possible hijacked server'),
('bitchx', 'filename', 'IRC Client - possible hijacked server'),
('brute *force', 'filename', 'Bruteforce'),
('c99shell', 'filename', 'PHP Shell'),
('c99shell', 'regex', 'PHP Shell - c99shell variant'),
('ccteam\\.ru', 'regex', 'PHP Shell - c99shell variant'),
('chr\\(\\([0-9]+\\-[0-9]+\\)\\)', 'regex', 'Possible PHP Injection - Obfuscated code'),
('create\\_function\\(\\\'\\$\\\'(.*)', 'regex', 'Possible PHP injection (create_function() call)'),
('cwings', 'filename', 'PHP Shell'),
('CWShellDumper', 'filename', 'PHP Shell - c99shell CWShellDumper variant'),
('DALnet', 'filename', 'IRC Client - possible hijacked server'),
('die\\(md5\\(\\\'[a-z0-9_]+\\\'\\)\\);', 'regexis', 'PHP Injection - Shell'),
('directmail', 'filename', 'Mailer - possible hijacked server'),
('eggdrop', 'filename', 'IRC Bot - possible hijacked server'),
('ekin0x', 'filename', 'PHP Shell - c99shell ekin0x variant'),
('eval[\\s]?\\([\\s]?base64_decode\\([\\s]?.*?\\)\\)', 'regex', 'Possible PHP injection (encoded code - base64)'),
('eval\\(\"\\?\\>\"\\.base64_decode', 'regex', 'Possible PHP injection (encoded code - base64)'),
('eval\\(base64_decode\\((?s).*?\\)\\)', 'regex', 'Possible PHP injection (encoded code - base64)'),
('eval\\(stripslashes\\(\\$_(.*?)\\)\\)', 'regex', 'Possible PHP injection (code executed from superglobal variable)'),
('eval\\([a-zA-Z0-9]+\\([$a-zA-Z0-9]+', 'regex', 'Possible PHP injection (code executed through obfuscated functions)'),
('eval\\(\\$[a-zA-Z0-9]+\\(\\$[a-zA-Z0-9]+\\(\\$[a-zA-Z0-9]+', 'regex', 'PHP Injection - Obfuscated code'),
('eval\\(\\$\\_POST\\[\"[a-z]+\"\\]\\)', 'regex', 'PHP Injection - Code executed from $_POST request'),
('eval\\(\\$_(.*?)\\)', 'regex', 'Possible PHP injection (code executed from superglobal variable)'),
('eval\\/\\*(.*)\\*\\/\\(', 'regexis', 'Obfuscated eval()'),
('eval\\/\\*\\*\\/\\(', 'regex', 'Hidden eval()'),
('exec\\((.*)\\/bin\\/sh', 'regex', 'Possible PHP injection (shell execution)'),
('guardservices', 'filename', 'Possible hijacked server'),
('h4cker\\.tr', 'regex', 'PHP Shell - General variant'),
('hanixavi@msn.com', 'regex', 'PHP Shell - File uploader'),
('header(\\s+)?\\([\"|\'](l|L)ocation:(\\s+)?http:(.*?)\\)', 'regex', 'Possible PHP injection (redirect)'),
('http\\://fbt\\.yahoo\\.com/counter\\.php', 'regex', 'PHP injection (Russian counter)'),
('if\\(function_exists\\(\'ob_start\'\\)&&!isset\\(\\$GLOBALS\\[(.*?)\\]\\)\\){\\$GLOBALS\\[(.*?)\\]=', 'regex', 'PHP injection'),
('if\\(\\$_POST\\[\'golden\'\\]\\=\\=\"Done\"\\)', 'regex', 'PHP Injection - File uploader'),
('ini\\_set\\(chr\\(', 'regex', 'PHP injection'),
('kacak', 'filename', 'PHP Shell - c99shell kacak variant'),
('liz0zim', 'filename', 'PHP Shell - c99shell liz0zim variant'),
('m0rtix', 'filename', 'Backdoor - possible hijacked server'),
('mail(\\s+)?\\((\"|\')(.*@)', 'regex', 'Possible PHP injection (mailer)'),
('mkdir\\(.*?[\\s+]?,[\\s+]?0777', 'regex', 'Unsafe directory creation - 0777 permissions.'),
('ob_start\\(\"callbck\"\\)', 'regex', 'PHP injection'),
('PHPencoder', 'regex', 'PHP Encoded file - PHPencoder variant, please review manually'),
('PHPJiaMi\\.Com', 'regexi', 'PHP Injection - Shell'),
('phpremoteview', 'filename', 'PHP Shell'),
('phpshell', 'filename', 'PHP Shell'),
('preg_replace\\(\"/\\.\\*/e\"', 'regex', 'Possible PHP injection (obfuscated code using /e modifier)'),
('preg_replace\\([\'|\"]/\\(\\.\\*\\)\\/e', 'regex', 'Possible PHP injection (obfuscated code using /e modifier)'),
('ps -aux', 'regex', 'PHP Shell - suspicious code'),
('psyBNC', 'filename', 'IRC Client - possible hijacked server'),
('r0nin', 'filename', 'Exploit - possible hijacked server'),
('r57shell', 'filename', 'PHP Shell'),
('r57shell', 'regex', 'PHP Shell - r57shell variant'),
('r57\\.gen\\.tr', 'regex', 'PHP Shell - General variant'),
('raslan58', 'filename', 'Possible hijacked server'),
('safe0ver', 'filename', 'PHP Shell - c99shell safe0ver variant'),
('Saudi Sh3ll', 'filename', 'PHP Shell - Saudi Sh3ll variant'),
('shellbot', 'filename', 'Backdoor - possible hijacked server'),
('sh\\_decrypt\\_phase', 'regex', 'PHP Injection - Shell'),
('sosyete', 'filename', 'PHP Shell - c99shell sosyete variant'),
('spymeta', 'filename', 'Possible hijacked server'),
('strrev\\((\'|\")edoced_46esab(\'|\")\\)', 'regex', 'Possible PHP injection (obfuscated code)'),
('strrev\\(base64_decode\\((?s).*?\\)\\)', 'regex', 'Possible PHP injection (encoded code - strrev())'),
('str_rot13\\(\'riny\'\\)', 'regex', 'PHP Injection - Obfuscated eval'),
('str_rot13\\(base64_decode\\((?s).*?\\)\\)', 'regex', 'Possible PHP injection (encoded code - str_rot13())'),
('tryag', 'filename', 'PHP Shell - c99shell tryag variant'),
('undernet', 'filename', 'IRC Client - possible hijacked server'),
('Upload Gagal', 'regex', 'PHP Shell - File uploader'),
('void\\.ru', 'filename', 'Possible hijacked server'),
('vulnscan', 'filename', 'Vulnerability Scanner - possible hijacked server'),
('w00t', 'filename', 'Exploit - possible hijacked server'),
('zehir4', 'filename', 'PHP Shell - c99shell zehir4 variant'),
('[a-zA-Z0-9]{500,}', 'regex', 'Possible PHP injection (abnormally long string - might be base64)'),
('\\$current \\= htmlentities \\(\\$_SERVER \\[\'PHP_SELF\'\\] \\. \"\\?dir\\=\" \\. \\$dir\\)', 'regex', 'PHP Injection - Dark Shell'),
('\\$from_name\\=randText\\(\\)', 'regexi', 'PHP Mass Mailer - random \"from\" address'),
('\\$GLOBALS\\[\'([a-z]+)?([0-9]+)?\']\\(', 'regex', 'Possible PHP injection (code executed through superglobal variable)'),
('\\$GLOBALS\\[\\$GLOBALS\\[\'[a-z0-9]+\'\\]\\[[0-9]+\\]', 'regex', 'PHP Injection'),
('\\$QBDB51E25BF9A7F3D2475072803D1C36D', 'regex', 'PHP Shell - c99shell variant compressed'),
('\\$red_host/\\$fake_script', 'regex', 'PHP Injection'),
('\\$ua\\=@\\$_SERVER\\[\"HTTP_USER_AGENT\"\\];\\$row\\=split\\(\"\\=\\=\\=\",\\$ua\\)', 'regex', 'PHP Injection - Shell'),
('\\$uploadfile \\= \\$_POST\\[\"pt\"\\]\\.\\$_FILES\\[\"file\"\\]\\[\"name\"\\]', 'regex', 'PHP Shell - File uploader'),
('\\$wp_add_filter\\(', 'regex', 'PHP injection (obfuscated code)'),
('\\$[a-z0-9]+ = \\$\\_POST\\[\'[a-z0-9]+\'\\];.@?passthru\\(\\$[a-z]+\\);', 'regexis', 'PHP Injection - Shell'),
('\\$[a-z0-9]+=\\$_COOKIE', 'regex', 'Possible PHP Injection - superglobal variable obfuscation.'),
('\\$[a-z0-9]+\\s?=\\s?\\$[a-z0-9]+\\(\"[a-z0-9]+\",\\s?\"\",\\s?\"[a-z0-9]+\\_[a-z0-9]+\"\\);', 'regex', 'PHP Injection - Obfuscated function call'),
('\\$[^ -~]+\\(.*?\\);', 'regex', 'Possible PHP Injection - Characters outside of typing range.'),
('\\$\\_(FILES|SERVER|POST|GET)\\[\"([A-Za-z\\_]+)?(\\\\x[0-9A-Fa-f]{1,2}){1,}([A-Za-z\\_]+)?\\\"]', 'regex', 'PHP Injection - Obfuscated Superglobal variable.'),
('\\$_GET\\[\"ping\"\\] \\=\\= \\(\"ping_host\"\\)', 'regex', 'PHP Mass Mailer'),
('\\$_GET\\[\'mailzor\'\\]', 'regex', 'PHP Injection - Mass mailer'),
('\\$_GET\\[\'sws\'\\]\\=\\= \'phpinfo\'', 'regex', 'PHP Shell - Saudi Sh3ll variant'),
('\\$_POST\\[\'cmd\'\\]\\=\\=\"php_eval\"', 'regex', 'PHP Shell - r57shell variant'),
('\\$_[a-zA-Z]=__FILE__;\\$_[a-zA-Z]=', 'regex', 'PHP injection (obfuscated code)'),
('\\(\"/[a-zA-Z0-9]+/e\",', 'regex', 'Possible PHP injection (obfuscated code using /e modifier)'),
('\\(gzinflate\\(base64_decode\\((?s).*\\)', 'regex', 'Possible PHP injection (compressed code - gzip)'),
('\\.ru/', 'filename', 'Possible hijacked server'),
('\\/etc\\/passwd', 'regex', 'PHP Shell - suspicious code'),
('\\/jquery\\.min\\.php', 'regex', 'PHP Injection - Search engine hijacker'),
('\\\\x47\\\\x4c\\\\x4fB\\\\x41\\\\x4c\\\\x53', 'regex', 'PHP Injection - GLOBALS obfuscated variable call'),
('\\\\x62\\\\141\\\\x73\\\\145\\\\x36\\\\64\\\\x5f\\\\144\\\\x65\\\\143\\\\x6f\\\\144\\\\x65', 'regex', 'PHP Injection - base64_decode() obfuscated function call'),
('\\_[0-9]+\\([0-9]+\\)', 'regex', 'Possible PHP Injection - function name contains only numbers.'),
('^GIF89;([^\\n]*\\n+)+(\\<\\?php)', 'regex', 'PHP injection - Hidden inside GIF file'),
('^\\#[a-z0-9]+\\#$(.*?)^\\#\\/[a-z0-9]+\\#$', 'regexms', 'PHP Injection - Page hijacker'),
('^\\$password\\=@\\$_REQUEST\\[\'password\'\\];', 'regexm', 'Possible PHP Injection'),
('_il_exec\\(\\)', 'regex', 'Possible risk - ionCube encrypted file');

-- --------------------------------------------------------

--
-- Table structure for table `o61cm_rsfirewall_snapshots`
--

CREATE TABLE `o61cm_rsfirewall_snapshots` (
  `id` int(11) NOT NULL,
  `user_id` int(11) NOT NULL,
  `snapshot` text NOT NULL,
  `type` varchar(16) NOT NULL
) ENGINE=InnoDB DEFAULT CHARSET=utf8mb3 COLLATE=utf8mb3_general_ci;

--
-- Dumping data for table `o61cm_rsfirewall_snapshots`
--

INSERT INTO `o61cm_rsfirewall_snapshots` (`id`, `user_id`, `snapshot`, `type`) VALUES
(1, 855, 'Tzo4OiJzdGRDbGFzcyI6OTp7czo4OiJhZGphY2VudCI7YToxOntzOjE4OiJ1c2VyX3VzZXJncm91cF9tYXAiO2E6MTp7aTowO086ODoic3RkQ2xhc3MiOjI6e3M6NzoidXNlcl9pZCI7czozOiI4NTUiO3M6ODoiZ3JvdXBfaWQiO3M6MToiOCI7fX19czo3OiJ1c2VyX2lkIjtzOjM6Ijg1NSI7czo0OiJuYW1lIjtzOjEwOiJTdXBlciBVc2VyIjtzOjg6InVzZXJuYW1lIjtzOjU6ImFsdGZhIjtzOjU6ImVtYWlsIjtzOjIwOiJzdXBwb3J0QGFsdGZhLmNvbS5teSI7czo4OiJwYXNzd29yZCI7czo2MDoiJDJ5JDEwJFE2akNleUdURWh0NzBwYVlPelIzYmV4Z01LZHVDSnIxUGZiSlZpTHRFb3lpclgyeUdYbzhhIjtzOjU6ImJsb2NrIjtzOjE6IjAiO3M6OToic2VuZEVtYWlsIjtzOjE6IjEiO3M6NjoicGFyYW1zIjtzOjkyOiJ7ImFkbWluX3N0eWxlIjoiIiwiYWRtaW5fbGFuZ3VhZ2UiOiIiLCJsYW5ndWFnZSI6IiIsImVkaXRvciI6IiIsImhlbHBzaXRlIjoiIiwidGltZXpvbmUiOiIifSI7fQ==', 'protect');

-- --------------------------------------------------------

--
-- Table structure for table `o61cm_rsform_calculations`
--

CREATE TABLE `o61cm_rsform_calculations` (
  `id` int(11) NOT NULL,
  `formId` int(11) NOT NULL,
  `total` varchar(255) NOT NULL,
  `expression` text NOT NULL,
  `ordering` int(11) NOT NULL
) ENGINE=InnoDB DEFAULT CHARSET=utf8mb3 COLLATE=utf8mb3_general_ci;

-- --------------------------------------------------------

--
-- Table structure for table `o61cm_rsform_components`
--

CREATE TABLE `o61cm_rsform_components` (
  `ComponentId` int(11) NOT NULL,
  `FormId` int(11) NOT NULL DEFAULT 0,
  `ComponentTypeId` int(11) NOT NULL DEFAULT 0,
  `Order` int(11) NOT NULL DEFAULT 0,
  `Published` tinyint(1) NOT NULL DEFAULT 1
) ENGINE=InnoDB DEFAULT CHARSET=utf8mb3 COLLATE=utf8mb3_general_ci;

--
-- Dumping data for table `o61cm_rsform_components`
--

INSERT INTO `o61cm_rsform_components` (`ComponentId`, `FormId`, `ComponentTypeId`, `Order`, `Published`) VALUES
(1, 1, 1, 1, 1),
(2, 1, 10, 0, 1),
(3, 1, 1, 2, 1),
(4, 1, 3, 3, 1),
(5, 1, 5, 4, 1),
(6, 1, 4, 5, 1),
(7, 1, 6, 6, 1),
(8, 1, 13, 7, 1),
(9, 1, 10, 8, 1),
(10, 2, 1, 2, 1),
(11, 2, 10, 1, 1),
(12, 2, 1, 3, 1),
(13, 2, 3, 6, 1),
(14, 2, 5, 7, 1),
(15, 2, 4, 10, 1),
(16, 2, 6, 11, 1),
(17, 2, 13, 12, 1),
(18, 2, 10, 13, 1),
(19, 2, 41, 4, 1),
(20, 2, 41, 8, 1),
(21, 2, 10, 5, 1),
(22, 2, 10, 9, 1),
(23, 3, 13, 6, 1),
(24, 3, 1, 0, 1),
(25, 3, 1, 2, 1),
(26, 3, 1, 3, 1),
(28, 3, 10, 7, 1),
(29, 3, 2, 4, 1),
(31, 3, 2424, 5, 1),
(32, 3, 3, 1, 1);

-- --------------------------------------------------------

--
-- Table structure for table `o61cm_rsform_component_types`
--

CREATE TABLE `o61cm_rsform_component_types` (
  `ComponentTypeId` int(11) NOT NULL,
  `ComponentTypeName` text NOT NULL,
  `CanBeDuplicated` tinyint(1) NOT NULL DEFAULT 1
) ENGINE=InnoDB DEFAULT CHARSET=utf8mb3 COLLATE=utf8mb3_general_ci;

--
-- Dumping data for table `o61cm_rsform_component_types`
--

INSERT INTO `o61cm_rsform_component_types` (`ComponentTypeId`, `ComponentTypeName`, `CanBeDuplicated`) VALUES
(1, 'textBox', 1),
(2, 'textArea', 1),
(3, 'selectList', 1),
(4, 'checkboxGroup', 1),
(5, 'radioGroup', 1),
(6, 'calendar', 1),
(7, 'button', 1),
(8, 'captcha', 0),
(9, 'fileUpload', 1),
(10, 'freeText', 1),
(11, 'hidden', 1),
(12, 'imageButton', 1),
(13, 'submitButton', 1),
(14, 'password', 1),
(15, 'ticket', 1),
(16, 'hashcash', 0),
(41, 'pageBreak', 1),
(200, 'preview', 1),
(201, 'phoneNumber', 1),
(202, 'surveyTable', 1),
(211, 'birthDay', 1),
(212, 'gmaps', 1),
(355, 'rangeSlider', 1),
(411, 'jQueryCalendar', 1),
(2424, 'recaptchav2', 0);

-- --------------------------------------------------------

--
-- Table structure for table `o61cm_rsform_component_type_fields`
--

CREATE TABLE `o61cm_rsform_component_type_fields` (
  `ComponentTypeId` int(11) NOT NULL DEFAULT 0,
  `FieldName` text NOT NULL,
  `FieldType` varchar(32) NOT NULL DEFAULT 'hidden',
  `FieldValues` text NOT NULL,
  `Properties` text NOT NULL,
  `Ordering` int(11) NOT NULL DEFAULT 0
) ENGINE=InnoDB DEFAULT CHARSET=utf8mb3 COLLATE=utf8mb3_general_ci;

--
-- Dumping data for table `o61cm_rsform_component_type_fields`
--

INSERT INTO `o61cm_rsform_component_type_fields` (`ComponentTypeId`, `FieldName`, `FieldType`, `FieldValues`, `Properties`, `Ordering`) VALUES
(1, 'NAME', 'textbox', '', '', 1),
(1, 'CAPTION', 'textbox', '', '', 2),
(1, 'REQUIRED', 'select', 'NO\r\nYES', '', 3),
(1, 'SIZE', 'textbox', '20', 'numeric', 4),
(1, 'MAXSIZE', 'textbox', '', 'numeric', 5),
(1, 'VALIDATIONRULE', 'select', '//<code>\r\nreturn RSFormProHelper::getValidationRules();\r\n//</code>', '', 6),
(1, 'VALIDATIONMULTIPLE', 'selectmultiple', '//<code>\r\nreturn RSFormProHelper::getValidationRules(false, true);\r\n//</code>', '', 7),
(1, 'VALIDATIONMESSAGE', 'textarea', 'INVALIDINPUT', '', 8),
(1, 'ADDITIONALATTRIBUTES', 'textarea', '', '', 8),
(1, 'DEFAULTVALUE', 'textarea', '', '', 9),
(1, 'PLACEHOLDER', 'textbox', '', '', 10),
(1, 'DESCRIPTION', 'textarea', '', '', 11),
(1, 'INPUTTYPE', 'select', 'text\r\nemail\r\ntel\r\nnumber\r\nrange\r\nurl', '{\"case\":{\"number\":{\"show\":[\"ATTRMIN\",\"ATTRMAX\",\"ATTRSTEP\"],\"hide\":[\"MAXSIZE\"]},\"range\":{\"show\":[\"ATTRMIN\",\"ATTRMAX\",\"ATTRSTEP\"],\"hide\":[\"MAXSIZE\"]},\"text\":{\"show\":[\"MAXSIZE\"],\"hide\":[\"ATTRMIN\",\"ATTRMAX\",\"ATTRSTEP\"]},\"email\":{\"show\":[\"MAXSIZE\"],\"hide\":[\"ATTRMIN\",\"ATTRMAX\",\"ATTRSTEP\"]},\"tel\":{\"show\":[\"MAXSIZE\"],\"hide\":[\"ATTRMIN\",\"ATTRMAX\",\"ATTRSTEP\"]},\"url\":{\"show\":[\"MAXSIZE\"],\"hide\":[\"ATTRMIN\",\"ATTRMAX\",\"ATTRSTEP\"]}}}', 0),
(1, 'ATTRMIN', 'textbox', '', 'float', 1),
(1, 'ATTRMAX', 'textbox', '', 'float', 2),
(1, 'ATTRSTEP', 'textbox', '1', 'float', 2),
(1, 'READONLY', 'select', 'NO\r\nYES', '', 12),
(1, 'COMPONENTTYPE', 'hidden', '1', '', 15),
(1, 'VALIDATIONEXTRA', 'textbox', '', '', 8),
(2, 'NAME', 'textbox', '', '', 1),
(2, 'CAPTION', 'textbox', '', '', 2),
(2, 'REQUIRED', 'select', 'NO\r\nYES', '', 3),
(2, 'COLS', 'textbox', '50', 'textareasize', 4),
(2, 'ROWS', 'textbox', '5', 'textareasize', 5),
(2, 'VALIDATIONRULE', 'select', '//<code>\r\nreturn RSFormProHelper::getValidationRules();\r\n//</code>', '', 6),
(2, 'VALIDATIONMULTIPLE', 'selectmultiple', '//<code>\r\nreturn RSFormProHelper::getValidationRules(false, true);\r\n//</code>', '', 7),
(2, 'VALIDATIONMESSAGE', 'textarea', 'INVALIDINPUT', '', 100),
(2, 'ADDITIONALATTRIBUTES', 'textarea', '', '', 8),
(2, 'DEFAULTVALUE', 'textarea', '', '', 9),
(2, 'DESCRIPTION', 'textarea', '', '', 10),
(2, 'COMPONENTTYPE', 'hidden', '2', '', 10),
(2, 'PLACEHOLDER', 'textbox', '', '', 10),
(2, 'READONLY', 'select', 'NO\r\nYES', '', 15),
(2, 'WYSIWYG', 'select', 'NO\r\nYES', '{\"case\":{\"YES\":{\"show\":[\"WYSIWYGBUTTONS\"],\"hide\":[\"MAXSIZE\",\"SHOW_CHAR_COUNT\"]},\"NO\":{\"show\":[\"MAXSIZE\",\"SHOW_CHAR_COUNT\"],\"hide\":[\"WYSIWYGBUTTONS\"]}}}', 11),
(2, 'WYSIWYGBUTTONS', 'select', 'NO\r\nYES', '', 12),
(2, 'MAXSIZE', 'textbox', '', 'numeric', 13),
(2, 'SHOW_CHAR_COUNT', 'select', 'NO\r\nYES', '', 14),
(2, 'VALIDATIONEXTRA', 'textbox', '', '', 8),
(3, 'NAME', 'textbox', '', '', 1),
(3, 'CAPTION', 'textbox', '', '', 2),
(3, 'SIZE', 'textbox', '', 'numeric', 3),
(3, 'MULTIPLE', 'select', 'NO\r\nYES', '', 4),
(3, 'ITEMS', 'textarea', '', '', 5),
(3, 'REQUIRED', 'select', 'NO\r\nYES', '{\"case\":{\"YES\":{\"show\":[\"VALIDATIONMESSAGE\"],\"hide\":[]},\"NO\":{\"show\":[],\"hide\":[\"VALIDATIONMESSAGE\"]}}}', 6),
(3, 'ADDITIONALATTRIBUTES', 'textarea', '', '', 7),
(3, 'DESCRIPTION', 'textarea', '', '', 8),
(3, 'COMPONENTTYPE', 'hidden', '3', '', 10),
(3, 'VALIDATIONMESSAGE', 'textarea', 'INVALIDINPUT', '', 100),
(4, 'NAME', 'textbox', '', '', 1),
(4, 'CAPTION', 'textbox', '', '', 2),
(4, 'ITEMS', 'textarea', '', '', 3),
(4, 'FLOW', 'select', 'HORIZONTAL\r\nVERTICAL\r\nVERTICAL2COLUMNS\r\nVERTICAL3COlUMNS\r\nVERTICAL4COLUMNS\r\nVERTICAL6COLUMNS', '', 4),
(4, 'MAXSELECTIONS', 'textbox', '0', '', 5),
(4, 'MINSELECTIONS', 'textbox', '0', '', 6),
(4, 'REQUIRED', 'select', 'NO\r\nYES', '{\"case\":{\"YES\":{\"show\":[\"VALIDATIONMESSAGE\"],\"hide\":[]},\"NO\":{\"show\":[],\"hide\":[\"VALIDATIONMESSAGE\"]}}}', 5),
(4, 'ADDITIONALATTRIBUTES', 'textarea', '', '', 6),
(4, 'DESCRIPTION', 'textarea', '', '', 6),
(4, 'COMPONENTTYPE', 'hidden', '4', '', 7),
(4, 'VALIDATIONMESSAGE', 'textarea', 'INVALIDINPUT', '', 100),
(5, 'NAME', 'textbox', '', '', 1),
(5, 'CAPTION', 'textbox', '', '', 2),
(5, 'ITEMS', 'textarea', '', '', 3),
(5, 'FLOW', 'select', 'HORIZONTAL\r\nVERTICAL\r\nVERTICAL2COLUMNS\r\nVERTICAL3COlUMNS\r\nVERTICAL4COLUMNS\r\nVERTICAL6COLUMNS', '', 4),
(5, 'REQUIRED', 'select', 'NO\r\nYES', '{\"case\":{\"YES\":{\"show\":[\"VALIDATIONMESSAGE\"],\"hide\":[]},\"NO\":{\"show\":[],\"hide\":[\"VALIDATIONMESSAGE\"]}}}', 5),
(5, 'ADDITIONALATTRIBUTES', 'textarea', '', '', 6),
(5, 'DESCRIPTION', 'textarea', '', '', 6),
(5, 'COMPONENTTYPE', 'hidden', '5', '', 7),
(5, 'VALIDATIONMESSAGE', 'textarea', 'INVALIDINPUT', '', 100),
(6, 'NAME', 'textbox', '', '', 1),
(6, 'CAPTION', 'textbox', '', '', 2),
(6, 'DEFAULTVALUE', 'textarea', '', '', 3),
(6, 'REQUIRED', 'select', 'NO\r\nYES', '', 4),
(6, 'VALIDATIONCALENDAR', 'select', '//<code>\r\nreturn RSFormProHelper::getOtherCalendars(6);\r\n//</code>', '{\"case\":{\"\":{\"show\":[],\"hide\":[\"VALIDATIONCALENDAROFFSET\"]}},\"indexcase\":{\"min\":{\"show\":[\"VALIDATIONCALENDAROFFSET\"],\"hide\":[]},\"max\":{\"show\":[\"VALIDATIONCALENDAROFFSET\"],\"hide\":[]}}}', 4),
(6, 'VALIDATIONCALENDAROFFSET', 'textbox', '1', 'numeric', 5),
(6, 'VALIDATIONDATE', 'select', 'YES\r\nNO', '', 8),
(6, 'DATEFORMAT', 'textbox', 'd-m-Y', '', 4),
(6, 'CALENDARLAYOUT', 'select', 'FLAT\r\nPOPUP', '{\"case\":{\"POPUP\":{\"show\":[\"READONLY\", \"POPUPLABEL\", \"ALLOWHTML\",\"PLACEHOLDER\"],\"hide\":[]},\"FLAT\":{\"show\":[],\"hide\":[\"READONLY\", \"POPUPLABEL\", \"ALLOWHTML\",\"PLACEHOLDER\"]}}}', 5),
(6, 'ADDITIONALATTRIBUTES', 'textarea', '', '', 6),
(6, 'DESCRIPTION', 'textarea', '', '', 7),
(6, 'COMPONENTTYPE', 'hidden', '6', '', 8),
(6, 'VALIDATIONMESSAGE', 'textarea', 'INVALIDINPUT', '', 100),
(6, 'READONLY', 'select', 'NO\r\nYES', '', 6),
(6, 'POPUPLABEL', 'textbox', '...', '', 7),
(6, 'ALLOWHTML', 'select', 'NO\nYES', '', 8),
(6, 'PLACEHOLDER', 'textbox', '', '', 9),
(6, 'MINDATE', 'textarea', '', '', 5),
(6, 'MAXDATE', 'textarea', '', '', 5),
(7, 'NAME', 'textbox', '', '', 1),
(7, 'CAPTION', 'textbox', '', '', 3),
(7, 'LABEL', 'textbox', '', '', 2),
(7, 'RESET', 'select', 'NO\r\nYES', '{\"case\":{\"YES\":{\"show\":[\"RESETLABEL\"],\"hide\":[]},\"NO\":{\"show\":[],\"hide\":[\"RESETLABEL\"]}}}', 4),
(7, 'RESETLABEL', 'textbox', '', '', 5),
(7, 'ADDITIONALATTRIBUTES', 'textarea', '', '', 6),
(7, 'DESCRIPTION', 'textarea', '', '', 7),
(7, 'COMPONENTTYPE', 'hidden', '7', '', 8),
(7, 'ALLOWHTML', 'select', 'NO\nYES', '', 7),
(8, 'NAME', 'textbox', '', '', 1),
(8, 'CAPTION', 'textbox', '', '', 2),
(8, 'LENGTH', 'textbox', '4', '', 3),
(8, 'BACKGROUNDCOLOR', 'textbox', '#FFFFFF', '', 4),
(8, 'TEXTCOLOR', 'textbox', '#000000', '', 5),
(8, 'TYPE', 'select', 'ALPHA\r\nNUMERIC\r\nALPHANUMERIC', '', 6),
(8, 'ADDITIONALATTRIBUTES', 'textarea', '', '', 7),
(8, 'DESCRIPTION', 'textarea', '', '', 9),
(8, 'COMPONENTTYPE', 'hidden', '8', '', 9),
(8, 'VALIDATIONMESSAGE', 'textarea', 'INVALIDINPUT', '', 100),
(8, 'FLOW', 'select', 'VERTICAL\r\nHORIZONTAL', '', 7),
(8, 'SHOWREFRESH', 'select', 'NO\r\nYES', '{\"case\":{\"YES\":{\"show\":[\"REFRESHTEXT\"],\"hide\":[]},\"NO\":{\"show\":[],\"hide\":[\"REFRESHTEXT\"]}}}', 8),
(8, 'REFRESHTEXT', 'textbox', 'REFRESH', '', 11),
(8, 'SIZE', 'textbox', '15', 'numeric', 12),
(8, 'IMAGETYPE', 'select', 'FREETYPE\r\nNOFREETYPE\r\nINVISIBLE', '{\"case\":{\"FREETYPE\":{\"show\":[\"BACKGROUNDCOLOR\",\"TEXTCOLOR\",\"TYPE\",\"FLOW\",\"LENGTH\",\"SHOWREFRESH\",\"REFRESHTEXT\",\"SIZE\"],\"hide\":[]},\"NOFREETYPE\":{\"show\":[\"BACKGROUNDCOLOR\",\"TEXTCOLOR\",\"TYPE\",\"FLOW\",\"LENGTH\",\"SHOWREFRESH\",\"REFRESHTEXT\",\"SIZE\"],\"hide\":[]},\"INVISIBLE\":{\"show\":[],\"hide\":[\"BACKGROUNDCOLOR\",\"TEXTCOLOR\",\"TYPE\",\"FLOW\",\"LENGTH\",\"SHOWREFRESH\",\"REFRESHTEXT\",\"SIZE\"]}}}', 3),
(9, 'NAME', 'textbox', '', '', 1),
(9, 'CAPTION', 'textbox', '', '', 2),
(9, 'REQUIRED', 'select', 'NO\r\nYES', '', 3),
(9, 'FILESIZE', 'textbox', '', 'numeric', 0),
(9, 'DESTINATION', 'textbox', '//<code>\r\nreturn \'components/com_rsform/uploads/\';\r\n//</code>', '', 1),
(9, 'MULTIPLE', 'select', 'NO\r\nYES', '{\"case\":{\"YES\":{\"show\":[\"FILESSEPARATOR\",\"MINFILES\",\"MAXFILES\",\"MULTIPLEPLUS\"],\"hide\":[]},\"NO\":{\"show\":[],\"hide\":[\"FILESSEPARATOR\",\"MINFILES\",\"MAXFILES\",\"MULTIPLEPLUS\"]}}}', 2),
(9, 'MULTIPLEPLUS', 'select', 'NO\r\nYES', '', 3),
(9, 'MINFILES', 'textbox', '1', 'numeric', 4),
(9, 'MAXFILES', 'textbox', '0', 'numeric', 5),
(9, 'FILESSEPARATOR', 'textbox', '<br />', '', 6),
(9, 'ACCEPTEDFILES', 'textarea', '', 'oneperline', 7),
(9, 'ACCEPTEDFILESIMAGES', 'select', 'NO\r\nYES', '{\"case\":{\"YES\":{\"show\":[\"THUMBSIZE\",\"THUMBQUALITY\",\"SHOWIMAGEPREVIEW\",\"THUMBEXTENSION\"],\"hide\":[\"ACCEPTEDFILES\"]},\"NO\":{\"show\":[\"ACCEPTEDFILES\"],\"hide\":[\"THUMBSIZE\",\"THUMBQUALITY\",\"SHOWIMAGEPREVIEW\",\"THUMBEXTENSION\"]}}}', 7),
(9, 'SHOWIMAGEPREVIEW', 'select', 'NO\r\nYES', '', 8),
(9, 'THUMBSIZE', 'textbox', '220', 'numeric', 9),
(9, 'THUMBQUALITY', 'textbox', '75', 'numeric', 10),
(9, 'THUMBEXTENSION', 'select', 'jpg\r\npng\r\nwebp', '', 11),
(9, 'SANITIZEFILENAME', 'select', 'NO\r\nYES', '', 101),
(9, 'ADDITIONALATTRIBUTES', 'textarea', '', '', 7),
(9, 'DESCRIPTION', 'textarea', '', '', 8),
(9, 'COMPONENTTYPE', 'hidden', '9', '', 9),
(9, 'VALIDATIONMESSAGE', 'textarea', 'INVALIDINPUT', '', 100),
(9, 'PREFIX', 'textarea', '', '', 102),
(9, 'EMAILATTACH', 'selectmultiple', '//<code>\r\nreturn RSFormProHelper::getEmailAttachOptions();\r\n//</code>', '', 103),
(10, 'NAME', 'textbox', '', '', 1),
(10, 'TEXT', 'textarea', '', '', 1),
(10, 'COMPONENTTYPE', 'hidden', '10', '', 9),
(11, 'NAME', 'textbox', '', '', 1),
(11, 'DEFAULTVALUE', 'textarea', '', '', 2),
(11, 'ADDITIONALATTRIBUTES', 'textarea', '', '', 1),
(11, 'COMPONENTTYPE', 'hidden', '11', '', 9),
(13, 'NAME', 'textbox', '', '', 1),
(13, 'CAPTION', 'textbox', '', '', 3),
(13, 'LABEL', 'textbox', '', '', 2),
(13, 'RESET', 'select', 'NO\r\nYES', '{\"case\":{\"YES\":{\"show\":[\"RESETLABEL\"],\"hide\":[]},\"NO\":{\"show\":[],\"hide\":[\"RESETLABEL\"]}}}', 6),
(13, 'RESETLABEL', 'textbox', '', '', 7),
(13, 'ADDITIONALATTRIBUTES', 'textarea', '', '', 9),
(13, 'COMPONENTTYPE', 'hidden', '13', '', 12),
(13, 'ALLOWHTML', 'select', 'NO\nYES', '', 12),
(13, 'PREVBUTTON', 'textbox', '< Prev', '', 8),
(13, 'DISPLAYPROGRESS', 'select', 'NO\r\nAUTO\r\nYES', '{\"case\":{\"YES\":{\"show\":[\"DISPLAYPROGRESSMSG\"],\"hide\":[]},\"NO\":{\"show\":[],\"hide\":[\"DISPLAYPROGRESSMSG\"]}, \"AUTO\":{\"show\":[],\"hide\":[\"DISPLAYPROGRESSMSG\"]}}}', 9),
(13, 'DISPLAYPROGRESSMSG', 'textarea', '<div>\r\n <p><em>Page <strong>{page}</strong> of {total}</em></p>\r\n <div class=\"rsformProgressContainer\">\r\n  <div class=\"rsformProgressBar\" style=\"width: {percent}%;\"></div>\r\n </div>\r\n</div>', '', 10),
(14, 'NAME', 'textbox', '', '', 1),
(14, 'CAPTION', 'textbox', '', '', 2),
(14, 'REQUIRED', 'select', 'NO\r\nYES', '', 3),
(14, 'SIZE', 'textbox', '', 'numeric', 4),
(14, 'MAXSIZE', 'textbox', '', 'numeric', 5),
(14, 'DEFAULTVALUE', 'textarea', '', '', 6),
(14, 'ADDITIONALATTRIBUTES', 'textarea', '', '', 7),
(14, 'COMPONENTTYPE', 'hidden', '14', '', 8),
(14, 'DESCRIPTION', 'textarea', '', '', 100),
(14, 'VALIDATIONMESSAGE', 'textarea', 'INVALIDINPUT', '', 100),
(14, 'VALIDATIONRULE', 'select', '//<code>\r\nreturn RSFormProHelper::getValidationRules();\r\n//</code>', '', 9),
(14, 'VALIDATIONMULTIPLE', 'selectmultiple', '//<code>\r\nreturn RSFormProHelper::getValidationRules(false, true);\r\n//</code>', '', 10),
(14, 'PLACEHOLDER', 'textbox', '', '', 10),
(14, 'VALIDATIONEXTRA', 'textbox', '', '', 11),
(15, 'NAME', 'textbox', '', '', 1),
(15, 'LENGTH', 'textbox', '8', '', 4),
(15, 'ADDITIONALATTRIBUTES', 'textarea', '', '', 7),
(15, 'COMPONENTTYPE', 'hidden', '15', '', 8),
(15, 'CHARACTERS', 'select', 'ALPHANUMERIC\r\nALPHA\r\nNUMERIC', '', 3),
(15, 'TICKETTYPE', 'select', 'RANDOM\r\nSEQUENTIAL', '{\"case\":{\"RANDOM\":{\"show\":[\"CHARACTERS\", \"LENGTH\"],\"hide\":[\"LEADINGZEROLENGTH\"]},\"SEQUENTIAL\":{\"show\":[\"LEADINGZEROLENGTH\"],\"hide\":[\"CHARACTERS\", \"LENGTH\"]}}}', 2),
(15, 'LEADINGZEROLENGTH', 'select', '0\r\n1\r\n2\r\n3\r\n4\r\n5\r\n6\r\n7\r\n8\r\n9\r\n10', '', 5),
(41, 'NAME', 'textbox', '', '', 1),
(41, 'COMPONENTTYPE', 'hidden', '41', '', 5),
(41, 'NEXTBUTTON', 'textbox', 'Next >', '', 2),
(41, 'PREVBUTTON', 'textbox', '< Prev', '', 3),
(41, 'ADDITIONALATTRIBUTES', 'textarea', '', '', 4),
(41, 'VALIDATENEXTPAGE', 'select', 'NO\r\nYES', '', 5),
(41, 'DISPLAYPROGRESS', 'select', 'NO\r\nAUTO\r\nYES', '{\"case\":{\"YES\":{\"show\":[\"DISPLAYPROGRESSMSG\"],\"hide\":[]},\"NO\":{\"show\":[],\"hide\":[\"DISPLAYPROGRESSMSG\"]}, \"AUTO\":{\"show\":[],\"hide\":[\"DISPLAYPROGRESSMSG\"]}}}', 6),
(41, 'DISPLAYPROGRESSMSG', 'textarea', '<div>\r\n <p><em>Page <strong>{page}</strong> of {total}</em></p>\r\n <div class=\"rsformProgressContainer\">\r\n  <div class=\"rsformProgressBar\" style=\"width: {percent}%;\"></div>\r\n </div>\r\n</div>', '', 7),
(41, 'ALLOWHTML', 'select', 'NO\nYES', '', 9),
(211, 'VALIDATION_ALLOW_INCORRECT_DATE', 'select', 'NO\r\nYES', '', 0),
(211, 'NAME', 'textbox', '', '', 1),
(211, 'VALIDATIONRULE_DATE', 'select', '//<code>\r\nreturn RSFormProHelper::getDateValidationRules();\r\n//</code>', '', 1),
(211, 'CAPTION', 'textbox', '', '', 2),
(211, 'DESCRIPTION', 'textarea', '', '', 3),
(211, 'REQUIRED', 'select', 'NO\r\nYES', '', 4),
(211, 'VALIDATIONMESSAGE', 'textarea', 'INVALIDINPUT', '', 5),
(211, 'DATEORDERING', 'select', 'DMY\r\nMDY\r\nYMD\r\nYDM\r\nMYD\r\nDYM', '', 6),
(211, 'DATESEPARATOR', 'textbox', ' / ', '', 7),
(211, 'SHOWDAY', 'select', 'YES\r\nNO', '{\"case\":{\"YES\":{\"show\":[\"SHOWDAYPLEASE\" ,\"SHOWDAYTYPE\"],\"hide\":[]},\"NO\":{\"show\":[],\"hide\":[\"SHOWDAYPLEASE\" ,\"SHOWDAYTYPE\"]}}}', 8),
(211, 'SHOWDAYPLEASE', 'textbox', 'Day', '', 9),
(211, 'SHOWDAYTYPE', 'select', 'DAY_TYPE_01\r\nDAY_TYPE_1', '', 10),
(211, 'SHOWMONTH', 'select', 'YES\r\nNO', '{\"case\":{\"YES\":{\"show\":[\"SHOWMONTHPLEASE\" ,\"SHOWMONTHTYPE\"],\"hide\":[]},\"NO\":{\"show\":[],\"hide\":[\"SHOWMONTHPLEASE\" ,\"SHOWMONTHTYPE\"]}}}', 11),
(211, 'SHOWMONTHPLEASE', 'textbox', 'Month', '', 12),
(211, 'SHOWMONTHTYPE', 'select', 'MONTH_TYPE_01\r\nMONTH_TYPE_1\r\nMONTH_TYPE_TEXT_SHORT\r\nMONTH_TYPE_TEXT_LONG', '', 13),
(211, 'SHOWYEAR', 'select', 'YES\r\nNO', '{\"case\":{\"YES\":{\"show\":[\"SHOWYEARPLEASE\" ,\"STARTYEAR\", \"ENDYEAR\"],\"hide\":[]},\"NO\":{\"show\":[],\"hide\":[\"SHOWYEARPLEASE\" ,\"STARTYEAR\", \"ENDYEAR\"]}}}', 14),
(211, 'SHOWYEARPLEASE', 'textbox', 'Year', '', 15),
(211, 'STARTYEAR', 'textbox', '1960', '', 16),
(211, 'ENDYEAR', 'textbox', '0', '', 17),
(211, 'STORELEADINGZERO', 'select', 'NO\r\nYES', '', 18),
(211, 'ADDITIONALATTRIBUTES', 'textarea', '', '', 18),
(211, 'COMPONENTTYPE', 'hidden', '211', '', 19),
(212, 'NAME', 'textbox', '', '', 0),
(212, 'CAPTION', 'textbox', '', '', 1),
(212, 'DESCRIPTION', 'textarea', '', '', 3),
(212, 'REQUIRED', 'select', 'NO\r\nYES', '{\"case\":{\"YES\":{\"show\":[\"VALIDATIONMESSAGE\"],\"hide\":[]},\"NO\":{\"show\":[],\"hide\":[\"VALIDATIONMESSAGE\"]}}}', 4),
(212, 'VALIDATIONMESSAGE', 'textarea', 'INVALIDINPUT', '', 5),
(212, 'DEFAULTVALUE', 'textarea', '', '', 2),
(212, 'ADDITIONALATTRIBUTES', 'textarea', '', '', 6),
(212, 'MAPWIDTH', 'textbox', '450px', '', 7),
(212, 'MAPHEIGHT', 'textbox', '300px', '', 8),
(212, 'REQUESTLOCATION', 'select', 'NO\r\nYES', '', 9),
(212, 'MAPCENTER', 'textbox', '39.5500507,-105.7820674', '', 9),
(212, 'COMPONENTTYPE', 'hidden', '212', '', 12),
(212, 'SIZE', 'textbox', '20', 'numeric', 13),
(212, 'MAPZOOM', 'textbox', '10', 'numeric', 10),
(212, 'MAPRESULT', 'select', 'ADDRESS\r\nCOORDINATES', '', 12),
(212, 'MAPTYPE', 'select', 'ROADMAP\r\nSATELLITE\r\nHYBRID\r\nTERRAIN', '', 13),
(212, 'GEOLOCATION', 'select', 'NO\r\nYES', '', 11),
(411, 'NAME', 'textbox', '', '', 1),
(411, 'CAPTION', 'textbox', '', '', 2),
(411, 'DEFAULTVALUE', 'textarea', '', '', 3),
(411, 'DESCRIPTION', 'textarea', '', '', 4),
(411, 'REQUIRED', 'select', 'NO\r\nYES', '', 5),
(411, 'VALIDATIONRULE', 'select', '//<code>\r\nreturn RSFormProHelper::getValidationRules(false, array(\'alpha\',\'numeric\',\'alphanumeric\',\'alphaaccented\',\'alphanumericaccented\',\'email\',\'emaildns\',\'uszipcode\',\'phonenumber\',\'creditcard\',\'custom\',\'password\',\'restrictedwords\',\'restrictedtext\',\'ipaddress\',\'validurl\',\'multiplerules\',\'iban\',\'minlength\',\'maxlength\'));\r\n//</code>', '', 6),
(411, 'VALIDATIONMULTIPLE', 'selectmultiple', '//<code>\r\nreturn RSFormProHelper::getValidationRules(false, true);\r\n//</code>', '', 7),
(411, 'VALIDATIONCALENDAR', 'select', '//<code>\nreturn RSFormProHelper::getOtherCalendars(411);\n//</code>', '{\"case\":{\"\":{\"show\":[],\"hide\":[\"VALIDATIONCALENDAROFFSET\"]}},\"indexcase\":{\"min\":{\"show\":[\"VALIDATIONCALENDAROFFSET\"],\"hide\":[]},\"max\":{\"show\":[\"VALIDATIONCALENDAROFFSET\"],\"hide\":[]}}}', 8),
(411, 'VALIDATIONCALENDAROFFSET', 'textbox', '1', 'numeric', 9),
(411, 'VALIDATIONMESSAGE', 'textarea', 'INVALIDINPUT', '', 10),
(411, 'VALIDATIONDATE', 'select', 'YES\r\nNO', '', 11),
(411, 'VALIDATIONEXTRA', 'textbox', '', '', 8),
(411, 'DATEFORMAT', 'textbox', 'd-m-Y H:i', '', 8),
(411, 'MINDATEJQ', 'textarea', '', '', 9),
(411, 'MAXDATEJQ', 'textarea', '', '', 10),
(411, 'ALLOWDATERE', 'textbox', '', '', 11),
(411, 'ALLOWDATES', 'textarea', '', '', 12),
(411, 'DISABLEDDATES', 'textarea', '', '', 13),
(411, 'DISABLEDWEEKDAYS', 'textarea', '', '', 14),
(411, 'TIMEPICKER', 'select', 'YES\r\nNO', '{\"case\":{\"YES\":{\"show\":[\"TIMEPICKERFORMAT\", \"TIMESTEP\",\"MINTIMEJQ\", \"MAXTIMEJQ\"],\"hide\":[]},\"NO\":{\"show\":[],\"hide\":[\"TIMEPICKERFORMAT\", \"TIMESTEP\",\"MINTIMEJQ\", \"MAXTIMEJQ\"]}}}', 15),
(411, 'TIMEPICKERFORMAT', 'textbox', 'H:i', '', 16),
(411, 'TIMESTEP', 'textbox', '30', '', 17),
(411, 'MINTIMEJQ', 'textarea', '', '', 18),
(411, 'MAXTIMEJQ', 'textarea', '', '', 19),
(411, 'ADDITIONALATTRIBUTES', 'textarea', '', '', 20),
(411, 'CALENDARLAYOUT', 'select', 'FLAT\r\nPOPUP', '{\"case\":{\"POPUP\":{\"show\":[\"READONLY\", \"POPUPLABEL\", \"ALLOWHTML\",\"PLACEHOLDER\"],\"hide\":[]},\"FLAT\":{\"show\":[],\"hide\":[\"READONLY\", \"POPUPLABEL\", \"ALLOWHTML\",\"PLACEHOLDER\"]}}}', 21),
(411, 'READONLY', 'select', 'NO\r\nYES', '', 22),
(411, 'POPUPLABEL', 'textbox', '...', '', 23),
(411, 'ALLOWHTML', 'select', 'NO\nYES', '', 24),
(411, 'THEME', 'select', 'DEFAULT\r\nDARK', '', 25),
(411, 'PLACEHOLDER', 'textbox', '', '', 26),
(411, 'COMPONENTTYPE', 'hidden', '411', '', 200),
(355, 'NAME', 'textbox', '', '', 1),
(355, 'CAPTION', 'textbox', '', '', 2),
(355, 'DEFAULTVALUE', 'textarea', '', '', 3),
(355, 'DESCRIPTION', 'textarea', '', '', 4),
(355, 'REQUIRED', 'select', 'NO\r\nYES', '{\"case\":{\"YES\":{\"show\":[\"VALIDATIONMESSAGE\"],\"hide\":[]},\"NO\":{\"show\":[],\"hide\":[\"VALIDATIONMESSAGE\"]}}}', 5),
(355, 'VALIDATIONMESSAGE', 'textarea', 'INVALIDINPUT', '', 6),
(355, 'SLIDERTYPE', 'select', 'SINGLE\r\nDOUBLE', '{\"case\":{\"SINGLE\":{\"show\":[],\"hide\":[\"FROMFIXED\",\"TOFIXED\"]},\"DOUBLE\":{\"show\":[\"FROMFIXED\",\"TOFIXED\"],\"hide\":[]}}}', 7),
(355, 'SKIN', 'select', 'FLAT\r\nHTML5\r\nMODERN\r\nNICE\r\nSIMPLE', '', 8),
(355, 'USEVALUES', 'select', 'NO\r\nYES', '{\"case\":{\"YES\":{\"show\":[\"VALUES\"],\"hide\":[\"MINVALUE\", \"MAXVALUE\", \"GRIDSNAP\", \"GRIDSTEP\"]},\"NO\":{\"show\":[\"MINVALUE\", \"MAXVALUE\", \"GRIDSNAP\", \"GRIDSTEP\"],\"hide\":[\"VALUES\"]}}}', 9),
(355, 'VALUES', 'textarea', '', '', 10),
(355, 'MINVALUE', 'textbox', '0', 'numeric', 11),
(355, 'MAXVALUE', 'textbox', '100', 'numeric', 12),
(355, 'GRID', 'select', 'YES\r\nNO', '', 13),
(355, 'GRIDSNAP', 'select', 'NO\r\nYES', '', 14),
(355, 'GRIDSTEP', 'textbox', '10', 'numeric', 15),
(355, 'FORCEEDGES', 'select', 'YES\r\nNO', '', 16),
(355, 'FROMFIXED', 'select', 'NO\r\nYES', '', 17),
(355, 'TOFIXED', 'select', 'NO\r\nYES', '', 18),
(355, 'KEYBOARD', 'select', 'NO\r\nYES', '', 19),
(355, 'READONLY', 'select', 'NO\r\nYES', '', 20),
(355, 'COMPONENTTYPE', 'hidden', '355', '', 21),
(16, 'NAME', 'textbox', '', '', 1),
(16, 'CAPTION', 'textbox', '', '', 2),
(16, 'LABEL', 'textbox', 'HASHCASH_CLICK_ME', '', 3),
(16, 'DESCRIPTION', 'textarea', '', '', 4),
(16, 'DIFFICULTY', 'textbox', '4', 'numeric', 3),
(16, 'ADDITIONALATTRIBUTES', 'textarea', '', '', 7),
(16, 'COMPONENTTYPE', 'hidden', '16', '', 9),
(16, 'VALIDATIONMESSAGE', 'textarea', 'INVALIDINPUT', '', 100),
(200, 'NAME', 'textbox', '', '', 1),
(200, 'CAPTION', 'textbox', '', '', 2),
(200, 'SELECTFIELD', 'select', '//<code>\nreturn RSFormProHelper::getPreviewFields();\n//</code>', '', 1),
(200, 'TEXT', 'textarea', '{value}', '', 2),
(200, 'COMPONENTTYPE', 'hidden', '200', '', 9),
(201, 'NAME', 'textbox', '', '', 1),
(201, 'CAPTION', 'textbox', '', '', 2),
(201, 'REQUIRED', 'select', 'NO\r\nYES', '', 3),
(201, 'SIZE', 'textbox', '20', 'numeric', 4),
(201, 'VALIDATIONRULE', 'select', '//<code>\r\nreturn RSFormProHelper::getValidationRules(false, array(\'alpha\',\'numeric\',\'alphanumeric\',\'alphaaccented\',\'alphanumericaccented\',\'email\',\'emaildns\',\'uszipcode\',\'phonenumber\',\'creditcard\',\'custom\',\'password\',\'ipaddress\',\'validurl\',\'multiplerules\',\'restrictedwords\',\'restrictedtext\',\'iban\',\'minlength\',\'maxlength\'));\r\n//</code>', '', 6),
(201, 'VALIDATIONMULTIPLE', 'selectmultiple', '//<code>\r\nreturn RSFormProHelper::getValidationRules(false, true);\r\n//</code>', '', 7),
(201, 'VALIDATIONEXTRA', 'textbox', '', '', 7),
(201, 'VALIDATIONPHONE', 'select', 'NO\r\nYES', '', 8),
(201, 'VALIDATIONMESSAGE', 'textarea', 'INVALIDINPUT', '', 9),
(201, 'ADDITIONALATTRIBUTES', 'textarea', '', '', 8),
(201, 'DEFAULTVALUE', 'textarea', '', '', 9),
(201, 'PLACEHOLDER', 'textbox', '', '', 10),
(201, 'DESCRIPTION', 'textarea', '', '', 11),
(201, 'HIDEFLAGS', 'select', 'NO\r\nYES', '', 12),
(201, 'HIDECOUNTRYDROPDOWN', 'select', 'NO\r\nYES', '{\"case\":{\"YES\":{\"show\":[],\"hide\":[\"ONLYCOUNTRIES\"]},\"NO\":{\"show\":[\"ONLYCOUNTRIES\"],\"hide\":[]}}}', 13),
(201, 'ONLYCOUNTRIES', 'textarea', '', '', 14),
(201, 'INITIALCOUNTRY', 'select', 'AUTODETECTCOUNTRY\r\nMANUALCOUNTRY', '{\"case\":{\"AUTODETECTCOUNTRY\":{\"show\":[],\"hide\":[\"MANUALCOUNTRY\"]},\"MANUALCOUNTRY\":{\"show\":[\"MANUALCOUNTRY\"],\"hide\":[]}}}', 15),
(201, 'MANUALCOUNTRY', 'select', ' AF\r\n AX\r\n AL\r\n DZ\r\n AS\r\n AD\r\n AO\r\n AI\r\n AQ\r\n AG\r\n AR\r\n AM\r\n AW\r\n AU\r\n AT\r\n AZ\r\n BS\r\n BH\r\n BD\r\n BB\r\n BY\r\n BE\r\n BZ\r\n BJ\r\n BM\r\n BT\r\n BO\r\n BA\r\n BW\r\n BV\r\n BR\r\n IO\r\n VG\r\n BN\r\n BG\r\n BF\r\n BI\r\n KH\r\n CM\r\n CA\r\n CV\r\n BQ\r\n KY\r\n CF\r\n TD\r\n CL\r\n CN\r\n CX\r\n CC\r\n CO\r\n KM\r\n CG\r\n CD\r\n CK\r\n CR\r\n CI\r\n  HR\r\n CU\r\n CW\r\n CY\r\n CZ\r\n DK\r\n DJ\r\n DM\r\n DO\r\n EC\r\n EG\r\n SV\r\n GQ\r\n ER\r\n EE\r\n SZ\r\n ET\r\n FK\r\n FO\r\n FJ\r\n FI\r\n FR\r\n GF\r\n PF\r\n TF\r\n GA\r\n GM\r\n GE\r\n DE\r\n GH\r\n GI\r\n GR\r\n GL\r\n GD\r\n GP\r\n GU\r\n GT\r\n GG\r\n GN\r\n GW\r\n GY\r\n HT\r\n HM\r\n HN\r\n HK\r\n HU\r\n IS\r\n IN\r\n ID\r\n IR\r\n IQ\r\n IE\r\n IM\r\n IL\r\n IT\r\n JM\r\n JP\r\n JE\r\n JO\r\n KZ\r\n KE\r\n KI\r\n KW\r\n KG\r\n LA\r\n LV\r\n LB\r\n LS\r\n LR\r\n LY\r\n LI\r\n LT\r\n LU\r\n MO\r\n MG\r\n MW\r\n MY\r\n MV\r\n ML\r\n MT\r\n MH\r\n MQ\r\n MR\r\n MU\r\n YT\r\n MX\r\n FM\r\n MD\r\n MC\r\n MN\r\n ME\r\n MS\r\n MA\r\n MZ\r\n MM\r\n NA\r\n NR\r\n NP\r\n NL\r\n NC\r\n NZ\r\n NI\r\n NE\r\n NG\r\n NU\r\n NF\r\n KP\r\n MK\r\n MP\r\n NO\r\n OM\r\n PK\r\n PW\r\n PS\r\n PA\r\n PG\r\n PY\r\n PE\r\n PH\r\n PN\r\n PL\r\n PT\r\n PR\r\n QA\r\n RE\r\n RO\r\n RU\r\n RW\r\n WS\r\n SM\r\n ST\r\n SA\r\n SN\r\n RS\r\n SC\r\n SL\r\n SG\r\n SX\r\n SK\r\n SI\r\n SB\r\n SO\r\n ZA\r\n GS\r\n KR\r\n SS\r\n ES\r\n LK\r\n BL\r\n SH\r\n KN\r\n LC\r\n MF\r\n PM\r\n VC\r\n SD\r\n SR\r\n SJ\r\n SE\r\n CH\r\n SY\r\n TW\r\n TJ\r\n TZ\r\n TH\r\n TL\r\n TG\r\n TK\r\n TO\r\n TT\r\n TN\r\n TR\r\n TM\r\n TC\r\n TV\r\n UM\r\n VI\r\n UG\r\n UA\r\n AE\r\n GB\r\n US\r\n UY\r\n UZ\r\n VU\r\n VA\r\n VE\r\n VN\r\n WF\r\n EH\r\n YE\r\n ZM\r\n ZW', '', 16),
(201, 'COMPONENTTYPE', 'hidden', '201', '', 15),
(202, 'NAME', 'textbox', '', '', 1),
(202, 'CAPTION', 'textbox', '', '', 2),
(202, 'REQUIRED', 'select', 'NO\r\nYES', '', 3),
(202, 'VALIDATIONMESSAGE', 'textarea', 'INVALIDINPUT', '', 9),
(202, 'ADDITIONALATTRIBUTES', 'textarea', '', '', 8),
(202, 'DESCRIPTION', 'textarea', '', '', 11),
(202, 'QUESTIONS', 'textarea', '', '', 12),
(202, 'ANSWERS', 'textarea', '', '', 13),
(202, 'SURVEYTEMPLATE', 'textarea', '{question}: {answer}', '', 14),
(202, 'COMPONENTTYPE', 'hidden', '202', '', 15),
(2424, 'NAME', 'textbox', '', '', 0),
(2424, 'CAPTION', 'textbox', '', '', 1),
(2424, 'ADDITIONALATTRIBUTES', 'textarea', '', '', 2),
(2424, 'DESCRIPTION', 'textarea', '', '', 3),
(2424, 'VALIDATIONMESSAGE', 'textarea', 'INVALIDINPUT', '', 4),
(2424, 'THEME', 'select', 'LIGHT\r\nDARK', '', 5),
(2424, 'TYPE', 'select', 'IMAGE\r\nAUDIO', '', 6),
(2424, 'SIZE', 'select', 'NORMAL\r\nCOMPACT\r\nINVISIBLE', '{\"case\":{\"INVISIBLE\":{\"show\":[\"BADGE\"],\"hide\":[]},\"NORMAL\":{\"show\":[],\"hide\":[\"BADGE\"]},\"COMPACT\":{\"show\":[],\"hide\":[\"BADGE\"]}}}', 7),
(2424, 'BADGE', 'select', 'INLINE\r\nBOTTOMRIGHT\r\nBOTTOMLEFT', '', 8),
(2424, 'COMPONENTTYPE', 'hidden', '2424', '', 8);

-- --------------------------------------------------------

--
-- Table structure for table `o61cm_rsform_conditions`
--

CREATE TABLE `o61cm_rsform_conditions` (
  `id` int(11) NOT NULL,
  `form_id` int(11) NOT NULL,
  `action` varchar(16) NOT NULL,
  `block` tinyint(1) NOT NULL,
  `component_id` text NOT NULL,
  `condition` varchar(16) NOT NULL,
  `lang_code` varchar(32) NOT NULL,
  `ordering` int(11) NOT NULL DEFAULT 0
) ENGINE=InnoDB DEFAULT CHARSET=utf8mb3 COLLATE=utf8mb3_general_ci;

-- --------------------------------------------------------

--
-- Table structure for table `o61cm_rsform_condition_details`
--

CREATE TABLE `o61cm_rsform_condition_details` (
  `id` int(11) NOT NULL,
  `condition_id` int(11) NOT NULL,
  `component_id` int(11) NOT NULL,
  `operator` varchar(16) NOT NULL,
  `value` varchar(255) NOT NULL
) ENGINE=InnoDB DEFAULT CHARSET=utf8mb3 COLLATE=utf8mb3_general_ci;

-- --------------------------------------------------------

--
-- Table structure for table `o61cm_rsform_config`
--

CREATE TABLE `o61cm_rsform_config` (
  `SettingName` varchar(64) NOT NULL DEFAULT '',
  `SettingValue` text NOT NULL
) ENGINE=InnoDB DEFAULT CHARSET=utf8mb3 COLLATE=utf8mb3_general_ci;

--
-- Dumping data for table `o61cm_rsform_config`
--

INSERT INTO `o61cm_rsform_config` (`SettingName`, `SettingValue`) VALUES
('access_login', '0'),
('allow_unsafe', '0'),
('backup.mask', 'backup-{domain}-{date}'),
('calculations.decimal', '.'),
('calculations.nodecimals', '2'),
('calculations.thousands', ','),
('deleteafter.interval', '10'),
('deleteafter.last_run', '1771920414'),
('disposable_domains', ''),
('export.limit', '500'),
('export.mask', 'export-{formId}-{domain}-{date}'),
('global.codemirror', '0'),
('global.date_mask', 'Y-m-d H:i:s'),
('global.debug.mode', '0'),
('global.default_language', 'en-GB'),
('global.default_layout', 'responsive'),
('global.default_load_layout_framework', '1'),
('global.default_pico_color', 'indigo'),
('global.disable_multilanguage', '0'),
('global.editor', '1'),
('global.filtering', 'joomla'),
('global.grid_show_caption', '0'),
('global.grid_show_previews', '1'),
('global.iis', '0'),
('global.modal_width', '0'),
('global.preview_itemid', ''),
('global.register.code', 'DV1ZZZFS5OL1OI8Z070E'),
('global.scroll_page', '0'),
('global.scroll_page_offset', '50'),
('global.trigger_thankyou_content_plugins', '0'),
('google.api_key', ''),
('logging', '1'),
('logging_verbose', '0'),
('log_mappings', '0'),
('log_silentpost', '0'),
('multipart_mails', '1'),
('recaptchav2.asyncdefer', '0'),
('recaptchav2.domain', 'google.com'),
('recaptchav2.language', 'auto'),
('recaptchav2.noscript', '1'),
('recaptchav2.secret.key', '6Lda4w4sAAAAAIYRL_TYfpu77H0Ye-ubMKRTWghO'),
('recaptchav2.site.key', '6Lda4w4sAAAAAAeQnlGAyzytBO7LPbFzxQDpniyN'),
('request_timeout', '0'),
('use_csrf', '1');

-- --------------------------------------------------------

--
-- Table structure for table `o61cm_rsform_directory`
--

CREATE TABLE `o61cm_rsform_directory` (
  `formId` int(11) NOT NULL,
  `filename` varchar(255) NOT NULL DEFAULT 'export.pdf',
  `csvfilename` varchar(255) NOT NULL DEFAULT '{alias}.csv',
  `enablepdf` tinyint(1) NOT NULL,
  `enablecsv` tinyint(1) NOT NULL,
  `AllowCSVFullDownload` tinyint(1) NOT NULL,
  `HideEmptyValues` tinyint(1) NOT NULL,
  `ShowGoogleMap` tinyint(1) NOT NULL,
  `ViewLayout` longtext NOT NULL,
  `ViewLayoutName` text NOT NULL,
  `ViewLayoutAutogenerate` tinyint(1) NOT NULL,
  `CSS` mediumtext DEFAULT NULL,
  `JS` mediumtext DEFAULT NULL,
  `ListScript` mediumtext DEFAULT NULL,
  `EditScript` mediumtext NOT NULL,
  `SaveScript` mediumtext NOT NULL,
  `DetailsScript` mediumtext DEFAULT NULL,
  `EmailsScript` mediumtext DEFAULT NULL,
  `EmailsCreatedScript` mediumtext DEFAULT NULL,
  `groups` text NOT NULL,
  `DeletionGroups` text NOT NULL
) ENGINE=InnoDB DEFAULT CHARSET=utf8mb3 COLLATE=utf8mb3_general_ci;

-- --------------------------------------------------------

--
-- Table structure for table `o61cm_rsform_directory_fields`
--

CREATE TABLE `o61cm_rsform_directory_fields` (
  `formId` int(11) NOT NULL,
  `componentId` int(11) NOT NULL,
  `viewable` tinyint(1) NOT NULL,
  `searchable` tinyint(1) NOT NULL,
  `editable` tinyint(1) NOT NULL,
  `indetails` tinyint(1) NOT NULL,
  `incsv` tinyint(1) NOT NULL,
  `sort` tinyint(1) NOT NULL DEFAULT 0,
  `ordering` int(11) NOT NULL
) ENGINE=InnoDB DEFAULT CHARSET=utf8mb3 COLLATE=utf8mb3_general_ci;

-- --------------------------------------------------------

--
-- Table structure for table `o61cm_rsform_emails`
--

CREATE TABLE `o61cm_rsform_emails` (
  `id` int(11) NOT NULL,
  `formId` int(11) NOT NULL,
  `type` varchar(255) NOT NULL,
  `from` varchar(255) NOT NULL,
  `fromname` varchar(255) NOT NULL,
  `replyto` varchar(255) NOT NULL,
  `replytoname` varchar(255) NOT NULL,
  `to` varchar(255) NOT NULL,
  `cc` varchar(255) NOT NULL,
  `bcc` varchar(255) NOT NULL,
  `subject` varchar(255) NOT NULL,
  `mode` tinyint(1) NOT NULL,
  `message` mediumtext DEFAULT NULL
) ENGINE=InnoDB DEFAULT CHARSET=utf8mb3 COLLATE=utf8mb3_general_ci;

-- --------------------------------------------------------

--
-- Table structure for table `o61cm_rsform_forms`
--

CREATE TABLE `o61cm_rsform_forms` (
  `FormId` int(11) NOT NULL,
  `FormName` text NOT NULL,
  `FormLayout` longtext NOT NULL,
  `GridLayout` mediumtext NOT NULL,
  `FormLayoutName` text NOT NULL,
  `LoadFormLayoutFramework` tinyint(1) NOT NULL DEFAULT 1,
  `FormLayoutAutogenerate` tinyint(1) NOT NULL DEFAULT 1,
  `FormLayoutFlow` tinyint(1) NOT NULL DEFAULT 0,
  `DisableSubmitButton` tinyint(1) NOT NULL DEFAULT 0,
  `RemoveCaptchaLogged` tinyint(1) NOT NULL DEFAULT 0,
  `CSS` mediumtext DEFAULT NULL,
  `JS` mediumtext DEFAULT NULL,
  `FormTitle` text NOT NULL,
  `ShowFormTitle` tinyint(1) NOT NULL DEFAULT 1,
  `Published` tinyint(1) NOT NULL DEFAULT 1,
  `Lang` varchar(255) NOT NULL DEFAULT '',
  `ReturnUrl` text NOT NULL,
  `ShowSystemMessage` tinyint(1) NOT NULL DEFAULT 1,
  `ShowThankyou` tinyint(1) NOT NULL DEFAULT 1,
  `ScrollToThankYou` tinyint(1) NOT NULL DEFAULT 0,
  `ThankYouMessagePopUp` tinyint(1) NOT NULL DEFAULT 0,
  `Thankyou` mediumtext DEFAULT NULL,
  `ShowContinue` tinyint(1) NOT NULL DEFAULT 1,
  `UserEmailText` mediumtext DEFAULT NULL,
  `UserEmailTo` text NOT NULL,
  `UserEmailCC` text NOT NULL,
  `UserEmailBCC` text NOT NULL,
  `UserEmailFrom` varchar(255) NOT NULL DEFAULT '',
  `UserEmailReplyTo` text NOT NULL,
  `UserEmailReplyToName` text NOT NULL,
  `UserEmailFromName` varchar(255) NOT NULL DEFAULT '',
  `UserEmailSubject` varchar(255) NOT NULL DEFAULT '',
  `UserEmailMode` tinyint(4) NOT NULL DEFAULT 1,
  `UserEmailAttach` tinyint(4) NOT NULL,
  `UserEmailAttachFile` text NOT NULL,
  `UserEmailGenerate` tinyint(1) NOT NULL DEFAULT 0,
  `AdminEmailText` mediumtext DEFAULT NULL,
  `AdminEmailTo` text NOT NULL,
  `AdminEmailCC` text NOT NULL,
  `AdminEmailBCC` text NOT NULL,
  `AdminEmailFrom` varchar(255) NOT NULL DEFAULT '',
  `AdminEmailReplyTo` text NOT NULL,
  `AdminEmailReplyToName` text NOT NULL,
  `AdminEmailFromName` varchar(255) NOT NULL DEFAULT '',
  `AdminEmailSubject` varchar(255) NOT NULL DEFAULT '',
  `AdminEmailMode` tinyint(4) NOT NULL DEFAULT 1,
  `AdminEmailGenerate` tinyint(1) NOT NULL DEFAULT 0,
  `DeletionEmailText` mediumtext NOT NULL,
  `DeletionEmailTo` text NOT NULL,
  `DeletionEmailCC` text NOT NULL,
  `DeletionEmailBCC` text NOT NULL,
  `DeletionEmailFrom` text NOT NULL,
  `DeletionEmailReplyTo` text NOT NULL,
  `DeletionEmailFromName` text NOT NULL,
  `DeletionEmailSubject` text NOT NULL,
  `DeletionEmailMode` tinyint(1) NOT NULL DEFAULT 1,
  `DeletionEmailReplyToName` text NOT NULL,
  `ScriptProcess` mediumtext DEFAULT NULL,
  `ScriptProcess2` mediumtext DEFAULT NULL,
  `ScriptBeforeDisplay` mediumtext NOT NULL,
  `ScriptBeforeValidation` mediumtext NOT NULL,
  `ScriptDisplay` mediumtext DEFAULT NULL,
  `UserEmailScript` mediumtext DEFAULT NULL,
  `AdminEmailScript` mediumtext DEFAULT NULL,
  `AdditionalEmailsScript` mediumtext DEFAULT NULL,
  `MetaTitle` tinyint(1) NOT NULL,
  `MetaDesc` text NOT NULL,
  `MetaKeywords` text NOT NULL,
  `Required` varchar(255) NOT NULL DEFAULT '(*)',
  `ErrorMessage` text NOT NULL,
  `MultipleSeparator` varchar(64) NOT NULL DEFAULT '\\n',
  `TextareaNewLines` tinyint(1) NOT NULL DEFAULT 1,
  `CSSClass` varchar(255) NOT NULL,
  `CSSId` varchar(255) NOT NULL DEFAULT 'userForm',
  `CSSName` varchar(255) NOT NULL,
  `CSSAction` text NOT NULL,
  `CSSAdditionalAttributes` text NOT NULL,
  `AjaxValidation` tinyint(1) NOT NULL,
  `ScrollToError` tinyint(1) NOT NULL DEFAULT 0,
  `Keepdata` tinyint(1) NOT NULL DEFAULT 1,
  `KeepIP` tinyint(1) NOT NULL DEFAULT 1,
  `DeleteSubmissionsAfter` int(11) NOT NULL DEFAULT 0,
  `Backendmenu` tinyint(1) NOT NULL,
  `ConfirmSubmission` tinyint(1) NOT NULL DEFAULT 0,
  `ConfirmSubmissionUrl` text NOT NULL,
  `ConfirmSubmissionDefer` text NOT NULL,
  `Access` varchar(5) NOT NULL,
  `LimitSubmissions` int(11) NOT NULL DEFAULT 0
) ENGINE=InnoDB DEFAULT CHARSET=utf8mb3 COLLATE=utf8mb3_general_ci;

--
-- Dumping data for table `o61cm_rsform_forms`
--

INSERT INTO `o61cm_rsform_forms` (`FormId`, `FormName`, `FormLayout`, `GridLayout`, `FormLayoutName`, `LoadFormLayoutFramework`, `FormLayoutAutogenerate`, `FormLayoutFlow`, `DisableSubmitButton`, `RemoveCaptchaLogged`, `CSS`, `JS`, `FormTitle`, `ShowFormTitle`, `Published`, `Lang`, `ReturnUrl`, `ShowSystemMessage`, `ShowThankyou`, `ScrollToThankYou`, `ThankYouMessagePopUp`, `Thankyou`, `ShowContinue`, `UserEmailText`, `UserEmailTo`, `UserEmailCC`, `UserEmailBCC`, `UserEmailFrom`, `UserEmailReplyTo`, `UserEmailReplyToName`, `UserEmailFromName`, `UserEmailSubject`, `UserEmailMode`, `UserEmailAttach`, `UserEmailAttachFile`, `UserEmailGenerate`, `AdminEmailText`, `AdminEmailTo`, `AdminEmailCC`, `AdminEmailBCC`, `AdminEmailFrom`, `AdminEmailReplyTo`, `AdminEmailReplyToName`, `AdminEmailFromName`, `AdminEmailSubject`, `AdminEmailMode`, `AdminEmailGenerate`, `DeletionEmailText`, `DeletionEmailTo`, `DeletionEmailCC`, `DeletionEmailBCC`, `DeletionEmailFrom`, `DeletionEmailReplyTo`, `DeletionEmailFromName`, `DeletionEmailSubject`, `DeletionEmailMode`, `DeletionEmailReplyToName`, `ScriptProcess`, `ScriptProcess2`, `ScriptBeforeDisplay`, `ScriptBeforeValidation`, `ScriptDisplay`, `UserEmailScript`, `AdminEmailScript`, `AdditionalEmailsScript`, `MetaTitle`, `MetaDesc`, `MetaKeywords`, `Required`, `ErrorMessage`, `MultipleSeparator`, `TextareaNewLines`, `CSSClass`, `CSSId`, `CSSName`, `CSSAction`, `CSSAdditionalAttributes`, `AjaxValidation`, `ScrollToError`, `Keepdata`, `KeepIP`, `DeleteSubmissionsAfter`, `Backendmenu`, `ConfirmSubmission`, `ConfirmSubmissionUrl`, `ConfirmSubmissionDefer`, `Access`, `LimitSubmissions`) VALUES
(1, 'RSFormPro example', '<h2>{global:formtitle}</h2>\n{error}\n<!-- Do not remove this ID, it is used to identify the page so that the pagination script can work correctly -->\n<div class=\"formContainer formHorizontal\" id=\"rsform_{global:formid}_page_0\">\n	<div class=\"formRow\">\n		<div class=\"formSpan12\">\n			<div class=\"rsform-block rsform-block-header rsform-type-freetext{Header:errorClass}\">\n					{Header:body}\n			</div>\n			<div class=\"rsform-block rsform-block-fullname rsform-type-textbox{FullName:errorClass}\">\n				<label class=\"formControlLabel\" for=\"FullName\">{FullName:caption}<strong class=\"formRequired\">(*)</strong></label>\n				<div class=\"formControls\">\n					<div class=\"formBody\">\n						{FullName:body}\n						<span class=\"formValidation\">{FullName:validation}</span>\n						<p class=\"formDescription\">{FullName:description}</p>\n					</div>\n				</div>\n			</div>\n			<div class=\"rsform-block rsform-block-email rsform-type-textbox{Email:errorClass}\">\n				<label class=\"formControlLabel\" for=\"Email\">{Email:caption}<strong class=\"formRequired\">(*)</strong></label>\n				<div class=\"formControls\">\n					<div class=\"formBody\">\n						{Email:body}\n						<span class=\"formValidation\">{Email:validation}</span>\n						<p class=\"formDescription\">{Email:description}</p>\n					</div>\n				</div>\n			</div>\n			<div class=\"rsform-block rsform-block-companysize rsform-type-selectlist{CompanySize:errorClass}\">\n				<label class=\"formControlLabel\" for=\"CompanySize\">{CompanySize:caption}<strong class=\"formRequired\">(*)</strong></label>\n				<div class=\"formControls\">\n					<div class=\"formBody\">\n						{CompanySize:body}\n						<span class=\"formValidation\">{CompanySize:validation}</span>\n						<p class=\"formDescription\">{CompanySize:description}</p>\n					</div>\n				</div>\n			</div>\n			<div class=\"rsform-block rsform-block-position rsform-type-radiogroup{Position:errorClass}\">\n				<span class=\"formControlLabel\" id=\"Position-grouplbl\">{Position:caption}<strong class=\"formRequired\">(*)</strong></span>\n				<div class=\"formControls\" role=\"group\" aria-labelledby=\"Position-grouplbl\">\n					<div class=\"formBody\">\n						{Position:body}\n						<span class=\"formValidation\">{Position:validation}</span>\n						<p class=\"formDescription\">{Position:description}</p>\n					</div>\n				</div>\n			</div>\n			<div class=\"rsform-block rsform-block-contactby rsform-type-checkboxgroup{ContactBy:errorClass}\">\n				<span class=\"formControlLabel\" id=\"ContactBy-grouplbl\">{ContactBy:caption}</span>\n				<div class=\"formControls\" role=\"group\" aria-labelledby=\"ContactBy-grouplbl\">\n					<div class=\"formBody\">\n						{ContactBy:body}\n						<span class=\"formValidation\">{ContactBy:validation}</span>\n						<p class=\"formDescription\">{ContactBy:description}</p>\n					</div>\n				</div>\n			</div>\n			<div class=\"rsform-block rsform-block-contactwhen rsform-type-calendar{ContactWhen:errorClass}\">\n				<label class=\"formControlLabel\" for=\"txtcal1_0\">{ContactWhen:caption}<strong class=\"formRequired\">(*)</strong></label>\n				<div class=\"formControls\">\n					<div class=\"formBody\">\n						{ContactWhen:body}\n						<span class=\"formValidation\">{ContactWhen:validation}</span>\n						<p class=\"formDescription\">{ContactWhen:description}</p>\n					</div>\n				</div>\n			</div>\n			<div class=\"rsform-block rsform-block-submit rsform-type-submitbutton{Submit:errorClass}\">\n				<span class=\"formControlLabel\">{Submit:caption}</span>\n				<div class=\"formControls\">\n					<div class=\"formBody\">\n						{Submit:body}\n						<span class=\"formValidation\">{Submit:validation}</span>\n						<p class=\"formDescription\">{Submit:description}</p>\n					</div>\n				</div>\n			</div>\n			<div class=\"rsform-block rsform-block-footer rsform-type-freetext{Footer:errorClass}\">\n					{Footer:body}\n			</div>\n		</div>\n	</div>\n</div>', '[[{\"columns\":[[\"2\",\"1\",\"3\",\"4\",\"5\",\"6\",\"7\",\"8\",\"9\"]],\"sizes\":[\"12\"]}],[]]', 'responsive', 1, 1, 0, 0, 0, '', '', 'RSForm! Pro example', 1, 1, '', '', 1, 1, 0, 0, '<p>Dear {FullName:value},</p><p> thank you for your submission. One of our staff members will contact you by  {ContactBy:value} as soon as possible.</p>', 1, '<p>Dear {FullName:value},</p><p> we received your contact request. Someone will get back to you by {ContactBy:value} soon. </p>', '{Email:value}', '', '', '{global:mailfrom}', '', '', '{global:fromname}', 'Contact confirmation', 1, 0, '', 0, '<p>Customize this e-mail also. You will receive it as administrator. </p><p>{FullName:caption}:{FullName:value}<br />\n{Email:caption}:{Email:value}<br />\n{CompanySize:caption}:{CompanySize:value}<br />\n{Position:caption}:{Position:value}<br />\n{ContactBy:caption}:{ContactBy:value}<br />\n{ContactWhen:caption}:{ContactWhen:value}</p>', 'youradminemail@email.com', '', '', '{Email:value}', '', '', '{FullName:value}', 'Contact', 1, 0, '', '', '', '', '', '', '', '', 1, '', '', '', '', '', '', '', '', '', 0, '', '', '(*)', '', ', ', 1, '', 'userForm', '', '', '', 0, 0, 1, 1, 0, 0, 0, '', '', '', 0),
(2, 'RSFormPro Multipage example', '<h2>{global:formtitle}</h2>\r\n{error}\r\n<!-- Do not remove this ID, it is used to identify the page so that the pagination script can work correctly -->\r\n<fieldset class=\"formHorizontal formContainer\" id=\"rsform_2_page_0\">\r\n	<div class=\"rsform-block rsform-block-header\">\r\n		<div class=\"formControlLabel\">{Header:caption}</div>\r\n		<div class=\"formControls\">\r\n		<div class=\"formBody\">{Header:body}<span class=\"formValidation\">{Header:validation}</span></div>\r\n		<p class=\"formDescription\">{Header:description}</p>\r\n		</div>\r\n	</div>\r\n	<div class=\"rsform-block rsform-block-fullname\">\r\n		<div class=\"formControlLabel\">{FullName:caption}<strong class=\"formRequired\">(*)</strong></div>\r\n		<div class=\"formControls\">\r\n		<div class=\"formBody\">{FullName:body}<span class=\"formValidation\">{FullName:validation}</span></div>\r\n		<p class=\"formDescription\">{FullName:description}</p>\r\n		</div>\r\n	</div>\r\n	<div class=\"rsform-block rsform-block-email\">\r\n		<div class=\"formControlLabel\">{Email:caption}<strong class=\"formRequired\">(*)</strong></div>\r\n		<div class=\"formControls\">\r\n		<div class=\"formBody\">{Email:body}<span class=\"formValidation\">{Email:validation}</span></div>\r\n		<p class=\"formDescription\">{Email:description}</p>\r\n		</div>\r\n	</div>\r\n	<div class=\"rsform-block rsform-block-page1\">\r\n		<div class=\"formControlLabel\">&nbsp;</div>\r\n		<div class=\"formControls\">\r\n		<div class=\"formBody\">{Page1:body}</div>\r\n		</div>\r\n	</div>\r\n	</fieldset>\r\n<!-- Do not remove this ID, it is used to identify the page so that the pagination script can work correctly -->\r\n<fieldset class=\"formHorizontal formContainer\" id=\"rsform_2_page_1\">\r\n	<div class=\"rsform-block rsform-block-companyheader\">\r\n		<div class=\"formControlLabel\">{CompanyHeader:caption}</div>\r\n		<div class=\"formControls\">\r\n		<div class=\"formBody\">{CompanyHeader:body}<span class=\"formValidation\">{CompanyHeader:validation}</span></div>\r\n		<p class=\"formDescription\">{CompanyHeader:description}</p>\r\n		</div>\r\n	</div>\r\n	<div class=\"rsform-block rsform-block-companysize\">\r\n		<div class=\"formControlLabel\">{CompanySize:caption}<strong class=\"formRequired\">(*)</strong></div>\r\n		<div class=\"formControls\">\r\n		<div class=\"formBody\">{CompanySize:body}<span class=\"formValidation\">{CompanySize:validation}</span></div>\r\n		<p class=\"formDescription\">{CompanySize:description}</p>\r\n		</div>\r\n	</div>\r\n	<div class=\"rsform-block rsform-block-position\">\r\n		<div class=\"formControlLabel\">{Position:caption}<strong class=\"formRequired\">(*)</strong></div>\r\n		<div class=\"formControls\">\r\n		<div class=\"formBody\">{Position:body}<span class=\"formValidation\">{Position:validation}</span></div>\r\n		<p class=\"formDescription\">{Position:description}</p>\r\n		</div>\r\n	</div>\r\n	<div class=\"rsform-block rsform-block-page2\">\r\n		<div class=\"formControlLabel\">&nbsp;</div>\r\n		<div class=\"formControls\">\r\n		<div class=\"formBody\">{Page2:body}</div>\r\n		</div>\r\n	</div>\r\n	</fieldset>\r\n<!-- Do not remove this ID, it is used to identify the page so that the pagination script can work correctly -->\r\n<fieldset class=\"formHorizontal formContainer\" id=\"rsform_2_page_2\">\r\n	<div class=\"rsform-block rsform-block-contactheader\">\r\n		<div class=\"formControlLabel\">{ContactHeader:caption}</div>\r\n		<div class=\"formControls\">\r\n		<div class=\"formBody\">{ContactHeader:body}<span class=\"formValidation\">{ContactHeader:validation}</span></div>\r\n		<p class=\"formDescription\">{ContactHeader:description}</p>\r\n		</div>\r\n	</div>\r\n	<div class=\"rsform-block rsform-block-contactby\">\r\n		<div class=\"formControlLabel\">{ContactBy:caption}</div>\r\n		<div class=\"formControls\">\r\n		<div class=\"formBody\">{ContactBy:body}<span class=\"formValidation\">{ContactBy:validation}</span></div>\r\n		<p class=\"formDescription\">{ContactBy:description}</p>\r\n		</div>\r\n	</div>\r\n	<div class=\"rsform-block rsform-block-contactwhen\">\r\n		<div class=\"formControlLabel\">{ContactWhen:caption}<strong class=\"formRequired\">(*)</strong></div>\r\n		<div class=\"formControls\">\r\n		<div class=\"formBody\">{ContactWhen:body}<span class=\"formValidation\">{ContactWhen:validation}</span></div>\r\n		<p class=\"formDescription\">{ContactWhen:description}</p>\r\n		</div>\r\n	</div>\r\n	<div class=\"rsform-block rsform-block-submit\">\r\n		<div class=\"formControlLabel\">{Submit:caption}</div>\r\n		<div class=\"formControls\">\r\n		<div class=\"formBody\">{Submit:body}<span class=\"formValidation\">{Submit:validation}</span></div>\r\n		<p class=\"formDescription\">{Submit:description}</p>\r\n		</div>\r\n	</div>\r\n	<div class=\"rsform-block rsform-block-footer\">\r\n		<div class=\"formControlLabel\">{Footer:caption}</div>\r\n		<div class=\"formControls\">\r\n		<div class=\"formBody\">{Footer:body}<span class=\"formValidation\">{Footer:validation}</span></div>\r\n		<p class=\"formDescription\">{Footer:description}</p>\r\n		</div>\r\n	</div>\r\n</fieldset>\r\n', '', 'responsive', 1, 1, 0, 0, 0, '', '', 'RSForm! Pro Multipage example', 1, 1, '', '', 1, 1, 0, 0, '<p>Dear {FullName:value},</p><p> thank you for your submission. One of our staff members will contact you by  {ContactBy:value} as soon as possible.</p>', 1, '<p>Dear {FullName:value},</p><p> we received your contact request. Someone will get back to you by {ContactBy:value} soon. </p>', '{Email:value}', '', '', '{global:mailfrom}', '', '', '{global:fromname}', 'Contact confirmation', 1, 0, '', 0, '<p>Customize this e-mail also. You will receive it as administrator. </p><p>{FullName:caption}:{FullName:value}<br />\n{Email:caption}:{Email:value}<br />\n{CompanySize:caption}:{CompanySize:value}<br />\n{Position:caption}:{Position:value}<br />\n{ContactBy:caption}:{ContactBy:value}<br />\n{ContactWhen:caption}:{ContactWhen:value}</p>', 'youradminemail@email.com', '', '', '{global:mailfrom}', '{Email:value}', '', '{FullName:value}', 'Contact request', 1, 0, '', '', '', '', '', '', '', '', 1, '', '', '', '', '', '', '', '', '', 0, 'This is the meta description of your form. You can use it for SEO purposes.', 'rsform, contact, form, joomla', '(*)', '<p class=\"formRed\">Please complete all required fields!</p>', ', ', 1, '', 'userForm', '', '', '', 0, 0, 1, 1, 0, 0, 0, '', '', '', 0),
(3, 'borang-maklumbalas', '{error}\r\n<!-- Do not remove this ID, it is used to identify the page so that the pagination script can work correctly -->\r\n<div class=\"formContainer\" id=\"rsform_{global:formid}_page_0\">\r\n	<div class=\"form-row\">\r\n		<div class=\"col-md-12\">\r\n			<div class=\"form-group row rsform-block rsform-block-nama rsform-type-textbox{Nama:errorClass}\">\r\n				<label class=\"col-sm-3 control-label formControlLabel\" data-toggle=\"tooltip\" title=\"{Nama:descriptionhtml}\" for=\"Nama\">{Nama:caption}<strong class=\"formRequired\">(*)</strong></label>\r\n				<div class=\"formControls col-sm-9\">\r\n					{Nama:body}\r\n					<div><span class=\"formValidation\">{Nama:validation}</span></div>\r\n				</div>\r\n			</div>\r\n			<div class=\"form-group row rsform-block rsform-block-jenis-borang rsform-type-selectlist{Jenis Borang:errorClass}\">\r\n				<label class=\"col-sm-3 control-label formControlLabel\" data-toggle=\"tooltip\" title=\"{Jenis Borang:descriptionhtml}\" for=\"Jenis Borang\">{Jenis Borang:caption}<strong class=\"formRequired\">(*)</strong></label>\r\n				<div class=\"formControls col-sm-9\">\r\n					{Jenis Borang:body}\r\n					<div><span class=\"formValidation\">{Jenis Borang:validation}</span></div>\r\n				</div>\r\n			</div>\r\n			<div class=\"form-group row rsform-block rsform-block-emel rsform-type-textbox{Emel:errorClass}\">\r\n				<label class=\"col-sm-3 control-label formControlLabel\" data-toggle=\"tooltip\" title=\"{Emel:descriptionhtml}\" for=\"Emel\">{Emel:caption}</label>\r\n				<div class=\"formControls col-sm-9\">\r\n					{Emel:body}\r\n					<div><span class=\"formValidation\">{Emel:validation}</span></div>\r\n				</div>\r\n			</div>\r\n			<div class=\"form-group row rsform-block rsform-block-subjek rsform-type-textbox{Subjek:errorClass}\">\r\n				<label class=\"col-sm-3 control-label formControlLabel\" data-toggle=\"tooltip\" title=\"{Subjek:descriptionhtml}\" for=\"Subjek\">{Subjek:caption}<strong class=\"formRequired\">(*)</strong></label>\r\n				<div class=\"formControls col-sm-9\">\r\n					{Subjek:body}\r\n					<div><span class=\"formValidation\">{Subjek:validation}</span></div>\r\n				</div>\r\n			</div>\r\n			<div class=\"form-group row rsform-block rsform-block-mesej rsform-type-textarea{Mesej:errorClass}\">\r\n				<label class=\"col-sm-3 control-label formControlLabel\" data-toggle=\"tooltip\" title=\"{Mesej:descriptionhtml}\" for=\"Mesej\">{Mesej:caption}<strong class=\"formRequired\">(*)</strong></label>\r\n				<div class=\"formControls col-sm-9\">\r\n					{Mesej:body}\r\n					<div><span class=\"formValidation\">{Mesej:validation}</span></div>\r\n				</div>\r\n			</div>\r\n			<div class=\"form-group row rsform-block rsform-block-pengesahan rsform-type-recaptchav2{Pengesahan:errorClass}\">\r\n				<label class=\"col-sm-3 control-label formControlLabel\" data-toggle=\"tooltip\" title=\"{Pengesahan:descriptionhtml}\" for=\"Pengesahan\">{Pengesahan:caption}<strong class=\"formRequired\">(*)</strong></label>\r\n				<div class=\"formControls col-sm-9\">\r\n					{Pengesahan:body}\r\n					<div><span class=\"formValidation\">{Pengesahan:validation}</span></div>\r\n				</div>\r\n			</div>\r\n			<div class=\"form-group row rsform-block rsform-block-hantar rsform-type-submitbutton{Hantar:errorClass}\">\r\n				<span class=\"col-sm-3 control-label formControlLabel\" data-toggle=\"tooltip\" title=\"{Hantar:descriptionhtml}\">{Hantar:caption}</span>\r\n				<div class=\"formControls col-sm-9\">\r\n					{Hantar:body}\r\n					<div><span class=\"formValidation\">{Hantar:validation}</span></div>\r\n				</div>\r\n			</div>\r\n			<div class=\"form-group rsform-block rsform-block-nota rsform-type-freetext{nota:errorClass}\">\r\n					{nota:body}\r\n			</div>\r\n		</div>\r\n	</div>\r\n</div>', '[[{\"columns\":[[\"24\",\"32\",\"25\",\"26\",\"29\",\"31\",\"23\",\"28\"]],\"sizes\":[\"12\"]}],[]]', 'bootstrap4', 1, 1, 0, 0, 0, '<style>\r\n.formContainer {\r\n  border: 1px solid #000;\r\n border-radius: 5px;\r\n  padding: 20px 20px;\r\n  background-color: #fff;\r\n  color: #444;\r\n  box-shadow: 2px 5px 10px rgba(0,0,0,.08);\r\n  box-sizing: border-box;\r\n}\r\n\r\n.form-control {\r\n   border-radius: 3px;\r\n  font-size: 13px;\r\n  height: auto;\r\n  line-height: 1.33333;\r\n  padding: 15px 15px 15px 20px;\r\n  background: #f6f7f8;\r\n  color: #323232;\r\n  border: 0px solid transparent;\r\n  box-shadow: none;\r\n\r\n}\r\n</style>', '', 'Feedback Form', 0, 1, 'en-GB', 'https://www.mahsyariahmelaka.gov.my/', 1, 1, 0, 0, '<p>Terima kasih. Borang {Jenis Borang:value} akan dibalas dalam masa 7 hari bekerja selepas tarikh penghantaran maklumbalas dilaksanakan.</p>\r\n<p>-----------------------------------<br>Salinan maklumbalas anda:</p>\r\n<p>{Nama:caption}: {Nama:value}</p>\r\n<p>{Emel:caption}: {Emel:value}</p>\r\n<p>{Subjek:caption}: {Subjek:value}</p>\r\n<p>{Mesej:caption}: {Mesej:value}</p>', 0, '<p>Terima kasih kerana memberikan kami maklumbalas. Maklumbalas akan dibalas dalam masa 7 hari bekerja selepas tarikh penghantaran maklumbalas dilaksanakan.</p>\r\n<p>-----------------------------------<br />Salinan maklumbalas anda:</p>\r\n<p>{Nama:caption}: {Nama:value}</p>\r\n<p>{Emel:caption}: {Emel:value}</p>\r\n<p>{Subjek:caption}: {Subjek:value}</p>\r\n<p>{Mesej:caption}: {Mesej:value}</p>', '{Emel:value}', '', '', 'noreply@msnm.gov.my', '{Emel:value}', '', 'Mahkamah Syariah Negeri Melaka', 'Terima kasih atas maklumbalas anda! ', 1, 0, '', 0, '<p>You have new submission :-</p>\r\n<p>Name : {nama:value}</p>\r\n<p>Email : {emel:value}</p>\r\n<p>Subject : {Subjek:value}</p>\r\n<p>Message : {mesej:value}</p>', 'msnm@esyariah.gov.my', 'abd_razak@esyariah.gov.my, zulkhairi_aziz@esyariah.gov.my', '', 'noreply@msnm.gov.my', '', '', 'Mahkamah Syariah Negeri Melaka', 'New submission from \'Borang Maklumbalas\'!', 1, 0, '', '', '', '', '', '', '', '', 1, '', '', '', '', '', '', '', '', '', 0, '', '', '(*)', '<p class=\"formRed\">Sila pastikan semua maklumat diisi dengan lengkap!</p>', '\\n', 1, '', 'userForm', '', '', 'splwpk-feedback-form=\"splwpk-feedback-form\"', 0, 0, 1, 1, 0, 0, 0, '', '\"\"', '', 0);

-- --------------------------------------------------------

--
-- Table structure for table `o61cm_rsform_mappings`
--

CREATE TABLE `o61cm_rsform_mappings` (
  `id` int(11) NOT NULL,
  `formId` int(11) NOT NULL,
  `connection` tinyint(1) NOT NULL,
  `host` varchar(255) NOT NULL,
  `driver` varchar(16) NOT NULL,
  `port` int(10) NOT NULL,
  `username` varchar(255) NOT NULL,
  `password` varchar(255) NOT NULL,
  `database` varchar(255) NOT NULL,
  `method` tinyint(1) NOT NULL,
  `table` varchar(255) NOT NULL,
  `data` mediumtext DEFAULT NULL,
  `wheredata` mediumtext DEFAULT NULL,
  `extra` mediumtext DEFAULT NULL,
  `andor` text NOT NULL,
  `ordering` int(11) NOT NULL
) ENGINE=InnoDB DEFAULT CHARSET=utf8mb3 COLLATE=utf8mb3_general_ci;

-- --------------------------------------------------------

--
-- Table structure for table `o61cm_rsform_posts`
--

CREATE TABLE `o61cm_rsform_posts` (
  `form_id` int(11) NOT NULL,
  `enabled` tinyint(1) NOT NULL,
  `method` tinyint(1) NOT NULL,
  `fields` mediumtext NOT NULL,
  `headers` mediumtext NOT NULL,
  `silent` tinyint(1) NOT NULL,
  `url` text NOT NULL
) ENGINE=InnoDB DEFAULT CHARSET=utf8mb3 COLLATE=utf8mb3_general_ci;

--
-- Dumping data for table `o61cm_rsform_posts`
--

INSERT INTO `o61cm_rsform_posts` (`form_id`, `enabled`, `method`, `fields`, `headers`, `silent`, `url`) VALUES
(3, 0, 1, '[]', '[]', 1, 'http://');

-- --------------------------------------------------------

--
-- Table structure for table `o61cm_rsform_properties`
--

CREATE TABLE `o61cm_rsform_properties` (
  `PropertyId` int(11) NOT NULL,
  `ComponentId` int(11) NOT NULL DEFAULT 0,
  `PropertyName` text NOT NULL,
  `PropertyValue` mediumtext CHARACTER SET utf8mb4 COLLATE utf8mb4_unicode_ci DEFAULT NULL
) ENGINE=InnoDB DEFAULT CHARSET=utf8mb3 COLLATE=utf8mb3_general_ci;

--
-- Dumping data for table `o61cm_rsform_properties`
--

INSERT INTO `o61cm_rsform_properties` (`PropertyId`, `ComponentId`, `PropertyName`, `PropertyValue`) VALUES
(1, 1, 'NAME', 'FullName'),
(2, 1, 'CAPTION', 'Full Name'),
(3, 1, 'REQUIRED', 'YES'),
(4, 1, 'SIZE', '20'),
(5, 1, 'MAXSIZE', ''),
(6, 1, 'VALIDATIONRULE', 'none'),
(7, 1, 'VALIDATIONMESSAGE', 'Please type your full name.'),
(8, 1, 'ADDITIONALATTRIBUTES', ''),
(9, 1, 'DEFAULTVALUE', ''),
(10, 1, 'DESCRIPTION', ''),
(11, 2, 'NAME', 'Header'),
(12, 2, 'TEXT', '<b>This text describes the form. It is added using the Free Text component</b>. HTML code can be added directly here.'),
(13, 3, 'NAME', 'Email'),
(14, 3, 'CAPTION', 'E-mail'),
(15, 3, 'REQUIRED', 'YES'),
(16, 3, 'SIZE', '20'),
(17, 3, 'MAXSIZE', ''),
(18, 3, 'VALIDATIONRULE', 'email'),
(19, 3, 'VALIDATIONMESSAGE', 'Invalid email address.'),
(20, 3, 'ADDITIONALATTRIBUTES', ''),
(21, 3, 'DEFAULTVALUE', ''),
(22, 3, 'DESCRIPTION', ''),
(23, 4, 'NAME', 'CompanySize'),
(24, 4, 'CAPTION', 'Number of Employees'),
(25, 4, 'SIZE', ''),
(26, 4, 'MULTIPLE', 'NO'),
(27, 4, 'ITEMS', '|Please Select[c]\n1-20\n21-50\n51-100\n>100|More than 100'),
(28, 4, 'REQUIRED', 'YES'),
(29, 4, 'ADDITIONALATTRIBUTES', ''),
(30, 4, 'DESCRIPTION', ''),
(31, 4, 'VALIDATIONMESSAGE', 'Please tell us how big is your company.'),
(32, 5, 'NAME', 'Position'),
(33, 5, 'CAPTION', 'Position'),
(34, 5, 'ITEMS', 'CEO\nCFO\nCTO\nHR[c]'),
(35, 5, 'FLOW', 'HORIZONTAL'),
(36, 5, 'REQUIRED', 'YES'),
(37, 5, 'ADDITIONALATTRIBUTES', ''),
(38, 5, 'DESCRIPTION', ''),
(39, 5, 'VALIDATIONMESSAGE', 'Please specify your position in the company'),
(40, 6, 'NAME', 'ContactBy'),
(41, 6, 'CAPTION', 'How should we contact you?'),
(42, 6, 'ITEMS', 'E-mail[c]\nPhone\nNewsletter[c]\nMail'),
(43, 6, 'FLOW', 'HORIZONTAL'),
(44, 6, 'REQUIRED', 'NO'),
(45, 6, 'ADDITIONALATTRIBUTES', ''),
(46, 6, 'DESCRIPTION', ''),
(47, 6, 'VALIDATIONMESSAGE', ''),
(48, 7, 'NAME', 'ContactWhen'),
(49, 7, 'CAPTION', 'When would you like to be contacted?'),
(50, 7, 'REQUIRED', 'YES'),
(51, 7, 'DATEFORMAT', 'dd.mm.yyyy'),
(52, 7, 'CALENDARLAYOUT', 'POPUP'),
(53, 7, 'ADDITIONALATTRIBUTES', ''),
(54, 7, 'READONLY', 'YES'),
(55, 7, 'POPUPLABEL', '...'),
(56, 7, 'DESCRIPTION', ''),
(57, 7, 'VALIDATIONMESSAGE', 'Please select a date when we should contact you.'),
(58, 8, 'NAME', 'Submit'),
(59, 8, 'LABEL', 'Submit'),
(60, 8, 'CAPTION', ''),
(61, 8, 'RESET', 'YES'),
(62, 8, 'RESETLABEL', 'Reset'),
(63, 8, 'ADDITIONALATTRIBUTES', ''),
(64, 9, 'NAME', 'Footer'),
(65, 9, 'TEXT', 'This form is an example. Please check our knowledgebase for articles related to how you should build your form. Articles are updated daily. <a href=\"http://www.rsjoomla.com/\" target=\"_blank\">http://www.rsjoomla.com/</a>'),
(66, 10, 'NAME', 'FullName'),
(67, 10, 'CAPTION', 'Full Name'),
(68, 10, 'REQUIRED', 'YES'),
(69, 10, 'SIZE', '20'),
(70, 10, 'MAXSIZE', ''),
(71, 10, 'VALIDATIONRULE', 'none'),
(72, 10, 'VALIDATIONMESSAGE', 'Please type your full name.'),
(73, 10, 'ADDITIONALATTRIBUTES', ''),
(74, 10, 'DEFAULTVALUE', ''),
(75, 10, 'DESCRIPTION', ''),
(76, 10, 'VALIDATIONEXTRA', ''),
(77, 11, 'NAME', 'Header'),
(78, 11, 'TEXT', '<b>This text describes the form. It is added using the Free Text component</b>. HTML code can be added directly here.'),
(79, 12, 'NAME', 'Email'),
(80, 12, 'CAPTION', 'E-mail'),
(81, 12, 'REQUIRED', 'YES'),
(82, 12, 'SIZE', '20'),
(83, 12, 'MAXSIZE', ''),
(84, 12, 'VALIDATIONRULE', 'email'),
(85, 12, 'VALIDATIONMESSAGE', 'Invalid email address.'),
(86, 12, 'ADDITIONALATTRIBUTES', ''),
(87, 12, 'DEFAULTVALUE', ''),
(88, 12, 'DESCRIPTION', ''),
(89, 12, 'VALIDATIONEXTRA', ''),
(90, 13, 'NAME', 'CompanySize'),
(91, 13, 'CAPTION', 'Number of Employees'),
(92, 13, 'SIZE', ''),
(93, 13, 'MULTIPLE', 'NO'),
(94, 13, 'ITEMS', '|Please Select[c]\n1-20\n21-50\n51-100\n>100|More than 100'),
(95, 13, 'REQUIRED', 'YES'),
(96, 13, 'ADDITIONALATTRIBUTES', ''),
(97, 13, 'DESCRIPTION', ''),
(98, 13, 'VALIDATIONMESSAGE', 'Please tell us how big is your company.'),
(99, 14, 'NAME', 'Position'),
(100, 14, 'CAPTION', 'Position'),
(101, 14, 'ITEMS', 'CEO\nCFO\nCTO\nHR[c]'),
(102, 14, 'FLOW', 'HORIZONTAL'),
(103, 14, 'REQUIRED', 'YES'),
(104, 14, 'ADDITIONALATTRIBUTES', ''),
(105, 14, 'DESCRIPTION', ''),
(106, 14, 'VALIDATIONMESSAGE', 'Please specify your position in the company'),
(107, 15, 'NAME', 'ContactBy'),
(108, 15, 'CAPTION', 'How should we contact you?'),
(109, 15, 'ITEMS', 'E-mail[c]\nPhone\nNewsletter[c]\nMail'),
(110, 15, 'FLOW', 'HORIZONTAL'),
(111, 15, 'REQUIRED', 'NO'),
(112, 15, 'ADDITIONALATTRIBUTES', ''),
(113, 15, 'DESCRIPTION', ''),
(114, 15, 'VALIDATIONMESSAGE', ''),
(115, 16, 'NAME', 'ContactWhen'),
(116, 16, 'CAPTION', 'When would you like to be contacted?'),
(117, 16, 'REQUIRED', 'YES'),
(118, 16, 'DATEFORMAT', 'dd.mm.yyyy'),
(119, 16, 'CALENDARLAYOUT', 'POPUP'),
(120, 16, 'ADDITIONALATTRIBUTES', ''),
(121, 16, 'READONLY', 'YES'),
(122, 16, 'POPUPLABEL', '...'),
(123, 16, 'DESCRIPTION', ''),
(124, 16, 'VALIDATIONMESSAGE', 'Please select a date when we should contact you.'),
(125, 17, 'NAME', 'Submit'),
(126, 17, 'LABEL', 'Submit'),
(127, 17, 'CAPTION', ''),
(128, 17, 'RESET', 'YES'),
(129, 17, 'RESETLABEL', 'Reset'),
(130, 17, 'ADDITIONALATTRIBUTES', ''),
(131, 17, 'DISPLAYPROGRESSMSG', '<div>\r\n <p><em>Page <strong>{page}</strong> of {total}</em></p>\r\n <div class=\"rsformProgressContainer\">\r\n  <div class=\"rsformProgressBar\" style=\"width: {percent}%;\"></div>\r\n </div>\r\n</div>'),
(132, 17, 'PREVBUTTON', '< Prev'),
(133, 18, 'NAME', 'Footer'),
(134, 18, 'TEXT', 'This form is an example. Please check our knowledgebase for articles related to how you should build your form. Articles are updated daily. <a href=\"http://www.rsjoomla.com/\" target=\"_blank\">http://www.rsjoomla.com/</a>'),
(135, 19, 'NAME', 'Page1'),
(136, 19, 'NEXTBUTTON', 'Next >'),
(137, 19, 'PREVBUTTON', '< Prev'),
(138, 19, 'DISPLAYPROGRESSMSG', '<div>\r\n <p><em>Page <strong>{page}</strong> of {total}</em></p>\r\n <div class=\"rsformProgressContainer\">\r\n  <div class=\"rsformProgressBar\" style=\"width: {percent}%;\"></div>\r\n </div>\r\n</div>'),
(139, 19, 'ADDITIONALATTRIBUTES', ''),
(140, 20, 'NAME', 'Page2'),
(141, 20, 'NEXTBUTTON', 'Next >'),
(142, 20, 'PREVBUTTON', '< Prev'),
(143, 20, 'DISPLAYPROGRESSMSG', '<div>\r\n <p><em>Page <strong>{page}</strong> of {total}</em></p>\r\n <div class=\"rsformProgressContainer\">\r\n  <div class=\"rsformProgressBar\" style=\"width: {percent}%;\"></div>\r\n </div>\r\n</div>'),
(144, 20, 'ADDITIONALATTRIBUTES', ''),
(145, 21, 'NAME', 'CompanyHeader'),
(146, 21, 'TEXT', 'Please tell us a little about your company.'),
(147, 22, 'NAME', 'ContactHeader'),
(148, 22, 'TEXT', 'Please let us know how and when to contact you.'),
(149, 23, 'NAME', 'Hantar'),
(150, 23, 'LABEL', 'Send'),
(151, 23, 'CAPTION', ''),
(152, 23, 'RESET', 'NO'),
(153, 23, 'RESETLABEL', ''),
(154, 23, 'PREVBUTTON', '< Prev'),
(155, 23, 'DISPLAYPROGRESS', 'NO'),
(156, 23, 'DISPLAYPROGRESSMSG', '<div>\r\n <p><em>Page <strong>{page}</strong> of {total}</em></p>\r\n <div class=\"rsformProgressContainer\">\r\n  <div class=\"rsformProgressBar\" style=\"width: {percent}%;\"></div>\r\n </div>\r\n</div>'),
(157, 23, 'BUTTONTYPE', 'TYPEBUTTON'),
(158, 23, 'ADDITIONALATTRIBUTES', ''),
(159, 23, 'EMAILATTACH', ''),
(160, 24, 'NAME', 'Nama'),
(161, 24, 'CAPTION', 'Name'),
(162, 24, 'DEFAULTVALUE', ''),
(163, 24, 'DESCRIPTION', ''),
(164, 24, 'REQUIRED', 'YES'),
(165, 24, 'VALIDATIONEXTRA', ''),
(166, 24, 'VALIDATIONRULE', 'alpha'),
(167, 24, 'VALIDATIONMESSAGE', 'Invalid Input'),
(168, 24, 'INPUTTYPE', 'text'),
(169, 24, 'ATTRMIN', ''),
(170, 24, 'ATTRSTEP', '1'),
(171, 24, 'ATTRMAX', ''),
(172, 24, 'SIZE', '80'),
(173, 24, 'MAXSIZE', ''),
(174, 24, 'PLACEHOLDER', 'Enter your name'),
(175, 24, 'ADDITIONALATTRIBUTES', ''),
(176, 24, 'EMAILATTACH', ''),
(177, 25, 'NAME', 'Emel'),
(178, 25, 'CAPTION', 'Email'),
(179, 25, 'DEFAULTVALUE', ''),
(180, 25, 'DESCRIPTION', ''),
(181, 25, 'REQUIRED', 'NO'),
(182, 25, 'VALIDATIONEXTRA', ''),
(183, 25, 'VALIDATIONRULE', 'email'),
(184, 25, 'VALIDATIONMESSAGE', 'Invalid Input'),
(185, 25, 'INPUTTYPE', 'text'),
(186, 25, 'ATTRMIN', ''),
(187, 25, 'ATTRSTEP', '1'),
(188, 25, 'ATTRMAX', ''),
(189, 25, 'SIZE', '80'),
(190, 25, 'MAXSIZE', ''),
(191, 25, 'PLACEHOLDER', 'Enter your email'),
(192, 25, 'ADDITIONALATTRIBUTES', ''),
(193, 25, 'EMAILATTACH', ''),
(194, 26, 'NAME', 'Subjek'),
(195, 26, 'CAPTION', 'Title'),
(196, 26, 'DEFAULTVALUE', ''),
(197, 26, 'DESCRIPTION', ''),
(198, 26, 'REQUIRED', 'YES'),
(199, 26, 'VALIDATIONEXTRA', ''),
(200, 26, 'VALIDATIONRULE', 'alphanumeric'),
(201, 26, 'VALIDATIONMESSAGE', 'Invalid Input'),
(202, 26, 'INPUTTYPE', 'text'),
(203, 26, 'ATTRMIN', ''),
(204, 26, 'ATTRSTEP', '1'),
(205, 26, 'ATTRMAX', ''),
(206, 26, 'SIZE', '100'),
(207, 26, 'MAXSIZE', ''),
(208, 26, 'PLACEHOLDER', 'Enter your subject'),
(209, 26, 'ADDITIONALATTRIBUTES', ''),
(210, 26, 'EMAILATTACH', ''),
(228, 28, 'NAME', 'nota'),
(229, 28, 'TEXT', '<p>*Nota : Semua Aduan, Maklumbalas &amp; Cadangan akan dijawab dalam masa 3 hari bekerja</p>'),
(230, 28, 'EMAILATTACH', ''),
(231, 29, 'NAME', 'Mesej'),
(232, 29, 'CAPTION', 'Message'),
(233, 29, 'DEFAULTVALUE', ''),
(234, 29, 'DESCRIPTION', ''),
(235, 29, 'REQUIRED', 'YES'),
(236, 29, 'VALIDATIONEXTRA', ''),
(237, 29, 'VALIDATIONRULE', 'alphanumeric'),
(238, 29, 'VALIDATIONMESSAGE', 'Invalid Input'),
(239, 29, 'COLS', '80'),
(240, 29, 'ROWS', '10'),
(241, 29, 'PLACEHOLDER', 'Please insert your message'),
(242, 29, 'WYSIWYG', 'NO'),
(243, 29, 'ADDITIONALATTRIBUTES', ''),
(244, 29, 'EMAILATTACH', ''),
(260, 31, 'NAME', 'Pengesahan'),
(261, 31, 'CAPTION', 'Pengesahan'),
(262, 31, 'DESCRIPTION', ''),
(263, 31, 'VALIDATIONMESSAGE', 'Invalid Input'),
(264, 31, 'THEME', 'LIGHT'),
(265, 31, 'TYPE', 'IMAGE'),
(266, 31, 'SIZE', 'NORMAL'),
(267, 31, 'BADGE', 'INLINE'),
(268, 31, 'ADDITIONALATTRIBUTES', ''),
(269, 31, 'TEXT', ''),
(270, 24, 'READONLY', 'NO'),
(271, 24, 'TEXT', ''),
(272, 25, 'READONLY', 'NO'),
(273, 25, 'TEXT', ''),
(274, 26, 'READONLY', 'NO'),
(275, 26, 'TEXT', ''),
(276, 29, 'WYSIWYGBUTTONS', 'NO'),
(277, 29, 'MAXSIZE', ''),
(278, 29, 'SHOW_CHAR_COUNT', 'NO'),
(279, 29, 'READONLY', 'NO'),
(280, 29, 'TEXT', ''),
(281, 32, 'NAME', 'Jenis Borang'),
(282, 32, 'CAPTION', 'Jenis Borang'),
(283, 32, 'ITEMS', 'Pilihan Anda\r\nAduan\r\nMaklumbalas\r\nCadangan'),
(284, 32, 'DESCRIPTION', ''),
(285, 32, 'REQUIRED', 'YES'),
(286, 32, 'VALIDATIONMESSAGE', 'Invalid Input'),
(287, 32, 'SIZE', ''),
(288, 32, 'MULTIPLE', 'NO'),
(289, 32, 'ADDITIONALATTRIBUTES', ''),
(290, 32, 'TEXT', '');

-- --------------------------------------------------------

--
-- Table structure for table `o61cm_rsform_submissions`
--

CREATE TABLE `o61cm_rsform_submissions` (
  `SubmissionId` int(11) NOT NULL,
  `FormId` int(11) NOT NULL DEFAULT 0,
  `DateSubmitted` datetime NOT NULL,
  `UserIp` varchar(255) NOT NULL DEFAULT '',
  `Username` varchar(255) NOT NULL DEFAULT '',
  `UserId` int(11) NOT NULL DEFAULT 0,
  `Lang` varchar(255) NOT NULL,
  `confirmed` tinyint(1) NOT NULL,
  `ConfirmedIp` varchar(255) NOT NULL DEFAULT '',
  `ConfirmedDate` datetime DEFAULT NULL,
  `SubmissionHash` varchar(32) NOT NULL
) ENGINE=InnoDB DEFAULT CHARSET=utf8mb3 COLLATE=utf8mb3_general_ci;

--
-- Dumping data for table `o61cm_rsform_submissions`
--

INSERT INTO `o61cm_rsform_submissions` (`SubmissionId`, `FormId`, `DateSubmitted`, `UserIp`, `Username`, `UserId`, `Lang`, `confirmed`, `ConfirmedIp`, `ConfirmedDate`, `SubmissionHash`) VALUES
(1, 3, '2016-07-20 06:34:30', '203.62.1.80', '', 0, 'ms-MY', 1, '203.62.1.80', '2016-07-20 06:34:30', ''),
(2, 3, '2016-07-22 08:59:11', '203.62.1.80', '', 0, 'ms-MY', 1, '203.62.1.80', '2016-07-22 08:59:11', ''),
(3, 3, '2016-09-01 04:51:12', '175.140.172.162', '', 0, 'ms-MY', 1, '175.140.172.162', '2016-09-01 04:51:12', ''),
(4, 3, '2016-09-01 06:10:07', '175.140.172.162', '', 0, 'ms-MY', 1, '175.140.172.162', '2016-09-01 06:10:07', ''),
(5, 3, '2016-09-01 06:31:34', '175.140.172.162', '', 0, 'ms-MY', 1, '175.140.172.162', '2016-09-01 06:31:34', ''),
(6, 3, '2016-09-19 07:01:18', '118.100.216.4', '', 0, 'ms-MY', 1, '118.100.216.4', '2016-09-19 07:01:18', ''),
(7, 3, '2016-09-19 07:14:42', '118.100.216.4', '', 0, 'ms-MY', 1, '118.100.216.4', '2016-09-19 07:14:42', ''),
(8, 3, '2016-09-19 07:31:34', '118.100.216.4', '', 0, 'en-GB', 1, '118.100.216.4', '2016-09-19 07:31:34', ''),
(9, 3, '2016-09-19 07:33:16', '118.100.216.4', '', 0, 'en-GB', 1, '118.100.216.4', '2016-09-19 07:33:16', ''),
(10, 3, '2016-09-20 04:30:51', '203.62.1.80', '', 0, 'ms-MY', 1, '203.62.1.80', '2016-09-20 04:30:51', ''),
(11, 3, '2016-09-20 06:34:21', '203.62.1.80', '', 0, 'ms-MY', 1, '203.62.1.80', '2016-09-20 06:34:21', ''),
(12, 3, '2016-10-18 07:03:45', '203.62.1.80', '', 0, 'ms-MY', 1, '203.62.1.80', '2016-10-18 07:03:45', ''),
(13, 3, '2016-10-19 02:17:31', '1.32.55.72', '', 0, 'ms-MY', 1, '1.32.55.72', '2016-10-19 02:17:31', ''),
(14, 3, '2016-10-19 02:19:34', '1.32.55.72', '', 0, 'en-GB', 1, '1.32.55.72', '2016-10-19 02:19:34', ''),
(15, 3, '2016-10-31 04:53:39', '175.140.173.204', '', 0, 'ms-MY', 1, '175.140.173.204', '2016-10-31 04:53:39', ''),
(16, 3, '2016-11-04 02:18:21', '113.210.75.161', '', 0, 'ms-MY', 1, '113.210.75.161', '2016-11-04 02:18:21', ''),
(17, 3, '2016-11-04 02:20:08', '113.210.75.161', '', 0, 'ms-MY', 1, '113.210.75.161', '2016-11-04 02:20:08', ''),
(18, 3, '2016-11-04 02:40:47', '113.210.75.161', '', 0, 'ms-MY', 1, '113.210.75.161', '2016-11-04 02:40:47', ''),
(19, 3, '2016-11-07 08:20:06', '203.62.1.80', '', 0, 'ms-MY', 1, '203.62.1.80', '2016-11-07 08:20:06', ''),
(20, 3, '2016-11-07 08:20:34', '203.62.1.80', '', 0, 'ms-MY', 1, '203.62.1.80', '2016-11-07 08:20:34', ''),
(21, 3, '2016-11-07 08:23:15', '203.62.1.80', '', 0, 'ms-MY', 1, '203.62.1.80', '2016-11-07 08:23:15', ''),
(22, 3, '2016-11-29 05:15:17', '175.140.174.251', '', 0, 'ms-MY', 1, '175.140.174.251', '2016-11-29 05:15:17', ''),
(23, 3, '2016-12-16 08:19:27', '203.62.1.80', '', 0, 'ms-MY', 1, '203.62.1.80', '2016-12-16 08:19:27', ''),
(24, 3, '2018-02-12 03:49:43', '175.137.79.54', '', 0, 'ms-MY', 1, '175.137.79.54', '2018-02-12 03:49:43', ''),
(25, 3, '2018-08-23 01:53:03', '203.62.1.80', '', 0, 'ms-MY', 1, '203.62.1.80', '2018-08-23 01:53:03', ''),
(26, 3, '2019-07-20 08:09:47', '123.136.112.96', '', 0, 'ms-MY', 1, '123.136.112.96', '2019-07-20 08:09:47', ''),
(27, 3, '2020-05-13 09:52:25', '162.158.26.130', '', 0, 'ms-MY', 1, '162.158.26.130', '2020-05-13 09:52:25', ''),
(28, 3, '2020-06-01 05:11:41', '162.158.165.12', '', 0, 'ms-MY', 1, '162.158.165.12', '2020-06-01 05:11:41', ''),
(29, 3, '2020-08-13 03:40:05', '162.158.166.91', '', 0, 'ms-MY', 1, '162.158.166.91', '2020-08-13 03:40:05', ''),
(30, 3, '2021-01-12 05:30:46', '162.158.167.42', '', 0, 'ms-MY', 1, '162.158.167.42', '2021-01-12 05:30:46', ''),
(31, 3, '2021-04-02 03:46:15', '162.158.165.250', '', 0, 'ms-MY', 1, '162.158.165.250', '2021-04-02 03:46:15', ''),
(32, 3, '2021-07-08 06:47:48', '162.158.166.57', '', 0, 'ms-MY', 1, '162.158.166.57', '2021-07-08 06:47:48', ''),
(33, 3, '2021-07-08 06:47:51', '162.158.166.57', '', 0, 'ms-MY', 1, '162.158.166.57', '2021-07-08 06:47:51', ''),
(34, 3, '2021-09-10 08:36:39', '172.70.143.71', '', 0, 'ms-MY', 1, '172.70.143.71', '2021-09-10 08:36:39', ''),
(35, 3, '2022-07-06 10:24:22', '162.158.163.184', '', 0, 'ms-MY', 1, '162.158.163.184', '2022-07-06 10:24:22', ''),
(36, 3, '2022-12-26 03:46:04', '172.70.92.153', '', 0, 'ms-MY', 1, '172.70.92.153', '2022-12-26 03:46:04', ''),
(37, 3, '2023-04-04 02:42:45', '162.158.192.140', '', 0, 'ms-MY', 1, '162.158.192.140', '2023-04-04 02:42:45', ''),
(38, 3, '2024-01-15 10:21:44', '162.158.106.82', '', 0, 'ms-MY', 1, '162.158.106.82', '2024-01-15 10:21:44', ''),
(39, 3, '2024-01-15 10:21:44', '162.158.106.82', '', 0, 'ms-MY', 1, '162.158.106.82', '2024-01-15 10:21:44', ''),
(40, 3, '2024-01-18 07:49:18', '162.158.162.223', '', 0, 'ms-MY', 1, '162.158.162.223', '2024-01-18 07:49:18', ''),
(41, 3, '2024-08-12 09:03:19', '172.70.93.37', '', 0, 'ms-MY', 1, '172.70.93.37', '2024-08-12 09:03:19', ''),
(42, 3, '2025-04-02 18:43:23', '172.71.218.170', '', 0, 'ms-MY', 1, '172.71.218.170', '2025-04-02 18:43:23', ''),
(43, 3, '2025-05-28 19:09:57', '162.158.26.19', '', 0, 'ms-MY', 1, '162.158.26.19', '2025-05-28 19:09:57', '');

-- --------------------------------------------------------

--
-- Table structure for table `o61cm_rsform_submission_columns`
--

CREATE TABLE `o61cm_rsform_submission_columns` (
  `FormId` int(11) NOT NULL,
  `ColumnName` varchar(255) NOT NULL,
  `ColumnStatic` tinyint(1) NOT NULL
) ENGINE=InnoDB DEFAULT CHARSET=utf8mb3 COLLATE=utf8mb3_general_ci;

-- --------------------------------------------------------

--
-- Table structure for table `o61cm_rsform_submission_values`
--

CREATE TABLE `o61cm_rsform_submission_values` (
  `SubmissionValueId` int(11) NOT NULL,
  `FormId` int(11) NOT NULL,
  `SubmissionId` int(11) NOT NULL DEFAULT 0,
  `FieldName` text NOT NULL,
  `FieldValue` mediumtext CHARACTER SET utf8mb4 COLLATE utf8mb4_unicode_ci DEFAULT NULL
) ENGINE=InnoDB DEFAULT CHARSET=utf8mb3 COLLATE=utf8mb3_general_ci;

--
-- Dumping data for table `o61cm_rsform_submission_values`
--

INSERT INTO `o61cm_rsform_submission_values` (`SubmissionValueId`, `FormId`, `SubmissionId`, `FieldName`, `FieldValue`) VALUES
(1, 3, 1, 'Nama', 'test'),
(2, 3, 1, 'Emel', 'test'),
(3, 3, 1, 'Subjek', 'test'),
(4, 3, 1, 'Mesej', 'test website baru'),
(5, 3, 1, 'Hantar', ''),
(6, 3, 1, 'formId', '3'),
(7, 3, 2, 'Nama', 'razak'),
(8, 3, 2, 'Emel', 'abd_razak@esyariah.gov.my'),
(9, 3, 2, 'Subjek', 'test'),
(10, 3, 2, 'Mesej', 'testing 1,2,3'),
(11, 3, 2, 'Hantar', ''),
(12, 3, 2, 'formId', '3'),
(13, 3, 3, 'Nama', 'Shazwani'),
(14, 3, 3, 'Emel', 'shazwani@altfa.com.my'),
(15, 3, 3, 'Subjek', 'Test'),
(16, 3, 3, 'Mesej', 'Test'),
(17, 3, 3, 'Captcha', 'ogvx'),
(18, 3, 3, 'Hantar', ''),
(19, 3, 3, 'formId', '3'),
(20, 3, 4, 'Nama', 'atiqah'),
(21, 3, 4, 'Emel', 'nurulatiqahhalim@gmail.com'),
(22, 3, 4, 'Subjek', 'Test'),
(23, 3, 4, 'Mesej', 'test'),
(24, 3, 4, 'Captcha', 'zixn'),
(25, 3, 4, 'Hantar', ''),
(26, 3, 4, 'formId', '3'),
(27, 3, 5, 'Nama', 'Shazwani'),
(28, 3, 5, 'Emel', 'asraf@altfa.com.my'),
(29, 3, 5, 'Subjek', 'teast'),
(30, 3, 5, 'Mesej', 'test'),
(31, 3, 5, 'Captcha', 'xhxg'),
(32, 3, 5, 'Hantar', ''),
(33, 3, 5, 'formId', '3'),
(34, 3, 6, 'Nama', 'Shazwani'),
(35, 3, 6, 'Emel', 'Test'),
(36, 3, 6, 'Subjek', 'Test'),
(37, 3, 6, 'Mesej', 'test'),
(38, 3, 6, 'Captcha', 'gqrm'),
(39, 3, 6, 'Hantar', ''),
(40, 3, 6, 'formId', '3'),
(41, 3, 7, 'Nama', 'Shazwani'),
(42, 3, 7, 'Emel', 'nshazwanizakaria@gmail.com'),
(43, 3, 7, 'Subjek', 'test'),
(44, 3, 7, 'Mesej', 'test'),
(45, 3, 7, 'Captcha', 'vhim'),
(46, 3, 7, 'Hantar', ''),
(47, 3, 7, 'formId', '3'),
(48, 3, 8, 'Nama', 'Shazwani'),
(49, 3, 8, 'Emel', 'nshazwanizakaria@gmail.com'),
(50, 3, 8, 'Subjek', 'Test'),
(51, 3, 8, 'Mesej', 'test'),
(52, 3, 8, 'Captcha', 'txti'),
(53, 3, 8, 'Hantar', ''),
(54, 3, 8, 'formId', '3'),
(55, 3, 9, 'Nama', 'Shazwani'),
(56, 3, 9, 'Emel', 'nshazwanizakaria@gmail.com'),
(57, 3, 9, 'Subjek', 'Test'),
(58, 3, 9, 'Mesej', 'test'),
(59, 3, 9, 'Captcha', 'sxmm'),
(60, 3, 9, 'Hantar', ''),
(61, 3, 9, 'formId', '3'),
(62, 3, 10, 'Nama', 'test'),
(63, 3, 10, 'Emel', 'norazilamr@esyariah.gov.my'),
(64, 3, 10, 'Subjek', 'test'),
(65, 3, 10, 'Mesej', 'test'),
(66, 3, 10, 'Captcha', 'nxyo'),
(67, 3, 10, 'Hantar', ''),
(68, 3, 10, 'formId', '3'),
(69, 3, 11, 'Nama', 'test 1'),
(70, 3, 11, 'Emel', 'norazilamr@esyariah.gov.my'),
(71, 3, 11, 'Subjek', 'test 1'),
(72, 3, 11, 'Mesej', 'test 1'),
(73, 3, 11, 'Captcha', 'czcw'),
(74, 3, 11, 'Hantar', ''),
(75, 3, 11, 'formId', '3'),
(76, 3, 12, 'Nama', 'Shazwani'),
(77, 3, 12, 'Emel', 'nshazwanizakaria@gmail.com'),
(78, 3, 12, 'Subjek', 'Aduan'),
(79, 3, 12, 'Mesej', 'Aduan'),
(80, 3, 12, 'Captcha', 'hhen'),
(81, 3, 12, 'Hantar', ''),
(82, 3, 12, 'formId', '3'),
(83, 3, 13, 'Nama', 'atiqah'),
(84, 3, 13, 'Emel', 'nurulatiqahhalim@gmail.com'),
(85, 3, 13, 'Subjek', 'test'),
(86, 3, 13, 'Mesej', 'test'),
(87, 3, 13, 'Captcha', 'nkgv'),
(88, 3, 13, 'Hantar', ''),
(89, 3, 13, 'formId', '3'),
(90, 3, 14, 'Nama', 'atiqah'),
(91, 3, 14, 'Emel', 'nurulatiqahhalim@gmail.com'),
(92, 3, 14, 'Subjek', 'test'),
(93, 3, 14, 'Mesej', 'test'),
(94, 3, 14, 'Captcha', 'joms'),
(95, 3, 14, 'Hantar', ''),
(96, 3, 14, 'formId', '3'),
(97, 3, 15, 'Nama', 'siti'),
(98, 3, 15, 'Emel', 'nshazwanizakaria@gmail.com'),
(99, 3, 15, 'Subjek', 'Test'),
(100, 3, 15, 'Mesej', 'Test'),
(101, 3, 15, 'Captcha', '8ntztt'),
(102, 3, 15, 'Hantar', ''),
(103, 3, 15, 'formId', '3'),
(104, 3, 16, 'Nama', 'xzcz'),
(105, 3, 16, 'Emel', 'xzxz'),
(106, 3, 16, 'Subjek', 'xzxz'),
(107, 3, 16, 'Mesej', 'xzxz'),
(108, 3, 16, 'Captcha', '4474q2'),
(109, 3, 16, 'Hantar', ''),
(110, 3, 16, 'formId', '3'),
(111, 3, 17, 'Nama', 'norazila'),
(112, 3, 17, 'Emel', 'norazilamr@esyariah.gov.my'),
(113, 3, 17, 'Subjek', 'status perintah'),
(114, 3, 17, 'Mesej', 'status perintah'),
(115, 3, 17, 'Captcha', 'z5utsn'),
(116, 3, 17, 'Hantar', ''),
(117, 3, 17, 'formId', '3'),
(118, 3, 18, 'Nama', 'norazila'),
(119, 3, 18, 'Emel', 'norazilamr@esyariah.gov.my'),
(120, 3, 18, 'Subjek', 'status perintah'),
(121, 3, 18, 'Mesej', 'status Perintah bagi kes 04300-040-0359-2016'),
(122, 3, 18, 'Captcha', 'agkeys'),
(123, 3, 18, 'Hantar', ''),
(124, 3, 18, 'formId', '3'),
(125, 3, 19, 'Nama', 'abdul razak'),
(126, 3, 19, 'Emel', ''),
(127, 3, 19, 'Subjek', ''),
(128, 3, 19, 'Mesej', 'testing'),
(129, 3, 19, 'Captcha', '149gje'),
(130, 3, 19, 'Hantar', ''),
(131, 3, 19, 'formId', '3'),
(132, 3, 20, 'Nama', 'abdul razak'),
(133, 3, 20, 'Emel', ''),
(134, 3, 20, 'Subjek', ''),
(135, 3, 20, 'Mesej', 'testing'),
(136, 3, 20, 'Captcha', 'lbm61o'),
(137, 3, 20, 'Hantar', ''),
(138, 3, 20, 'formId', '3'),
(139, 3, 21, 'Nama', 'abdul razak'),
(140, 3, 21, 'Emel', 'ajaq7773@gmail.com'),
(141, 3, 21, 'Subjek', 'Testing'),
(142, 3, 21, 'Mesej', 'Testing utk penilaian probe'),
(143, 3, 21, 'Captcha', 'txjzqq'),
(144, 3, 21, 'Hantar', ''),
(145, 3, 21, 'formId', '3'),
(146, 3, 22, 'Nama', 'test'),
(147, 3, 22, 'Emel', 'test@esyariah.gov.my'),
(148, 3, 22, 'Subjek', 'test'),
(149, 3, 22, 'Mesej', 'test'),
(150, 3, 22, 'Captcha', 'sk526h'),
(151, 3, 22, 'Hantar', ''),
(152, 3, 22, 'formId', '3'),
(153, 3, 23, 'Nama', 'Test Probe'),
(154, 3, 23, 'Emel', 'norazilamr@esyariah.gov.my'),
(155, 3, 23, 'Subjek', 'Test probe 2016 Disember'),
(156, 3, 23, 'Mesej', 'Test'),
(157, 3, 23, 'Captcha', '94wiu7'),
(158, 3, 23, 'Hantar', ''),
(159, 3, 23, 'formId', '3'),
(160, 3, 24, 'Nama', 'Nur Ainina '),
(161, 3, 24, 'Emel', 'nuraininaifanah@gmail.com'),
(162, 3, 24, 'Subjek', 'Cara untuk membatalkan kes penceraian'),
(163, 3, 24, 'Mesej', 'Bagaimana kalau saya nak tarik balik kes penceraian saya dengan suami'),
(164, 3, 24, 'Captcha', 'ecilik'),
(165, 3, 24, 'Hantar', ''),
(166, 3, 24, 'formId', '3'),
(167, 3, 25, 'Nama', 'rifai'),
(168, 3, 25, 'Emel', 'satelit.jksm@gmail.com'),
(169, 3, 25, 'Subjek', 'Ujian maklum balas'),
(170, 3, 25, 'Mesej', 'asas asa sa sasasasa sa sasasaasa sa sas a a sasa sa saasasas as asas a sasa sasas asa a sa sa s\r\n\r\nIni adalah ujian dan semakan laluan mesej dari form maklum balas di web portal\r\n\r\nIni adalah ujian dan semakan laluan mesej dari form maklum balas di web portal'),
(171, 3, 25, 'Captcha', 'y5obqr'),
(172, 3, 25, 'Hantar', ''),
(173, 3, 25, 'formId', '3'),
(174, 3, 26, 'Nama', 'Siti Maryam Binti Abdullah'),
(175, 3, 26, 'Emel', 'little_mushroom94@yahoo.com'),
(176, 3, 26, 'Subjek', 'Carian Kes di Portal tidak dipamerkan '),
(177, 3, 26, 'Mesej', 'Kenapa tak boleh buat carian kes di portal ini'),
(178, 3, 26, 'Captcha', 'tjwtxw'),
(179, 3, 26, 'Hantar', ''),
(180, 3, 26, 'formId', '3'),
(181, 3, 27, 'Nama', 'Hafez Bin Hasan'),
(182, 3, 27, 'Emel', 'hafezhasan01@gmail.com'),
(183, 3, 27, 'Subjek', 'Sijil Cerai'),
(184, 3, 27, 'Mesej', 'Bagaimana mahu ambil sijil cerai kerana kes dah selesai tahun lepas memandangkan waktu ini perintah pergerakan'),
(185, 3, 27, 'Captcha', '92foyd'),
(186, 3, 27, 'Hantar', ''),
(187, 3, 27, 'formId', '3'),
(188, 3, 28, 'Nama', 'Hashim Bin Minhat'),
(189, 3, 28, 'Emel', 'hashim_minhat@yahoo.com'),
(190, 3, 28, 'Subjek', 'Borang pengesahan pemaustatin'),
(191, 3, 28, 'Mesej', 'Harap dapat lampirkan borang pemautatin yg perlu Imam tandatangani sebagai pengesahan'),
(192, 3, 28, 'Captcha', 'udy7kr'),
(193, 3, 28, 'Hantar', ''),
(194, 3, 28, 'formId', '3'),
(195, 3, 29, 'Nama', 'Azman bin Abdul Ghani'),
(196, 3, 29, 'Emel', 'azmananis070178@gmail.com'),
(197, 3, 29, 'Subjek', 'Kekurangan kerusi tempat duduk diluar kamar bicara'),
(198, 3, 29, 'Mesej', 'Kerusi menunngu diluar kamar bicara tingkat 3'),
(199, 3, 29, 'Captcha', '8ywjh2'),
(200, 3, 29, 'Hantar', ''),
(201, 3, 29, 'formId', '3'),
(202, 3, 30, 'Nama', 'Asyila '),
(203, 3, 30, 'Emel', 'syilaazmar@gmail.com'),
(204, 3, 30, 'Subjek', 'MAHKAMAH BEROPERASI ATAU TIDAK'),
(205, 3, 30, 'Mesej', 'Assalamualaikum Adakah mahkamah rendah syariah melaka tengah beroperasi semasa pkp Saya perlukan jawapan dengan segera Terima kasih'),
(206, 3, 30, 'Captcha', 'jzvtuu'),
(207, 3, 30, 'Hantar', ''),
(208, 3, 30, 'formId', '3'),
(209, 3, 31, 'Nama', 'siti murni binti raseat'),
(210, 3, 31, 'Emel', 'rsitimurni@yahoo.com'),
(211, 3, 31, 'Subjek', 'lafaz taklik'),
(212, 3, 31, 'Mesej', 'pertanyaan tarikh bicara'),
(213, 3, 31, 'Captcha', '1653p1'),
(214, 3, 31, 'Hantar', ''),
(215, 3, 31, 'formId', '3'),
(216, 3, 32, 'Nama', 'MOHD ERFAN BIN HUSSAIN'),
(217, 3, 32, 'Emel', 'erfanhdu@gmail.com'),
(218, 3, 32, 'Subjek', 'Pengesahan Status Nikah'),
(219, 3, 32, 'Mesej', 'Tarikh kes telah ditunda'),
(220, 3, 32, 'Captcha', 'q8qwa4'),
(221, 3, 32, 'Hantar', ''),
(222, 3, 32, 'formId', '3'),
(223, 3, 33, 'Nama', 'MOHD ERFAN BIN HUSSAIN'),
(224, 3, 33, 'Emel', 'erfanhdu@gmail.com'),
(225, 3, 33, 'Subjek', 'Pengesahan Status Nikah'),
(226, 3, 33, 'Mesej', 'Tarikh kes telah ditunda'),
(227, 3, 33, 'Captcha', 'q8qwa4'),
(228, 3, 33, 'Hantar', ''),
(229, 3, 33, 'formId', '3'),
(230, 3, 34, 'Nama', 'fatimah fasya binti aziz '),
(231, 3, 34, 'Emel', 'fatimahfasya2019@gmailcom'),
(232, 3, 34, 'Subjek', 'tuntutan nafkah anak '),
(233, 3, 34, 'Mesej', 'borong tuntutan nafkah'),
(234, 3, 34, 'Captcha', 'z9yemd'),
(235, 3, 34, 'Hantar', ''),
(236, 3, 34, 'formId', '3'),
(237, 3, 35, 'Nama', 'Mohd Azlie Bin Mustaza'),
(238, 3, 35, 'Emel', 'azliemustaza03@gmail.com'),
(239, 3, 35, 'Subjek', 'Poligami lebih Dari 7 beradik isteri'),
(240, 3, 35, 'Mesej', 'Contoh nikah dengan 7 Puteri 1 rahim'),
(241, 3, 35, 'Captcha', '9az53v'),
(242, 3, 35, 'Hantar', ''),
(243, 3, 35, 'formId', '3'),
(244, 3, 36, 'Nama', 'Shakinah'),
(245, 3, 36, 'Emel', 'Syakinah.abdrahman@gmail.com'),
(246, 3, 36, 'Subjek', 'Penceraian '),
(247, 3, 36, 'Mesej', 'Salam nak tanya jika si suami berkata kau keluar dari rumah je  aku lepaskan kau adakah talak berlaku jika isteri betul2 keluar dari rumah'),
(248, 3, 36, 'Captcha', 'f97bns'),
(249, 3, 36, 'Hantar', ''),
(250, 3, 36, 'formId', '3'),
(251, 3, 37, 'Nama', 'awatif'),
(252, 3, 37, 'Emel', 'marwa.atif109@gmail.com'),
(253, 3, 37, 'Subjek', 'bilakah tarikh akhir penghantaran permohonan tauliah peguam melaka'),
(254, 3, 37, 'Mesej', 'sila permudahkan urusan kami yang nak hantar borang'),
(255, 3, 37, 'Captcha', '2uppmi'),
(256, 3, 37, 'Hantar', ''),
(257, 3, 37, 'formId', '3'),
(258, 3, 38, 'Nama', 'wani'),
(259, 3, 38, 'Emel', 'shahirahiswani@gmail.com'),
(260, 3, 38, 'Subjek', 'permohonan wali hakim'),
(261, 3, 39, 'Nama', 'wani'),
(262, 3, 38, 'Mesej', 'dimana kah borang untuk isi permohonan wali hakim '),
(263, 3, 39, 'Emel', 'shahirahiswani@gmail.com'),
(264, 3, 38, 'Captcha', 'pjdr8f'),
(265, 3, 39, 'Subjek', 'permohonan wali hakim'),
(266, 3, 38, 'Hantar', ''),
(267, 3, 39, 'Mesej', 'dimana kah borang untuk isi permohonan wali hakim '),
(268, 3, 38, 'formId', '3'),
(269, 3, 39, 'Captcha', 'pjdr8f'),
(270, 3, 39, 'Hantar', ''),
(271, 3, 39, 'formId', '3'),
(272, 3, 40, 'Nama', 'ss gtgt'),
(273, 3, 40, 'Emel', 'sssss@yahoo.com'),
(274, 3, 40, 'Subjek', 'dwei'),
(275, 3, 40, 'Mesej', 'dedwedwe'),
(276, 3, 40, 'Captcha', 'bixknw'),
(277, 3, 40, 'Hantar', ''),
(278, 3, 40, 'formId', '3'),
(279, 3, 41, 'Nama', 'ANAS BIN AZIZ'),
(280, 3, 41, 'Emel', 'anasibnuaziz@gmail.com'),
(281, 3, 41, 'Subjek', 'PERMOHONAN KEBENARAN TEMU BUAL'),
(282, 3, 41, 'Mesej', 'PERMOHONAN KEBENARAN TEMU BUAL'),
(283, 3, 41, 'Captcha', 'h9nblo'),
(284, 3, 41, 'Hantar', ''),
(285, 3, 41, 'formId', '3'),
(286, 3, 42, 'Nama', 'SAKINAH BINTI MUHAMAD'),
(287, 3, 42, 'Emel', 'g-16171523@moe-dl.edu.my'),
(288, 3, 42, 'Subjek', 'PENCERAIAN DI DALAM PERINTAH MAHKAMAH'),
(289, 3, 42, 'Mesej', 'ADAKAH PIHAK TUAN MENERIMA MAKLUMBALAS DARIPADA PIHAK SAYA'),
(290, 3, 42, 'Captcha', '802ha8'),
(291, 3, 42, 'Hantar', ''),
(292, 3, 42, 'formId', '3'),
(293, 3, 43, 'Nama', 'SITI NOR ATIKA BINTI KHALID'),
(294, 3, 43, 'Emel', 'atikakhalid1702@gmail.com'),
(295, 3, 43, 'Subjek', 'Pertanyaan'),
(296, 3, 43, 'Mesej', 'Bagaimanakah caranya ingin saman orang ketiga dalam perkahwinan'),
(297, 3, 43, 'Captcha', 'q39ko0'),
(298, 3, 43, 'Hantar', ''),
(299, 3, 43, 'formId', '3');

-- --------------------------------------------------------

--
-- Table structure for table `o61cm_rsform_translations`
--

CREATE TABLE `o61cm_rsform_translations` (
  `id` int(11) NOT NULL,
  `form_id` int(11) NOT NULL,
  `lang_code` varchar(32) NOT NULL,
  `reference` varchar(255) NOT NULL,
  `reference_id` varchar(255) NOT NULL,
  `value` mediumtext DEFAULT NULL
) ENGINE=InnoDB DEFAULT CHARSET=utf8mb3 COLLATE=utf8mb3_general_ci;

--
-- Dumping data for table `o61cm_rsform_translations`
--

INSERT INTO `o61cm_rsform_translations` (`id`, `form_id`, `lang_code`, `reference`, `reference_id`, `value`) VALUES
(1, 3, 'ms-MY', 'properties', '29.CAPTION', 'Mesej'),
(2, 3, 'ms-MY', 'properties', '29.DESCRIPTION', ''),
(3, 3, 'ms-MY', 'properties', '29.VALIDATIONMESSAGE', 'Invalid Input'),
(4, 3, 'ms-MY', 'properties', '29.DEFAULTVALUE', ''),
(5, 3, 'ms-MY', 'properties', '29.PLACEHOLDER', 'Sila masukkan maklumbalas anda'),
(10, 3, 'ms-MY', 'forms', 'UserEmailText', '<p><span style=\"color: #333333; font-family: \'PT Sans\',sans-serif; font-size: 13px;\">Terima kasih kerana memberikan kami maklumbalas. Maklumbalas akan dibalas dalam masa 7 hari bekerja selepas tarikh penghantaran maklumbalas dilaksanakan.</span><span style=\"color: #333333; font-family: \'PT Sans\',sans-serif; font-size: 13px;\"><br /></span></p>\r\n<p>-----------------------------------<br />Salinan maklumbalas anda:</p>\r\n<p>{Nama:caption}: {Nama:value}</p>\r\n<p>{Emel:caption}: {Emel:value}</p>\r\n<p>{Subjek:caption}: {Subjek:value}</p>\r\n<p>{Mesej:caption}: {Mesej:value}</p>'),
(11, 3, 'ms-MY', 'forms', 'AdminEmailText', '<p>You have a new submission.</p>\r\n<p>{Nama:caption}: {Nama:value}</p>\r\n<p>{Emel:caption}: {Emel:value}</p>\r\n<p>{Subjek:caption}: {Subjek:value}</p>\r\n<p>{Mesej:caption}: {Mesej:value}</p>'),
(12, 3, 'ms-MY', 'forms', 'FormTitle', 'Borang Maklumbalas'),
(13, 3, 'ms-MY', 'forms', 'UserEmailFromName', 'Mahkamah Syariah Negeri Melaka'),
(14, 3, 'ms-MY', 'forms', 'UserEmailSubject', 'Terima kasih atas maklumbalas anda! '),
(15, 3, 'ms-MY', 'forms', 'AdminEmailFromName', 'Mahkamah Syariah Negeri Melaka'),
(16, 3, 'ms-MY', 'forms', 'AdminEmailSubject', 'New submission from \'Borang Maklumbalas\'!'),
(17, 3, 'ms-MY', 'forms', 'MetaDesc', ''),
(18, 3, 'ms-MY', 'forms', 'MetaKeywords', ''),
(19, 3, 'ms-MY', 'forms', 'Thankyou', '<p><span style=\"color: #333333; font-family: \'PT Sans\',sans-serif; font-size: 13px;\">Terima kasih kerana memberikan kami maklumbalas. Maklumbalas akan dibalas dalam masa 7 hari bekerja selepas tarikh penghantaran maklumbalas dilaksanakan.</span><span style=\"color: #333333; font-family: \'PT Sans\',sans-serif; font-size: 13px;\"><br /></span></p>\r\n<p>-----------------------------------<br />Salinan maklumbalas anda:</p>\r\n<p>{Nama:caption}: {Nama:value}</p>\r\n<p>{Emel:caption}: {Emel:value}</p>\r\n<p>{Subjek:caption}: {Subjek:value}</p>\r\n<p>{Mesej:caption}: {Mesej:value}</p>'),
(20, 3, 'ms-MY', 'properties', '26.CAPTION', 'Tajuk'),
(21, 3, 'ms-MY', 'properties', '26.DESCRIPTION', ''),
(22, 3, 'ms-MY', 'properties', '26.VALIDATIONMESSAGE', 'Invalid Input'),
(23, 3, 'ms-MY', 'properties', '26.DEFAULTVALUE', ''),
(24, 3, 'ms-MY', 'properties', '26.PLACEHOLDER', 'Masukkan subjek'),
(25, 3, 'ms-MY', 'properties', '25.CAPTION', 'Emel'),
(26, 3, 'ms-MY', 'properties', '25.DESCRIPTION', ''),
(27, 3, 'ms-MY', 'properties', '25.VALIDATIONMESSAGE', 'Invalid Input'),
(28, 3, 'ms-MY', 'properties', '25.DEFAULTVALUE', ''),
(29, 3, 'ms-MY', 'properties', '25.PLACEHOLDER', 'Masukkan emel'),
(30, 3, 'ms-MY', 'properties', '24.CAPTION', 'Nama'),
(31, 3, 'ms-MY', 'properties', '24.DESCRIPTION', ''),
(32, 3, 'ms-MY', 'properties', '24.VALIDATIONMESSAGE', 'Invalid Input'),
(33, 3, 'ms-MY', 'properties', '24.DEFAULTVALUE', ''),
(34, 3, 'ms-MY', 'properties', '24.PLACEHOLDER', 'Masukkan nama'),
(35, 3, 'ms-MY', 'properties', '23.LABEL', 'Hantar'),
(36, 3, 'ms-MY', 'properties', '23.RESETLABEL', ''),
(37, 3, 'ms-MY', 'properties', '23.PREVBUTTON', '< Prev'),
(38, 3, 'ms-MY', 'properties', '23.CAPTION', ''),
(39, 3, 'ms-MY', 'properties', '23.DISPLAYPROGRESSMSG', '<div>\r\n <p><em>Page <strong>{page}</strong> of {total}</em></p>\r\n <div class=\"rsformProgressContainer\">\r\n  <div class=\"rsformProgressBar\" style=\"width: {percent}%;\"></div>\r\n </div>\r\n</div>'),
(40, 3, 'ms-MY', 'properties', '28.TEXT', '<p>*Nota : Semua aduan/maklumbalas akan dijawab dalam masa 3 hari bekerja</p>'),
(41, 3, 'ms-MY', 'forms', 'DeletionEmailFromName', ''),
(42, 3, 'ms-MY', 'forms', 'DeletionEmailSubject', ''),
(43, 3, 'ms-MY', 'forms', 'DeletionEmailReplyToName', ''),
(44, 3, 'ms-MY', 'forms', 'UserEmailReplyToName', ''),
(45, 3, 'ms-MY', 'forms', 'AdminEmailReplyToName', ''),
(46, 3, 'ms-MY', 'forms', 'ReturnUrl', 'https://www.mahsyariahmelaka.gov.my/');

-- --------------------------------------------------------

--
-- Table structure for table `o61cm_rstbox`
--

CREATE TABLE `o61cm_rstbox` (
  `id` int(11) NOT NULL,
  `name` varchar(50) NOT NULL,
  `testmode` tinyint(1) NOT NULL DEFAULT 0,
  `boxtype` varchar(30) NOT NULL,
  `customhtml` text DEFAULT NULL,
  `position` varchar(150) NOT NULL,
  `triggermethod` varchar(50) NOT NULL,
  `cookie` mediumint(9) NOT NULL,
  `params` text DEFAULT NULL,
  `published` tinyint(4) NOT NULL
) ENGINE=InnoDB DEFAULT CHARSET=utf8mb4 COLLATE=utf8mb4_unicode_ci;

--
-- Dumping data for table `o61cm_rstbox`
--

INSERT INTO `o61cm_rstbox` (`id`, `name`, `testmode`, `boxtype`, `customhtml`, `position`, `triggermethod`, `cookie`, `params`, `published`) VALUES
(1, 'Orang Awam', 0, 'custom', '<p><span class=\"m1\">Orang Awam</span></p>\r\n<div class=\"item-personalisation\">\r\n<ul>\r\n<li><a href=\"index.php/maklumat-korporat/profil/piagam-pelanggan/piagam-pelanggan-msnm\">Piagam Pelanggan</a></li>\r\n<li><a href=\"index.php/rujukan/sumber/muat-turunborang/borang-awam\">Muat Turun Borang</a></li>\r\n<li><a href=\"index.php/hubungi-kami/maklumbalas\">Maklumbalas</a></li>\r\n<li><a href=\"index.php/info-syariah/info-e-syariaha\">Bahagian Sokongan Keluarga</a></li>\r\n<li><a href=\"index.php/soalanlazim\">Soalan Lazim</a></li>\r\n<li><a href=\"index.php/hubungi-kami/petalokasi\">Hubungi Kami</a></li>\r\n</ul>\r\n<p> </p>\r\n</div>', '{\"desktop\":\"center\",\"tablet\":\"\",\"mobile\":\"\"}', 'onclick', 30, '{\"width\":{\"desktop\":{\"value\":\"500\",\"unit\":\"px\"},\"tablet\":{\"value\":\"\",\"unit\":\"px\"},\"mobile\":{\"value\":\"\",\"unit\":\"px\"}},\"height\":{\"desktop\":{\"value\":\"\",\"unit\":\"auto\"},\"tablet\":{\"value\":\"\",\"unit\":\"px\"},\"mobile\":{\"value\":\"\",\"unit\":\"px\"}},\"padding\":{\"desktop\":{\"top\":\"30\",\"right\":\"30\",\"bottom\":\"30\",\"left\":\"30\",\"unit\":\"px\",\"linked\":\"0\"},\"tablet\":{\"top\":\"\",\"right\":\"\",\"bottom\":\"\",\"left\":\"\",\"unit\":\"px\",\"linked\":\"1\"},\"mobile\":{\"top\":\"\",\"right\":\"\",\"bottom\":\"\",\"left\":\"\",\"unit\":\"px\",\"linked\":\"1\"}},\"margin\":{\"desktop\":{\"top\":\"\",\"right\":\"\",\"bottom\":\"\",\"left\":\"\",\"unit\":\"px\",\"linked\":\"1\"},\"tablet\":{\"top\":\"\",\"right\":\"\",\"bottom\":\"\",\"left\":\"\",\"unit\":\"px\",\"linked\":\"1\"},\"mobile\":{\"top\":\"\",\"right\":\"\",\"bottom\":\"\",\"left\":\"\",\"unit\":\"px\",\"linked\":\"1\"}},\"textcolor\":{\"desktop\":\"rgba(51, 51, 51, 1)\",\"tablet\":\"\",\"mobile\":\"\"},\"backgroundcolor\":{\"desktop\":\"rgba(255, 255, 255, 1)\",\"tablet\":\"\",\"mobile\":\"\"},\"aligncontent\":{\"desktop\":\"act acl\",\"tablet\":\"\",\"mobile\":\"\"},\"boxshadow\":{\"desktop\":\"none\",\"tablet\":\"\",\"mobile\":\"\"},\"bordertype\":{\"desktop\":\"solid\",\"tablet\":\"\",\"mobile\":\"\"},\"bordercolor\":{\"desktop\":\"rgba(0, 0, 0, 0.4)\",\"tablet\":\"\",\"mobile\":\"\"},\"borderwidth\":{\"desktop\":{\"value\":\"1\",\"unit\":\"px\"},\"tablet\":{\"value\":\"\",\"unit\":\"px\"},\"mobile\":{\"value\":\"\",\"unit\":\"px\"}},\"borderradius\":{\"desktop\":{\"top_left\":\"\",\"top_right\":\"\",\"bottom_right\":\"\",\"bottom_left\":\"\",\"unit\":\"px\",\"linked\":\"1\"},\"tablet\":{\"top_left\":\"\",\"top_right\":\"\",\"bottom_right\":\"\",\"bottom_left\":\"\",\"unit\":\"px\",\"linked\":\"1\"},\"mobile\":{\"top_left\":\"\",\"top_right\":\"\",\"bottom_right\":\"\",\"bottom_left\":\"\",\"unit\":\"px\",\"linked\":\"1\"}},\"overlay\":{\"desktop\":\"0\",\"tablet\":\"inherit\",\"mobile\":\"inherit\"},\"overlay_color\":{\"desktop\":\"rgba(0, 0, 0, 0.5)\",\"tablet\":\"\",\"mobile\":\"\"},\"blur_bg\":{\"desktop\":{\"value\":\"0\",\"unit\":\"%\"},\"tablet\":{\"value\":\"\",\"unit\":\"%\"},\"mobile\":{\"value\":\"\",\"unit\":\"%\"}},\"overlayclick\":{\"desktop\":\"1\",\"tablet\":\"1\",\"mobile\":\"1\"},\"bgimage\":{\"desktop\":\"1\",\"tablet\":\"inherit\",\"mobile\":\"inherit\"},\"bgimagefile\":{\"desktop\":\"images\\/bgback3.png#joomlaImage:\\/\\/local-images\\/bgback3.png?width=1000&height=1004\",\"tablet\":\"\",\"mobile\":\"\"},\"bgrepeat\":{\"desktop\":\"Repeat\",\"tablet\":\"\",\"mobile\":\"\"},\"bgsize\":{\"desktop\":\"Auto\",\"tablet\":\"\",\"mobile\":\"\"},\"bgposition\":{\"desktop\":\"Left Top\",\"tablet\":\"\",\"mobile\":\"\"},\"closebutton\":{\"show\":{\"desktop\":\"1\",\"tablet\":\"\",\"mobile\":\"\"},\"source\":{\"desktop\":\"icon\",\"tablet\":\"\",\"mobile\":\"\"},\"color\":{\"desktop\":\"rgba(136, 136, 136, 1)\",\"tablet\":\"\",\"mobile\":\"\"},\"hover\":{\"desktop\":\"rgba(85, 85, 85, 1)\",\"tablet\":\"\",\"mobile\":\"\"},\"size\":{\"desktop\":{\"value\":\"30\",\"unit\":\"px\"},\"tablet\":{\"value\":\"\",\"unit\":\"px\"},\"mobile\":{\"value\":\"\",\"unit\":\"px\"}},\"image\":{\"desktop\":\"\",\"tablet\":\"\",\"mobile\":\"\"},\"delay\":{\"desktop\":{\"value\":\"0\",\"unit\":\"ms\"},\"tablet\":{\"value\":\"\",\"unit\":\"ms\"},\"mobile\":{\"value\":\"\",\"unit\":\"ms\"}}},\"early_trigger\":\"0\",\"idle_time\":\"10\",\"triggerelement\":\"#orangawam\",\"threshold\":\"0\",\"close_out_viewport\":\"0\",\"scroll_depth\":\"percentage\",\"scroll_pixel\":\"100\",\"triggerpercentage\":\"80\",\"exittimer\":\"1000\",\"autohide\":\"0\",\"firing_frequency\":\"1\",\"triggerdelay\":\"0\",\"floating_button_show_on_close\":\"0\",\"floating_button_position\":\"bottom-right\",\"assign_impressions\":\"0\",\"assign_impressions_list\":\"3\",\"assign_impressions_param_type\":\"session\",\"opening_sound\":{\"source\":\"\",\"file\":\"\",\"url\":\"\"},\"autofocus\":\"0\",\"close_on_esc\":\"0\",\"animationin\":\"fadeIn\",\"animationout\":\"fadeOut\",\"duration\":\"300\",\"cookietype\":\"never\",\"display_conditions_type\":\"\",\"mirror_box\":\"4\",\"rules\":\"\",\"actions\":\"\",\"phpscripts\":{\"beforerender\":\"\",\"afterrender\":\"\",\"open\":\"\",\"close\":\"\"},\"customcss\":\"\",\"customcode\":\"\",\"rtl\":\"2\",\"preventpagescroll\":\"2\",\"stats\":\"\",\"assign_offline\":\"\",\"classsuffix\":\"\",\"zindex\":\"\",\"mode\":\"popup\",\"showtitle\":\"0\",\"note\":\"\",\"colorgroup\":\"none\",\"floatingbutton_message\":{\"text\":\"Your message here\",\"bgcolor\":\"#4285f4\",\"textcolor\":\"#ffffff\",\"fontsize\":\"16\"}}', 1),
(2, 'Peguam', 0, 'custom', '<p style=\"text-align: center;\"><span class=\"m1\">Peguam</span></p>\r\n<div class=\"item-personalisation\">\r\n<div class=\"uk-drop-grid uk-child-width-1-2 uk-grid\">\r\n<div class=\"uk-first-column\">\r\n<ul class=\"uk-nav uk-dropdown-nav\">\r\n<li class=\"item-942 uk-parent\"><a class=\"m1\" role=\"button\">Dasar &amp; Pekeliling</a></li>\r\n</ul>\r\n<ul>\r\n<li><a href=\"index.php/rujukan/dasar-pekelilinga/pekeliling-khs\"> Pekeliling KHS</a></li>\r\n<li><a href=\"index.php/rujukan/dasar-pekelilinga/arahan-khs\"> Arahan KHS</a></li>\r\n</ul>\r\n<ul class=\"uk-nav uk-dropdown-nav\">\r\n<li class=\"item-945 uk-parent\"><a class=\"m1\" role=\"button\">Enakmen &amp; Arahan Amalan</a></li>\r\n</ul>\r\n<ul>\r\n<li><a href=\"index.php/rujukan/enakmen-arahan-amalana/enakmen\"> Enakmen</a></li>\r\n<li><a href=\"index.php/rujukan/enakmen-arahan-amalana/arahan-amalan\"> Arahan Amalan</a></li>\r\n<li><a href=\"index.php/rujukan/enakmen-arahan-amalana/kadar-fi-dan-kos\"> Kadar Fi Dan Kos</a></li>\r\n</ul>\r\n</div>\r\n<div>\r\n<ul class=\"uk-nav uk-dropdown-nav\">\r\n<li class=\"item-204 uk-parent\"><a class=\"m1\" role=\"button\">Penerbitan</a></li>\r\n</ul>\r\n<ul>\r\n<li><a role=\"button\"> Alasan Penghakiman </a></li>\r\n<li><a href=\"index.php/rujukan/penerbitana/alasan-penghakimana/mahkamah-tinggi-syariah\"> Mahkamah Tinggi Syariah</a></li>\r\n<li><a href=\"index.php/rujukan/penerbitana/alasan-penghakimana/mahkamah-rendah\"> Mahkamah Rendah Syariah</a></li>\r\n</ul>\r\n<ul class=\"uk-nav uk-dropdown-nav\">\r\n<li class=\"item-204 uk-parent\"><a class=\"m1\" role=\"button\">Sumber</a></li>\r\n</ul>\r\n<ul>\r\n<li><a role=\"button\" href=\"index.php/rujukan/sumber/muat-turunborang/borang-peguam\">Muat Turun Borang</a></li>\r\n</ul>\r\n</div>\r\n</div>\r\n</div>', '{\"desktop\":\"center\",\"tablet\":\"\",\"mobile\":\"\"}', 'onclick', 30, '{\"width\":{\"desktop\":{\"value\":\"800\",\"unit\":\"px\"},\"tablet\":{\"value\":\"\",\"unit\":\"px\"},\"mobile\":{\"value\":\"\",\"unit\":\"px\"}},\"height\":{\"desktop\":{\"value\":\"\",\"unit\":\"auto\"},\"tablet\":{\"value\":\"\",\"unit\":\"px\"},\"mobile\":{\"value\":\"\",\"unit\":\"px\"}},\"padding\":{\"desktop\":{\"top\":\"30\",\"right\":\"30\",\"bottom\":\"30\",\"left\":\"30\",\"unit\":\"px\",\"linked\":\"0\"},\"tablet\":{\"top\":\"\",\"right\":\"\",\"bottom\":\"\",\"left\":\"\",\"unit\":\"px\",\"linked\":\"1\"},\"mobile\":{\"top\":\"\",\"right\":\"\",\"bottom\":\"\",\"left\":\"\",\"unit\":\"px\",\"linked\":\"1\"}},\"margin\":{\"desktop\":{\"top\":\"\",\"right\":\"\",\"bottom\":\"\",\"left\":\"\",\"unit\":\"px\",\"linked\":\"1\"},\"tablet\":{\"top\":\"\",\"right\":\"\",\"bottom\":\"\",\"left\":\"\",\"unit\":\"px\",\"linked\":\"1\"},\"mobile\":{\"top\":\"\",\"right\":\"\",\"bottom\":\"\",\"left\":\"\",\"unit\":\"px\",\"linked\":\"1\"}},\"textcolor\":{\"desktop\":\"rgba(51, 51, 51, 1)\",\"tablet\":\"\",\"mobile\":\"\"},\"backgroundcolor\":{\"desktop\":\"rgba(255, 255, 255, 1)\",\"tablet\":\"\",\"mobile\":\"\"},\"aligncontent\":{\"desktop\":\"act acl\",\"tablet\":\"\",\"mobile\":\"\"},\"boxshadow\":{\"desktop\":\"none\",\"tablet\":\"\",\"mobile\":\"\"},\"bordertype\":{\"desktop\":\"solid\",\"tablet\":\"\",\"mobile\":\"\"},\"bordercolor\":{\"desktop\":\"rgba(0, 0, 0, 0.4)\",\"tablet\":\"\",\"mobile\":\"\"},\"borderwidth\":{\"desktop\":{\"value\":\"1\",\"unit\":\"px\"},\"tablet\":{\"value\":\"\",\"unit\":\"px\"},\"mobile\":{\"value\":\"\",\"unit\":\"px\"}},\"borderradius\":{\"desktop\":{\"top_left\":\"\",\"top_right\":\"\",\"bottom_right\":\"\",\"bottom_left\":\"\",\"unit\":\"px\",\"linked\":\"1\"},\"tablet\":{\"top_left\":\"\",\"top_right\":\"\",\"bottom_right\":\"\",\"bottom_left\":\"\",\"unit\":\"px\",\"linked\":\"1\"},\"mobile\":{\"top_left\":\"\",\"top_right\":\"\",\"bottom_right\":\"\",\"bottom_left\":\"\",\"unit\":\"px\",\"linked\":\"1\"}},\"overlay\":{\"desktop\":\"0\",\"tablet\":\"inherit\",\"mobile\":\"inherit\"},\"overlay_color\":{\"desktop\":\"rgba(0, 0, 0, 0.5)\",\"tablet\":\"\",\"mobile\":\"\"},\"blur_bg\":{\"desktop\":{\"value\":\"0\",\"unit\":\"%\"},\"tablet\":{\"value\":\"\",\"unit\":\"%\"},\"mobile\":{\"value\":\"\",\"unit\":\"%\"}},\"overlayclick\":{\"desktop\":\"1\",\"tablet\":\"1\",\"mobile\":\"1\"},\"bgimage\":{\"desktop\":\"1\",\"tablet\":\"inherit\",\"mobile\":\"inherit\"},\"bgimagefile\":{\"desktop\":\"images\\/bgback3.png#joomlaImage:\\/\\/local-images\\/bgback3.png?width=1000&height=1004\",\"tablet\":\"\",\"mobile\":\"\"},\"bgrepeat\":{\"desktop\":\"Repeat\",\"tablet\":\"\",\"mobile\":\"\"},\"bgsize\":{\"desktop\":\"Auto\",\"tablet\":\"\",\"mobile\":\"\"},\"bgposition\":{\"desktop\":\"Left Top\",\"tablet\":\"\",\"mobile\":\"\"},\"closebutton\":{\"show\":{\"desktop\":\"1\",\"tablet\":\"\",\"mobile\":\"\"},\"source\":{\"desktop\":\"icon\",\"tablet\":\"\",\"mobile\":\"\"},\"color\":{\"desktop\":\"rgba(136, 136, 136, 1)\",\"tablet\":\"\",\"mobile\":\"\"},\"hover\":{\"desktop\":\"rgba(85, 85, 85, 1)\",\"tablet\":\"\",\"mobile\":\"\"},\"size\":{\"desktop\":{\"value\":\"30\",\"unit\":\"px\"},\"tablet\":{\"value\":\"\",\"unit\":\"px\"},\"mobile\":{\"value\":\"\",\"unit\":\"px\"}},\"image\":{\"desktop\":\"\",\"tablet\":\"\",\"mobile\":\"\"},\"delay\":{\"desktop\":{\"value\":\"0\",\"unit\":\"ms\"},\"tablet\":{\"value\":\"\",\"unit\":\"ms\"},\"mobile\":{\"value\":\"\",\"unit\":\"ms\"}}},\"early_trigger\":\"0\",\"idle_time\":\"10\",\"triggerelement\":\"#peguam\",\"threshold\":\"0\",\"close_out_viewport\":\"0\",\"scroll_depth\":\"percentage\",\"scroll_pixel\":\"100\",\"triggerpercentage\":\"80\",\"exittimer\":\"1000\",\"autohide\":\"0\",\"firing_frequency\":\"1\",\"triggerdelay\":\"0\",\"floating_button_show_on_close\":\"0\",\"floating_button_position\":\"bottom-right\",\"assign_impressions\":\"0\",\"assign_impressions_list\":\"3\",\"assign_impressions_param_type\":\"session\",\"opening_sound\":{\"source\":\"\",\"file\":\"\",\"url\":\"\"},\"autofocus\":\"0\",\"close_on_esc\":\"0\",\"animationin\":\"fadeIn\",\"animationout\":\"fadeOut\",\"duration\":\"300\",\"cookietype\":\"never\",\"display_conditions_type\":\"\",\"mirror_box\":\"1\",\"rules\":\"\",\"actions\":\"\",\"phpscripts\":{\"beforerender\":\"\",\"afterrender\":\"\",\"open\":\"\",\"close\":\"\"},\"customcss\":\"\",\"customcode\":\"\",\"rtl\":\"2\",\"preventpagescroll\":\"2\",\"stats\":\"\",\"assign_offline\":\"\",\"classsuffix\":\"\",\"zindex\":\"\",\"mode\":\"popup\",\"showtitle\":\"0\",\"note\":\"\",\"colorgroup\":\"none\",\"floatingbutton_message\":{\"text\":\"Your message here\",\"bgcolor\":\"#4285f4\",\"textcolor\":\"#ffffff\",\"fontsize\":\"16\"}}', 1),
(3, 'Warga MSNM', 0, 'custom', '<p><span class=\"m1\">Warga MSNM</span></p>\r\n<ul>\r\n<li><a href=\"index.php/rujukan/sumber/statistik\">Statistik</a></li>\r\n<li><a href=\"index.php?view=article&amp;id=643:aplikasi-dalam-talian&amp;catid=127\">Aplikasi Dalam Talian</a></li>\r\n<li><a href=\"index.php/warga-msnm/anugerah-pekerja-contoh\">Anugerah Pekerja Cemerlang</a></li>\r\n<li><a href=\"index.php/rujukan/sumber/muat-turunborang\"> Muat Turun Borang</a></li>\r\n</ul>', '{\"desktop\":\"center\",\"tablet\":\"\",\"mobile\":\"\"}', 'onclick', 30, '{\"width\":{\"desktop\":{\"value\":\"500\",\"unit\":\"px\"},\"tablet\":{\"value\":\"\",\"unit\":\"px\"},\"mobile\":{\"value\":\"\",\"unit\":\"px\"}},\"height\":{\"desktop\":{\"value\":\"\",\"unit\":\"auto\"},\"tablet\":{\"value\":\"\",\"unit\":\"px\"},\"mobile\":{\"value\":\"\",\"unit\":\"px\"}},\"padding\":{\"desktop\":{\"top\":\"30\",\"right\":\"30\",\"bottom\":\"30\",\"left\":\"30\",\"unit\":\"px\",\"linked\":\"0\"},\"tablet\":{\"top\":\"\",\"right\":\"\",\"bottom\":\"\",\"left\":\"\",\"unit\":\"px\",\"linked\":\"1\"},\"mobile\":{\"top\":\"\",\"right\":\"\",\"bottom\":\"\",\"left\":\"\",\"unit\":\"px\",\"linked\":\"1\"}},\"margin\":{\"desktop\":{\"top\":\"\",\"right\":\"\",\"bottom\":\"\",\"left\":\"\",\"unit\":\"px\",\"linked\":\"1\"},\"tablet\":{\"top\":\"\",\"right\":\"\",\"bottom\":\"\",\"left\":\"\",\"unit\":\"px\",\"linked\":\"1\"},\"mobile\":{\"top\":\"\",\"right\":\"\",\"bottom\":\"\",\"left\":\"\",\"unit\":\"px\",\"linked\":\"1\"}},\"textcolor\":{\"desktop\":\"rgba(51, 51, 51, 1)\",\"tablet\":\"\",\"mobile\":\"\"},\"backgroundcolor\":{\"desktop\":\"rgba(255, 255, 255, 1)\",\"tablet\":\"\",\"mobile\":\"\"},\"aligncontent\":{\"desktop\":\"act acl\",\"tablet\":\"\",\"mobile\":\"\"},\"boxshadow\":{\"desktop\":\"none\",\"tablet\":\"\",\"mobile\":\"\"},\"bordertype\":{\"desktop\":\"solid\",\"tablet\":\"\",\"mobile\":\"\"},\"bordercolor\":{\"desktop\":\"rgba(0, 0, 0, 0.4)\",\"tablet\":\"\",\"mobile\":\"\"},\"borderwidth\":{\"desktop\":{\"value\":\"1\",\"unit\":\"px\"},\"tablet\":{\"value\":\"\",\"unit\":\"px\"},\"mobile\":{\"value\":\"\",\"unit\":\"px\"}},\"borderradius\":{\"desktop\":{\"top_left\":\"\",\"top_right\":\"\",\"bottom_right\":\"\",\"bottom_left\":\"\",\"unit\":\"px\",\"linked\":\"1\"},\"tablet\":{\"top_left\":\"\",\"top_right\":\"\",\"bottom_right\":\"\",\"bottom_left\":\"\",\"unit\":\"px\",\"linked\":\"1\"},\"mobile\":{\"top_left\":\"\",\"top_right\":\"\",\"bottom_right\":\"\",\"bottom_left\":\"\",\"unit\":\"px\",\"linked\":\"1\"}},\"overlay\":{\"desktop\":\"0\",\"tablet\":\"inherit\",\"mobile\":\"inherit\"},\"overlay_color\":{\"desktop\":\"rgba(0, 0, 0, 0.5)\",\"tablet\":\"\",\"mobile\":\"\"},\"blur_bg\":{\"desktop\":{\"value\":\"0\",\"unit\":\"%\"},\"tablet\":{\"value\":\"\",\"unit\":\"%\"},\"mobile\":{\"value\":\"\",\"unit\":\"%\"}},\"overlayclick\":{\"desktop\":\"1\",\"tablet\":\"1\",\"mobile\":\"1\"},\"bgimage\":{\"desktop\":\"1\",\"tablet\":\"inherit\",\"mobile\":\"inherit\"},\"bgimagefile\":{\"desktop\":\"images\\/bgback3.png#joomlaImage:\\/\\/local-images\\/bgback3.png?width=1000&height=1004\",\"tablet\":\"\",\"mobile\":\"\"},\"bgrepeat\":{\"desktop\":\"Repeat\",\"tablet\":\"\",\"mobile\":\"\"},\"bgsize\":{\"desktop\":\"Auto\",\"tablet\":\"\",\"mobile\":\"\"},\"bgposition\":{\"desktop\":\"Left Top\",\"tablet\":\"\",\"mobile\":\"\"},\"closebutton\":{\"show\":{\"desktop\":\"1\",\"tablet\":\"\",\"mobile\":\"\"},\"source\":{\"desktop\":\"icon\",\"tablet\":\"\",\"mobile\":\"\"},\"color\":{\"desktop\":\"rgba(136, 136, 136, 1)\",\"tablet\":\"\",\"mobile\":\"\"},\"hover\":{\"desktop\":\"rgba(85, 85, 85, 1)\",\"tablet\":\"\",\"mobile\":\"\"},\"size\":{\"desktop\":{\"value\":\"30\",\"unit\":\"px\"},\"tablet\":{\"value\":\"\",\"unit\":\"px\"},\"mobile\":{\"value\":\"\",\"unit\":\"px\"}},\"image\":{\"desktop\":\"\",\"tablet\":\"\",\"mobile\":\"\"},\"delay\":{\"desktop\":{\"value\":\"0\",\"unit\":\"ms\"},\"tablet\":{\"value\":\"\",\"unit\":\"ms\"},\"mobile\":{\"value\":\"\",\"unit\":\"ms\"}}},\"early_trigger\":\"0\",\"idle_time\":\"10\",\"triggerelement\":\"#wargamsnm\",\"threshold\":\"0\",\"close_out_viewport\":\"0\",\"scroll_depth\":\"percentage\",\"scroll_pixel\":\"100\",\"triggerpercentage\":\"80\",\"exittimer\":\"1000\",\"autohide\":\"0\",\"firing_frequency\":\"1\",\"triggerdelay\":\"0\",\"floating_button_show_on_close\":\"0\",\"floating_button_position\":\"bottom-right\",\"assign_impressions\":\"0\",\"assign_impressions_list\":\"3\",\"assign_impressions_param_type\":\"session\",\"opening_sound\":{\"source\":\"\",\"file\":\"\",\"url\":\"\"},\"autofocus\":\"0\",\"close_on_esc\":\"0\",\"animationin\":\"fadeIn\",\"animationout\":\"fadeOut\",\"duration\":\"300\",\"cookietype\":\"never\",\"display_conditions_type\":\"\",\"mirror_box\":\"2\",\"rules\":\"\",\"actions\":\"\",\"phpscripts\":{\"beforerender\":\"\",\"afterrender\":\"\",\"open\":\"\",\"close\":\"\"},\"customcss\":\"\",\"customcode\":\"\",\"rtl\":\"2\",\"preventpagescroll\":\"2\",\"stats\":\"\",\"assign_offline\":\"\",\"classsuffix\":\"\",\"zindex\":\"\",\"mode\":\"popup\",\"showtitle\":\"0\",\"note\":\"\",\"colorgroup\":\"none\",\"floatingbutton_message\":{\"text\":\"Your message here\",\"bgcolor\":\"#4285f4\",\"textcolor\":\"#ffffff\",\"fontsize\":\"16\"}}', 1),
(4, 'Penyelidikan', 0, 'custom', '<p><span class=\"m1\">Penyelidikan</span></p>\r\n<div class=\"item-personalisation\">\r\n<ul>\r\n<li> <a href=\"index.php/penyelidik-pendidik/statistik-penyelidik\">Statistik</a></li>\r\n<li> <a href=\"index.php/penyelidik-pendidik/alasan-penghakiman-penyelidik\">Alasan Penghakiman</a></li>\r\n<li> <a href=\"http://waqfeya.com/\" target=\"_blank\" rel=\"noopener\">Rujukan Turath</a></li>\r\n<li><a href=\"index.php/penyelidik-pendidik/rujukan-mahkamah-penyelidik\"> Rujukan Mahkamah Syariah</a></li>\r\n<li> <a href=\"http://www.data.gov.my/\" target=\"_blank\" rel=\"noopener\">Dataset</a></li>\r\n</ul>\r\n</div>', '{\"desktop\":\"center\",\"tablet\":\"\",\"mobile\":\"\"}', 'onclick', 30, '{\"width\":{\"desktop\":{\"value\":\"500\",\"unit\":\"px\"},\"tablet\":{\"value\":\"\",\"unit\":\"px\"},\"mobile\":{\"value\":\"\",\"unit\":\"px\"}},\"height\":{\"desktop\":{\"value\":\"\",\"unit\":\"auto\"},\"tablet\":{\"value\":\"\",\"unit\":\"px\"},\"mobile\":{\"value\":\"\",\"unit\":\"px\"}},\"padding\":{\"desktop\":{\"top\":\"30\",\"right\":\"30\",\"bottom\":\"30\",\"left\":\"30\",\"unit\":\"px\",\"linked\":\"0\"},\"tablet\":{\"top\":\"\",\"right\":\"\",\"bottom\":\"\",\"left\":\"\",\"unit\":\"px\",\"linked\":\"1\"},\"mobile\":{\"top\":\"\",\"right\":\"\",\"bottom\":\"\",\"left\":\"\",\"unit\":\"px\",\"linked\":\"1\"}},\"margin\":{\"desktop\":{\"top\":\"\",\"right\":\"\",\"bottom\":\"\",\"left\":\"\",\"unit\":\"px\",\"linked\":\"1\"},\"tablet\":{\"top\":\"\",\"right\":\"\",\"bottom\":\"\",\"left\":\"\",\"unit\":\"px\",\"linked\":\"1\"},\"mobile\":{\"top\":\"\",\"right\":\"\",\"bottom\":\"\",\"left\":\"\",\"unit\":\"px\",\"linked\":\"1\"}},\"textcolor\":{\"desktop\":\"rgba(51, 51, 51, 1)\",\"tablet\":\"\",\"mobile\":\"\"},\"backgroundcolor\":{\"desktop\":\"rgba(255, 255, 255, 1)\",\"tablet\":\"\",\"mobile\":\"\"},\"aligncontent\":{\"desktop\":\"act acl\",\"tablet\":\"\",\"mobile\":\"\"},\"boxshadow\":{\"desktop\":\"none\",\"tablet\":\"\",\"mobile\":\"\"},\"bordertype\":{\"desktop\":\"solid\",\"tablet\":\"\",\"mobile\":\"\"},\"bordercolor\":{\"desktop\":\"rgba(0, 0, 0, 0.4)\",\"tablet\":\"\",\"mobile\":\"\"},\"borderwidth\":{\"desktop\":{\"value\":\"1\",\"unit\":\"px\"},\"tablet\":{\"value\":\"\",\"unit\":\"px\"},\"mobile\":{\"value\":\"\",\"unit\":\"px\"}},\"borderradius\":{\"desktop\":{\"top_left\":\"\",\"top_right\":\"\",\"bottom_right\":\"\",\"bottom_left\":\"\",\"unit\":\"px\",\"linked\":\"1\"},\"tablet\":{\"top_left\":\"\",\"top_right\":\"\",\"bottom_right\":\"\",\"bottom_left\":\"\",\"unit\":\"px\",\"linked\":\"1\"},\"mobile\":{\"top_left\":\"\",\"top_right\":\"\",\"bottom_right\":\"\",\"bottom_left\":\"\",\"unit\":\"px\",\"linked\":\"1\"}},\"overlay\":{\"desktop\":\"0\",\"tablet\":\"inherit\",\"mobile\":\"inherit\"},\"overlay_color\":{\"desktop\":\"rgba(0, 0, 0, 0.5)\",\"tablet\":\"\",\"mobile\":\"\"},\"blur_bg\":{\"desktop\":{\"value\":\"0\",\"unit\":\"%\"},\"tablet\":{\"value\":\"\",\"unit\":\"%\"},\"mobile\":{\"value\":\"\",\"unit\":\"%\"}},\"overlayclick\":{\"desktop\":\"1\",\"tablet\":\"1\",\"mobile\":\"1\"},\"bgimage\":{\"desktop\":\"1\",\"tablet\":\"inherit\",\"mobile\":\"inherit\"},\"bgimagefile\":{\"desktop\":\"images\\/bgback3.png#joomlaImage:\\/\\/local-images\\/bgback3.png?width=1000&height=1004\",\"tablet\":\"\",\"mobile\":\"\"},\"bgrepeat\":{\"desktop\":\"Repeat\",\"tablet\":\"\",\"mobile\":\"\"},\"bgsize\":{\"desktop\":\"Auto\",\"tablet\":\"\",\"mobile\":\"\"},\"bgposition\":{\"desktop\":\"Left Top\",\"tablet\":\"\",\"mobile\":\"\"},\"closebutton\":{\"show\":{\"desktop\":\"1\",\"tablet\":\"\",\"mobile\":\"\"},\"source\":{\"desktop\":\"icon\",\"tablet\":\"\",\"mobile\":\"\"},\"color\":{\"desktop\":\"rgba(136, 136, 136, 1)\",\"tablet\":\"\",\"mobile\":\"\"},\"hover\":{\"desktop\":\"rgba(85, 85, 85, 1)\",\"tablet\":\"\",\"mobile\":\"\"},\"size\":{\"desktop\":{\"value\":\"30\",\"unit\":\"px\"},\"tablet\":{\"value\":\"\",\"unit\":\"px\"},\"mobile\":{\"value\":\"\",\"unit\":\"px\"}},\"image\":{\"desktop\":\"\",\"tablet\":\"\",\"mobile\":\"\"},\"delay\":{\"desktop\":{\"value\":\"0\",\"unit\":\"ms\"},\"tablet\":{\"value\":\"\",\"unit\":\"ms\"},\"mobile\":{\"value\":\"\",\"unit\":\"ms\"}}},\"early_trigger\":\"0\",\"idle_time\":\"10\",\"triggerelement\":\"#penyelidikan\",\"threshold\":\"0\",\"close_out_viewport\":\"0\",\"scroll_depth\":\"percentage\",\"scroll_pixel\":\"100\",\"triggerpercentage\":\"80\",\"exittimer\":\"1000\",\"autohide\":\"0\",\"firing_frequency\":\"1\",\"triggerdelay\":\"0\",\"floating_button_show_on_close\":\"0\",\"floating_button_position\":\"bottom-right\",\"assign_impressions\":\"0\",\"assign_impressions_list\":\"3\",\"assign_impressions_param_type\":\"session\",\"opening_sound\":{\"source\":\"\",\"file\":\"\",\"url\":\"\"},\"autofocus\":\"0\",\"close_on_esc\":\"0\",\"animationin\":\"fadeIn\",\"animationout\":\"fadeOut\",\"duration\":\"300\",\"cookietype\":\"never\",\"display_conditions_type\":\"\",\"mirror_box\":\"3\",\"rules\":\"\",\"actions\":\"\",\"phpscripts\":{\"beforerender\":\"\",\"afterrender\":\"\",\"open\":\"\",\"close\":\"\"},\"customcss\":\"\",\"customcode\":\"\",\"rtl\":\"2\",\"preventpagescroll\":\"2\",\"stats\":\"\",\"assign_offline\":\"\",\"classsuffix\":\"\",\"zindex\":\"\",\"mode\":\"popup\",\"showtitle\":\"0\",\"note\":\"\",\"colorgroup\":\"none\",\"floatingbutton_message\":{\"text\":\"Your message here\",\"bgcolor\":\"#4285f4\",\"textcolor\":\"#ffffff\",\"fontsize\":\"16\"}}', 1),
(5, 'Dasar / Undang-Undang', 0, 'custom', '<div class=\"\" style=\"overflow: hidden; position: relative;\">\r\n<ul class=\"uk-nav-sub\" role=\"menu\">\r\n<li><a href=\"index.php/dasar-undang-undang/enakmen\"> Enakmen</a></li>\r\n<li><a href=\"index.php/dasar-undang-undang/arahan-dan-amalan\"> Arahan Amalan</a></li>\r\n<li><a href=\"index.php/dasar-undang-undang/kadar-fi-dan-kos\"> Kadar Fi dan Kos</a></li>\r\n<li><a href=\"index.php/dasar-undang-undang/pekeliling-ketua-hakim-syarie\"> Pekeliling Ketua Hakim Syarie</a></li>\r\n<li><a href=\"index.php/dasar-undang-undang/arahan-ketua-hakim-syarie\"> Arahan Ketua Hakim Syarie </a></li>\r\n</ul>\r\n</div>', '{\"desktop\":\"center\",\"tablet\":\"\",\"mobile\":\"\"}', 'onclick', 30, '{\"width\":{\"desktop\":{\"value\":\"500\",\"unit\":\"px\"},\"tablet\":{\"value\":\"\",\"unit\":\"px\"},\"mobile\":{\"value\":\"\",\"unit\":\"px\"}},\"height\":{\"desktop\":{\"value\":\"\",\"unit\":\"auto\"},\"tablet\":{\"value\":\"\",\"unit\":\"px\"},\"mobile\":{\"value\":\"\",\"unit\":\"px\"}},\"padding\":{\"desktop\":{\"top\":\"30\",\"right\":\"30\",\"bottom\":\"30\",\"left\":\"30\",\"unit\":\"px\",\"linked\":\"0\"},\"tablet\":{\"top\":\"\",\"right\":\"\",\"bottom\":\"\",\"left\":\"\",\"unit\":\"px\",\"linked\":\"1\"},\"mobile\":{\"top\":\"\",\"right\":\"\",\"bottom\":\"\",\"left\":\"\",\"unit\":\"px\",\"linked\":\"1\"}},\"margin\":{\"desktop\":{\"top\":\"\",\"right\":\"\",\"bottom\":\"\",\"left\":\"\",\"unit\":\"px\",\"linked\":\"1\"},\"tablet\":{\"top\":\"\",\"right\":\"\",\"bottom\":\"\",\"left\":\"\",\"unit\":\"px\",\"linked\":\"1\"},\"mobile\":{\"top\":\"\",\"right\":\"\",\"bottom\":\"\",\"left\":\"\",\"unit\":\"px\",\"linked\":\"1\"}},\"textcolor\":{\"desktop\":\"rgba(51, 51, 51, 1)\",\"tablet\":\"\",\"mobile\":\"\"},\"backgroundcolor\":{\"desktop\":\"rgba(255, 255, 255, 1)\",\"tablet\":\"\",\"mobile\":\"\"},\"aligncontent\":{\"desktop\":\"act acl\",\"tablet\":\"\",\"mobile\":\"\"},\"boxshadow\":{\"desktop\":\"none\",\"tablet\":\"\",\"mobile\":\"\"},\"bordertype\":{\"desktop\":\"solid\",\"tablet\":\"\",\"mobile\":\"\"},\"bordercolor\":{\"desktop\":\"rgba(0, 0, 0, 0.4)\",\"tablet\":\"\",\"mobile\":\"\"},\"borderwidth\":{\"desktop\":{\"value\":\"1\",\"unit\":\"px\"},\"tablet\":{\"value\":\"\",\"unit\":\"px\"},\"mobile\":{\"value\":\"\",\"unit\":\"px\"}},\"borderradius\":{\"desktop\":{\"top_left\":\"\",\"top_right\":\"\",\"bottom_right\":\"\",\"bottom_left\":\"\",\"unit\":\"px\",\"linked\":\"1\"},\"tablet\":{\"top_left\":\"\",\"top_right\":\"\",\"bottom_right\":\"\",\"bottom_left\":\"\",\"unit\":\"px\",\"linked\":\"1\"},\"mobile\":{\"top_left\":\"\",\"top_right\":\"\",\"bottom_right\":\"\",\"bottom_left\":\"\",\"unit\":\"px\",\"linked\":\"1\"}},\"overlay\":{\"desktop\":\"0\",\"tablet\":\"inherit\",\"mobile\":\"inherit\"},\"overlay_color\":{\"desktop\":\"rgba(0, 0, 0, 0.5)\",\"tablet\":\"\",\"mobile\":\"\"},\"blur_bg\":{\"desktop\":{\"value\":\"0\",\"unit\":\"%\"},\"tablet\":{\"value\":\"\",\"unit\":\"%\"},\"mobile\":{\"value\":\"\",\"unit\":\"%\"}},\"overlayclick\":{\"desktop\":\"1\",\"tablet\":\"1\",\"mobile\":\"1\"},\"bgimage\":{\"desktop\":\"0\",\"tablet\":\"inherit\",\"mobile\":\"inherit\"},\"bgimagefile\":{\"desktop\":\"\",\"tablet\":\"\",\"mobile\":\"\"},\"bgrepeat\":{\"desktop\":\"Repeat\",\"tablet\":\"\",\"mobile\":\"\"},\"bgsize\":{\"desktop\":\"Auto\",\"tablet\":\"\",\"mobile\":\"\"},\"bgposition\":{\"desktop\":\"Left Top\",\"tablet\":\"\",\"mobile\":\"\"},\"closebutton\":{\"show\":{\"desktop\":\"1\",\"tablet\":\"\",\"mobile\":\"\"},\"source\":{\"desktop\":\"icon\",\"tablet\":\"\",\"mobile\":\"\"},\"color\":{\"desktop\":\"rgba(136, 136, 136, 1)\",\"tablet\":\"\",\"mobile\":\"\"},\"hover\":{\"desktop\":\"rgba(85, 85, 85, 1)\",\"tablet\":\"\",\"mobile\":\"\"},\"size\":{\"desktop\":{\"value\":\"30\",\"unit\":\"px\"},\"tablet\":{\"value\":\"\",\"unit\":\"px\"},\"mobile\":{\"value\":\"\",\"unit\":\"px\"}},\"image\":{\"desktop\":\"\",\"tablet\":\"\",\"mobile\":\"\"},\"delay\":{\"desktop\":{\"value\":\"0\",\"unit\":\"ms\"},\"tablet\":{\"value\":\"\",\"unit\":\"ms\"},\"mobile\":{\"value\":\"\",\"unit\":\"ms\"}}},\"early_trigger\":\"0\",\"idle_time\":\"10\",\"triggerelement\":\"#dasarundang\",\"threshold\":\"0\",\"close_out_viewport\":\"0\",\"scroll_depth\":\"percentage\",\"scroll_pixel\":\"100\",\"triggerpercentage\":\"80\",\"exittimer\":\"1000\",\"autohide\":\"0\",\"firing_frequency\":\"1\",\"triggerdelay\":\"0\",\"floating_button_show_on_close\":\"0\",\"floating_button_position\":\"bottom-right\",\"assign_impressions\":\"0\",\"assign_impressions_list\":\"3\",\"assign_impressions_param_type\":\"session\",\"opening_sound\":{\"source\":\"\",\"file\":\"\",\"url\":\"\"},\"autofocus\":\"0\",\"close_on_esc\":\"0\",\"animationin\":\"fadeIn\",\"animationout\":\"fadeOut\",\"duration\":\"300\",\"cookietype\":\"never\",\"display_conditions_type\":\"\",\"mirror_box\":\"4\",\"rules\":\"\",\"actions\":\"\",\"phpscripts\":{\"beforerender\":\"\",\"afterrender\":\"\",\"open\":\"\",\"close\":\"\"},\"customcss\":\"\",\"customcode\":\"\",\"rtl\":\"2\",\"preventpagescroll\":\"2\",\"stats\":\"\",\"assign_offline\":\"\",\"classsuffix\":\"\",\"zindex\":\"\",\"mode\":\"popup\",\"showtitle\":\"1\",\"note\":\"\",\"colorgroup\":\"none\",\"floatingbutton_message\":{\"text\":\"Your message here\",\"bgcolor\":\"#4285f4\",\"textcolor\":\"#ffffff\",\"fontsize\":\"16\"}}', 1),
(6, 'Pautan Pantas', 0, 'custom', '<table style=\"border-collapse: collapse; width: 100%;\" border=\"0\"><colgroup><col style=\"width: 50%;\"><col style=\"width: 50%;\"></colgroup>\r\n<tbody>\r\n<tr>\r\n<td><span class=\"m1\">Menu</span></td>\r\n<td><span class=\"m1\">Sumber</span></td>\r\n</tr>\r\n<tr>\r\n<td valign=\"top\">\r\n<ol>\r\n<li><a class=\"n1\" href=\"index.php/info-syariah/manual-pengguna\">Info E-Syariah V3</a></li>\r\n<li><a class=\"n1\" href=\"index.php?view=article&amp;id=643:aplikasi-dalam-talian&amp;catid=127\">Aplikasi Dalam Talian</a></li>\r\n<li><a class=\"n1\" href=\"index.php/jawatan-kosong/iklan-jawatan-kosong\">Jawatan Kosong</a></li>\r\n<li><a class=\"n1\" href=\"index.php/e-penyertaan\">e-Penyertaan</a></li>\r\n</ol>\r\n</td>\r\n<td valign=\"top\">\r\n<ol>\r\n<li><a class=\"n1\" href=\"index.php/rujukan/sumber/dasar-keselamatan-ict\" rel=\"noopener\">Dasar Keselamatan ICT</a></li>\r\n<li><a class=\"n1\" href=\"index.php/rujukan/sumber/tips-keselamatan-ict\">Tips Keselamatan ICT</a></li>\r\n<li><a class=\"n1\" href=\"index.php/rujukan/sumber/data-terbuka-dataset\">Data Terbuka (Dataset Negeri Melaka)</a></li>\r\n<li><a class=\"n1\" href=\"index.php/rujukan/sumber/muat-turunborang\">Muat Turun Borang</a>\r\n<ul>\r\n<li><a class=\"n1\" href=\"index.php/rujukan/sumber/muat-turunborang/borang-awam\">Borang Awam</a></li>\r\n<li><a class=\"n1\" href=\"index.php/rujukan/sumber/muat-turunborang/borang-peguam\">Borang Peguam</a></li>\r\n</ul>\r\n</li>\r\n<li>Pustaka Media\r\n<ul>\r\n<li><a class=\"n1\" href=\"index.php/galeri-gambar\">Galeri Gambar</a></li>\r\n<li><a class=\"n1\" href=\"index.php/galeri-video\">Galeri Video</a></li>\r\n</ul>\r\n</li>\r\n<li><a href=\"index.php/rujukan/sumber/koleksi-perutusan\">Koleksi Perutusan</a></li>\r\n<li><a href=\"index.php/rujukan/sumber/statistik\">Statistik</a></li>\r\n<li>Arkib\r\n<ul>\r\n<li><a href=\"index.php/rujukan/sumber/arkib/pengumuman\">Pengumuman</a></li>\r\n<li><a href=\"index.php/rujukan/sumber/arkib/berita-aktiviti\">Berita &amp; Aktiviti</a></li>\r\n</ul>\r\n</li>\r\n</ol>\r\n</td>\r\n</tr>\r\n</tbody>\r\n</table>', '{\"desktop\":\"center\",\"tablet\":\"\",\"mobile\":\"\"}', 'onclick', 30, '{\"width\":{\"desktop\":{\"value\":\"800\",\"unit\":\"px\"},\"tablet\":{\"value\":\"\",\"unit\":\"px\"},\"mobile\":{\"value\":\"\",\"unit\":\"px\"}},\"height\":{\"desktop\":{\"value\":\"\",\"unit\":\"auto\"},\"tablet\":{\"value\":\"\",\"unit\":\"px\"},\"mobile\":{\"value\":\"\",\"unit\":\"px\"}},\"padding\":{\"desktop\":{\"top\":\"30\",\"right\":\"30\",\"bottom\":\"30\",\"left\":\"30\",\"unit\":\"px\",\"linked\":\"0\"},\"tablet\":{\"top\":\"\",\"right\":\"\",\"bottom\":\"\",\"left\":\"\",\"unit\":\"px\",\"linked\":\"1\"},\"mobile\":{\"top\":\"\",\"right\":\"\",\"bottom\":\"\",\"left\":\"\",\"unit\":\"px\",\"linked\":\"1\"}},\"margin\":{\"desktop\":{\"top\":\"\",\"right\":\"\",\"bottom\":\"\",\"left\":\"\",\"unit\":\"px\",\"linked\":\"1\"},\"tablet\":{\"top\":\"\",\"right\":\"\",\"bottom\":\"\",\"left\":\"\",\"unit\":\"px\",\"linked\":\"1\"},\"mobile\":{\"top\":\"\",\"right\":\"\",\"bottom\":\"\",\"left\":\"\",\"unit\":\"px\",\"linked\":\"1\"}},\"textcolor\":{\"desktop\":\"rgba(0, 0, 0, 1)\",\"tablet\":\"\",\"mobile\":\"\"},\"backgroundcolor\":{\"desktop\":\"rgba(235, 235, 235, 1)\",\"tablet\":\"\",\"mobile\":\"\"},\"aligncontent\":{\"desktop\":\"act acl\",\"tablet\":\"\",\"mobile\":\"\"},\"boxshadow\":{\"desktop\":\"1\",\"tablet\":\"\",\"mobile\":\"\"},\"bordertype\":{\"desktop\":\"solid\",\"tablet\":\"\",\"mobile\":\"\"},\"bordercolor\":{\"desktop\":\"rgba(0, 0, 0, 0.4)\",\"tablet\":\"\",\"mobile\":\"\"},\"borderwidth\":{\"desktop\":{\"value\":\"2\",\"unit\":\"px\"},\"tablet\":{\"value\":\"\",\"unit\":\"px\"},\"mobile\":{\"value\":\"\",\"unit\":\"px\"}},\"borderradius\":{\"desktop\":{\"top_left\":\"\",\"top_right\":\"\",\"bottom_right\":\"\",\"bottom_left\":\"\",\"unit\":\"px\",\"linked\":\"1\"},\"tablet\":{\"top_left\":\"\",\"top_right\":\"\",\"bottom_right\":\"\",\"bottom_left\":\"\",\"unit\":\"px\",\"linked\":\"1\"},\"mobile\":{\"top_left\":\"\",\"top_right\":\"\",\"bottom_right\":\"\",\"bottom_left\":\"\",\"unit\":\"px\",\"linked\":\"1\"}},\"overlay\":{\"desktop\":\"1\",\"tablet\":\"inherit\",\"mobile\":\"inherit\"},\"overlay_color\":{\"desktop\":\"rgba(0, 0, 0, 0.5)\",\"tablet\":\"\",\"mobile\":\"\"},\"blur_bg\":{\"desktop\":{\"value\":\"15\",\"unit\":\"%\"},\"tablet\":{\"value\":\"\",\"unit\":\"%\"},\"mobile\":{\"value\":\"\",\"unit\":\"%\"}},\"overlayclick\":{\"desktop\":\"1\",\"tablet\":\"1\",\"mobile\":\"1\"},\"bgimage\":{\"desktop\":\"1\",\"tablet\":\"inherit\",\"mobile\":\"inherit\"},\"bgimagefile\":{\"desktop\":\"images\\/bgback3.png#joomlaImage:\\/\\/local-images\\/bgback3.png?width=1000&height=1004\",\"tablet\":\"\",\"mobile\":\"\"},\"bgrepeat\":{\"desktop\":\"No-repeat\",\"tablet\":\"\",\"mobile\":\"\"},\"bgsize\":{\"desktop\":\"Auto\",\"tablet\":\"\",\"mobile\":\"\"},\"bgposition\":{\"desktop\":\"Left Top\",\"tablet\":\"\",\"mobile\":\"\"},\"closebutton\":{\"show\":{\"desktop\":\"1\",\"tablet\":\"\",\"mobile\":\"\"},\"source\":{\"desktop\":\"icon\",\"tablet\":\"\",\"mobile\":\"\"},\"color\":{\"desktop\":\"rgba(0, 0, 0, 1)\",\"tablet\":\"\",\"mobile\":\"\"},\"hover\":{\"desktop\":\"rgba(240, 9, 59, 1)\",\"tablet\":\"\",\"mobile\":\"\"},\"size\":{\"desktop\":{\"value\":\"30\",\"unit\":\"px\"},\"tablet\":{\"value\":\"\",\"unit\":\"px\"},\"mobile\":{\"value\":\"\",\"unit\":\"px\"}},\"image\":{\"desktop\":\"\",\"tablet\":\"\",\"mobile\":\"\"},\"delay\":{\"desktop\":{\"value\":\"0\",\"unit\":\"ms\"},\"tablet\":{\"value\":\"\",\"unit\":\"ms\"},\"mobile\":{\"value\":\"\",\"unit\":\"ms\"}}},\"early_trigger\":\"0\",\"idle_time\":\"10\",\"triggerelement\":\"#orangawam\",\"threshold\":\"0\",\"close_out_viewport\":\"0\",\"scroll_depth\":\"percentage\",\"scroll_pixel\":\"100\",\"triggerpercentage\":\"80\",\"exittimer\":\"1000\",\"autohide\":\"0\",\"firing_frequency\":\"1\",\"triggerdelay\":\"0\",\"floating_button_show_on_close\":\"0\",\"floating_button_position\":\"bottom-right\",\"assign_impressions\":\"0\",\"assign_impressions_list\":\"3\",\"assign_impressions_param_type\":\"session\",\"opening_sound\":{\"source\":\"\",\"file\":\"\",\"url\":\"\"},\"autofocus\":\"0\",\"close_on_esc\":\"0\",\"animationin\":\"fadeIn\",\"animationout\":\"fadeOut\",\"duration\":\"300\",\"cookietype\":\"never\",\"display_conditions_type\":\"\",\"mirror_box\":\"4\",\"rules\":\"\",\"actions\":\"\",\"phpscripts\":{\"beforerender\":\"\",\"afterrender\":\"\",\"open\":\"\",\"close\":\"\"},\"customcss\":\".m1 {\\r\\n  background-color: #263a53;\\r\\n  color: #fff;\\r\\n  font-size: 15px;\\r\\n  font-weight:400;\\r\\n  border-color: #fff;\\r\\n  box-shadow: 3px 8px 16px rgba(0,0,0,.12);\\r\\n  padding-tpo: 5px;\\r\\n  padding-left: 50px;\\r\\n  padding-right: 50px;\\r\\n  border-radius: 15px;\\r\\n  text-align:center;\\r\\n}\\r\\n\\r\\n.m2 {\\r\\n  background-color: #fff;\\r\\n  color: #263a53;\\r\\n  font-size: 15px;\\r\\n}\\r\\n\\r\\nli > a:hover {\\r\\n  \\tcolor: #ff004e;\\r\\n    background-color: rgba(230,69,119,.11);\\r\\n\\r\\n}\\r\\n\\r\\n.ma {\\r\\n  background-color: #132347;\\r\\n  color: #fff;\\r\\n  font-size: 15px;\\r\\n  font-weight: 400;\\r\\n  border-color: #fff;\\r\\n  text-align: center;\\r\\n  box-shadow: 3px 8px 16px rgba(0,0,0,.12);\\r\\n  padding: 5px;\\r\\n  padding-right: 5px;\\r\\n  padding-left: 5px;\\r\\n  padding-left: 30px;\\r\\n  padding-right: 50px;\\r\\n  border-radius: 15px;\\r\\n}\\r\\nz\\r\\n\",\"customcode\":\"\",\"rtl\":\"2\",\"preventpagescroll\":\"2\",\"stats\":\"\",\"assign_offline\":\"\",\"classsuffix\":\"\",\"zindex\":\"\",\"mode\":\"popup\",\"showtitle\":\"1\",\"note\":\"\",\"colorgroup\":\"none\",\"floatingbutton_message\":{\"text\":\"Your message here\",\"bgcolor\":\"#4285f4\",\"textcolor\":\"#ffffff\",\"fontsize\":\"16\"}}', 1),
(7, 'Agensi Negeri Melaka', 0, 'custom', '<center><a href=\"https://www.melaka.gov.my/ms\" target=\"_blank\" rel=\"noopener\"><img id=\"\" class=\"hvr-float-shadow no-resize\" style=\"border-width: 0px; border-style: solid; width: 100px; height: 90px;\" title=\"Kerajaan Negeri Melaka\" src=\"images/sasa/melaka_agencies_r1_c1.png\" alt=\"mlke\" name=\"Kerajaan Negeri Melaka\" longdesc=\"\" data-hasqtip=\"612\"></a><a href=\"http://www.mbar.gov.my/2/1.php\" target=\"ext\"><img class=\"hvr-float-shadow no-resize\" style=\"border-width: 0px; border-style: solid; width: 118px; height: 90px; margin-left: 20px; margin-right: 20px;\" title=\"Melaka Bebas Asap Rokok\" src=\"images/sasa/melaka_agencies_r1_c2.png\" alt=\"mbar\" name=\"Melaka Bebas Asap Rokok\" data-hasqtip=\"614\"></a><a href=\"//ptg.melaka.gov.my\" target=\"ext\"><img class=\"hvr-float-shadow no-resize\" style=\"border-width: 0px; border-style: solid; width: 102px; height: 90px;\" title=\"Pejabat Tanah dan Galian Melaka\" src=\"images/sasa/melaka-agencies-ptg.jpg\" alt=\"ptg\" name=\"Pejabat Tanah dan Galian Melaka\" data-hasqtip=\"616\"></a><a href=\"//jkrmlk.gov.my/\" target=\"ext\"><img class=\"hvr-float-shadow no-resize\" style=\"border-width: 0px; border-style: solid; width: 121px; height: 90px; margin-left: 20px; margin-right: 20px;\" title=\"Jabatan Kerja Raya Negeri Melaka\" src=\"images/sasa/melaka_agencies_jkr.png\" alt=\"jkr\" name=\"Jabatan Kerja Raya Negeri Melaka\" data-hasqtip=\"618\"></a><a href=\"//pdtjasin.gov.my\" target=\"ext\"><img class=\"hvr-float-shadow no-resize\" style=\"border-width: 0px; border-style: solid; width: 93px; height: 90px;\" title=\"Pejabat Daerah dan Tanah Jasin\" src=\"images/sasa/melaka_agencies_pdtj.png\" alt=\"pdtjasin\" name=\"Pejabat Daerah dan Tanah Jasin\" data-hasqtip=\"620\"></a><a href=\"//pdtmt.gov.my\" target=\"ext\"><img class=\"hvr-float-shadow no-resize\" style=\"border-width: 0px; border-style: solid; width: 158px; height: 90px; margin-right: 20px; margin-left: 20px;\" title=\"Pejabat Daerah dan Tanah Melaka Tengah\" src=\"images/sasa/melaka_agencies_pdtmt.png\" alt=\"pdmt\" name=\"Pejabat Daerah dan Tanah Melaka Tengah\" data-hasqtip=\"622\"></a><a href=\"http://www.pdtag.gov.my/\" target=\"ext\"><img class=\"hvr-float-shadow no-resize\" style=\"border-width: 0px; border-style: solid; width: 109px; height: 90px; margin-right: 10px; margin-left: 10px;\" title=\"Pejabat Daerah dan Tanah Alor Gajah\" src=\"images/sasa/pdtag.png\" alt=\"pdtag\" name=\"Pejabat Daerah dan Tanah Alor Gajah\" data-hasqtip=\"624\"></a><a href=\"https://planmalaysiamelaka.gov.my/\" target=\"ext\"><img class=\"hvr-float-shadow no-resize\" style=\"border-width: 0px; border-style: solid; width: 145px; height: 70px;\" title=\"Jabatan Perancangan Bandar dan Desa Negeri Melaka\" src=\"images/sasa/melaka-agencies_jpbd.jpg\" alt=\"PLANMalaysia@Melaka\" name=\"Jabatan Perancangan Bandar dan Desa Negeri Melaka\" data-hasqtip=\"627\"></a></center>', '{\"desktop\":\"center\",\"tablet\":\"\",\"mobile\":\"\"}', 'onclick', 30, '{\"width\":{\"desktop\":{\"value\":\"500\",\"unit\":\"px\"},\"tablet\":{\"value\":\"\",\"unit\":\"px\"},\"mobile\":{\"value\":\"\",\"unit\":\"px\"}},\"height\":{\"desktop\":{\"value\":\"\",\"unit\":\"auto\"},\"tablet\":{\"value\":\"\",\"unit\":\"px\"},\"mobile\":{\"value\":\"\",\"unit\":\"px\"}},\"padding\":{\"desktop\":{\"top\":\"30\",\"right\":\"30\",\"bottom\":\"30\",\"left\":\"30\",\"unit\":\"px\",\"linked\":\"0\"},\"tablet\":{\"top\":\"\",\"right\":\"\",\"bottom\":\"\",\"left\":\"\",\"unit\":\"px\",\"linked\":\"1\"},\"mobile\":{\"top\":\"\",\"right\":\"\",\"bottom\":\"\",\"left\":\"\",\"unit\":\"px\",\"linked\":\"1\"}},\"margin\":{\"desktop\":{\"top\":\"\",\"right\":\"\",\"bottom\":\"\",\"left\":\"\",\"unit\":\"px\",\"linked\":\"1\"},\"tablet\":{\"top\":\"\",\"right\":\"\",\"bottom\":\"\",\"left\":\"\",\"unit\":\"px\",\"linked\":\"1\"},\"mobile\":{\"top\":\"\",\"right\":\"\",\"bottom\":\"\",\"left\":\"\",\"unit\":\"px\",\"linked\":\"1\"}},\"textcolor\":{\"desktop\":\"rgba(51, 51, 51, 1)\",\"tablet\":\"\",\"mobile\":\"\"},\"backgroundcolor\":{\"desktop\":\"rgba(255, 255, 255, 1)\",\"tablet\":\"\",\"mobile\":\"\"},\"aligncontent\":{\"desktop\":\"act acl\",\"tablet\":\"\",\"mobile\":\"\"},\"boxshadow\":{\"desktop\":\"none\",\"tablet\":\"\",\"mobile\":\"\"},\"bordertype\":{\"desktop\":\"solid\",\"tablet\":\"\",\"mobile\":\"\"},\"bordercolor\":{\"desktop\":\"rgba(0, 0, 0, 0.4)\",\"tablet\":\"\",\"mobile\":\"\"},\"borderwidth\":{\"desktop\":{\"value\":\"1\",\"unit\":\"px\"},\"tablet\":{\"value\":\"\",\"unit\":\"px\"},\"mobile\":{\"value\":\"\",\"unit\":\"px\"}},\"borderradius\":{\"desktop\":{\"top_left\":\"\",\"top_right\":\"\",\"bottom_right\":\"\",\"bottom_left\":\"\",\"unit\":\"px\",\"linked\":\"1\"},\"tablet\":{\"top_left\":\"\",\"top_right\":\"\",\"bottom_right\":\"\",\"bottom_left\":\"\",\"unit\":\"px\",\"linked\":\"1\"},\"mobile\":{\"top_left\":\"\",\"top_right\":\"\",\"bottom_right\":\"\",\"bottom_left\":\"\",\"unit\":\"px\",\"linked\":\"1\"}},\"overlay\":{\"desktop\":\"0\",\"tablet\":\"inherit\",\"mobile\":\"inherit\"},\"overlay_color\":{\"desktop\":\"rgba(0, 0, 0, 0.5)\",\"tablet\":\"\",\"mobile\":\"\"},\"blur_bg\":{\"desktop\":{\"value\":\"0\",\"unit\":\"%\"},\"tablet\":{\"value\":\"\",\"unit\":\"%\"},\"mobile\":{\"value\":\"\",\"unit\":\"%\"}},\"overlayclick\":{\"desktop\":\"1\",\"tablet\":\"1\",\"mobile\":\"1\"},\"bgimage\":{\"desktop\":\"0\",\"tablet\":\"inherit\",\"mobile\":\"inherit\"},\"bgimagefile\":{\"desktop\":\"\",\"tablet\":\"\",\"mobile\":\"\"},\"bgrepeat\":{\"desktop\":\"Repeat\",\"tablet\":\"\",\"mobile\":\"\"},\"bgsize\":{\"desktop\":\"Auto\",\"tablet\":\"\",\"mobile\":\"\"},\"bgposition\":{\"desktop\":\"Left Top\",\"tablet\":\"\",\"mobile\":\"\"},\"closebutton\":{\"show\":{\"desktop\":\"1\",\"tablet\":\"\",\"mobile\":\"\"},\"source\":{\"desktop\":\"icon\",\"tablet\":\"\",\"mobile\":\"\"},\"color\":{\"desktop\":\"rgba(136, 136, 136, 1)\",\"tablet\":\"\",\"mobile\":\"\"},\"hover\":{\"desktop\":\"rgba(85, 85, 85, 1)\",\"tablet\":\"\",\"mobile\":\"\"},\"size\":{\"desktop\":{\"value\":\"30\",\"unit\":\"px\"},\"tablet\":{\"value\":\"\",\"unit\":\"px\"},\"mobile\":{\"value\":\"\",\"unit\":\"px\"}},\"image\":{\"desktop\":\"\",\"tablet\":\"\",\"mobile\":\"\"},\"delay\":{\"desktop\":{\"value\":\"0\",\"unit\":\"ms\"},\"tablet\":{\"value\":\"\",\"unit\":\"ms\"},\"mobile\":{\"value\":\"\",\"unit\":\"ms\"}}},\"early_trigger\":\"0\",\"idle_time\":\"10\",\"triggerelement\":\"\",\"threshold\":\"0\",\"close_out_viewport\":\"0\",\"scroll_depth\":\"percentage\",\"scroll_pixel\":\"100\",\"triggerpercentage\":\"80\",\"exittimer\":\"1000\",\"autohide\":\"0\",\"firing_frequency\":\"1\",\"triggerdelay\":\"0\",\"floating_button_show_on_close\":\"0\",\"floating_button_position\":\"bottom-right\",\"assign_impressions\":\"0\",\"assign_impressions_list\":\"3\",\"assign_impressions_param_type\":\"session\",\"opening_sound\":{\"source\":\"\",\"file\":\"\",\"url\":\"\"},\"autofocus\":\"0\",\"close_on_esc\":\"0\",\"animationin\":\"fadeIn\",\"animationout\":\"fadeOut\",\"duration\":\"300\",\"cookietype\":\"never\",\"display_conditions_type\":\"\",\"mirror_box\":\"6\",\"rules\":\"\",\"actions\":\"\",\"phpscripts\":{\"beforerender\":\"\",\"afterrender\":\"\",\"open\":\"\",\"close\":\"\"},\"customcss\":\"\",\"customcode\":\"\",\"rtl\":\"2\",\"preventpagescroll\":\"2\",\"stats\":\"\",\"assign_offline\":\"\",\"classsuffix\":\"\",\"zindex\":\"\",\"mode\":\"popup\",\"showtitle\":\"1\",\"note\":\"\",\"colorgroup\":\"none\",\"floatingbutton_message\":{\"text\":\"Your message here\",\"bgcolor\":\"#4285f4\",\"textcolor\":\"#ffffff\",\"fontsize\":\"16\"}}', 1);
INSERT INTO `o61cm_rstbox` (`id`, `name`, `testmode`, `boxtype`, `customhtml`, `position`, `triggermethod`, `cookie`, `params`, `published`) VALUES
(8, 'Agensi Mahkamah Syariah Negeri', 0, 'custom', '<center><a href=\"https://perbendaharaan.perlis.gov.my/\" target=\"_blank\" rel=\"noopener\"><img class=\"hvr-float-shadow no-resize\" style=\"border-width: 0px; border-style: solid; width: 98px; height: 90px; margin-left: 22px; margin-right: 22px;\" title=\"Perbendaharaan Negeri Perlis\" src=\"images/sasa/perlis.png\" alt=\"perlis\" data-hasqtip=\"631\"></a><a href=\"https://ppnk.kedah.gov.my/\" target=\"_blank\" rel=\"noopener\"><img class=\"hvr-float-shadow no-resize\" style=\"width: 101px; height: 90px; border-width: 0px; border-style: solid; margin-left: 2px; margin-right: 2px;\" title=\"Perbendaharaan Negeri Kedah\" src=\"images/sasa/kedah.png\" alt=\"kedah\" data-hasqtip=\"633\"></a><a href=\"https://jkn.penang.gov.my/\" target=\"_blank\" rel=\"noopener\"><img class=\"hvr-float-shadow no-resize\" style=\"border-width: 0px; border-style: solid; width: 99px; height: 90px;\" title=\"Perbendaharaan Negeri Pulau Pinang\" src=\"images/sasa/penang.png\" alt=\"penang\" data-hasqtip=\"635\"></a><a href=\"https://kewangan.perak.gov.my/\" target=\"_blank\" rel=\"noopener\"><img class=\"hvr-float-shadow no-resize\" style=\"border-width: 0px; border-style: solid; width: 90px; height: 90px;\" title=\"Perbendaharaan Negeri Perak\" src=\"images/sasa/perak.png\" alt=\"perak\" data-hasqtip=\"637\"></a><a href=\"https://pwn.selangor.gov.my/\" target=\"_blank\" rel=\"noopener\"><img class=\"hvr-float-shadow no-resize\" style=\"border-width: 0px; border-style: solid; width: 70px; height: 100px; margin-left: 20px; margin-right: 20px;\" title=\"Perbendaharaan Negeri Selangor\" src=\"images/sasa/selangor.png\" alt=\"slgr\" data-hasqtip=\"639\"></a><a href=\"https://pkn.kelantan.gov.my/\" target=\"_blank\" rel=\"noopener\"><img class=\"hvr-float-shadow no-resize\" style=\"border-width: 0px; border-style: solid; width: 100px; height: 100px;\" title=\"Perbendaharaan Negeri Kelantan\" src=\"images/sasa/kelantan.png\" alt=\"kelantan\" data-hasqtip=\"641\"></a><a href=\"https://perbendaharaan.terengganu.gov.my/\" target=\"_blank\" rel=\"noopener\"><img class=\"hvr-float-shadow no-resize\" style=\"border-width: 0px; border-style: solid; width: 84px; height: 100px; margin-right: 20px; margin-left: 20px;\" title=\"Perbendaharaan Negeri Terengganu\" src=\"images/sasa/terengganu.png\" alt=\"terengganu\" data-hasqtip=\"643\"></a><a href=\"https://pkn.pahang.gov.my/\" target=\"_blank\" rel=\"noopener\"><img class=\"hvr-float-shadow no-resize\" style=\"border-width: 0px; border-style: solid; width: 83px; height: 100px;\" title=\"Perbendaharaan Negeri Pahang\" src=\"images/sasa/pahang.png\" alt=\"phg\" data-hasqtip=\"645\"></a><a href=\"https://pnj.johor.gov.my/\" target=\"_blank\" rel=\"noopener\"><img class=\"hvr-float-shadow no-resize\" style=\"border-width: 0px; border-style: solid; width: 129px; height: 100px;\" title=\"Perbendaharaan Negeri Johor\" src=\"images/sasa/johor.png\" alt=\"joho\" data-hasqtip=\"647\"></a><a href=\"https://pkwns.ns.gov.my/my/\" target=\"_blank\" rel=\"noopener\"><img class=\"hvr-float-shadow no-resize\" style=\"border-width: 0px; border-style: solid; width: 56px; height: 100px; margin-left: 25px; margin-right: 25px;\" title=\"Perbendaharaan Negeri Sembilan\" src=\"images/sasa/n9.png\" alt=\"ns\" data-hasqtip=\"649\"></a><a href=\"https://www.mof.sabah.gov.my/?q=ms\" target=\"_blank\" rel=\"noopener\"><img class=\"hvr-float-shadow no-resize\" style=\"border-width: 0px; border-style: solid; width: 60px; height: 100px; margin-left: 5px; margin-right: 5px;\" title=\"Perbendaharaan Negeri Sabah\" src=\"images/sasa/sabah.png\" alt=\"sabah\" data-hasqtip=\"651\"></a><a href=\"https://pmsarawak.treasury.gov.my/\" target=\"_blank\" rel=\"noopener\"><img class=\"hvr-float-shadow no-resize\" style=\"border-width: 0px; border-style: solid; width: 94px; height: 100px; margin-left: 20px; margin-right: 20px;\" title=\"Perbendaharaan Negeri Sarawak\" src=\"images/sasa/sarawak.png\" alt=\"sarawak\" data-hasqtip=\"653\"></a></center>', '{\"desktop\":\"center\",\"tablet\":\"\",\"mobile\":\"\"}', 'onclick', 30, '{\"width\":{\"desktop\":{\"value\":\"500\",\"unit\":\"px\"},\"tablet\":{\"value\":\"\",\"unit\":\"px\"},\"mobile\":{\"value\":\"\",\"unit\":\"px\"}},\"height\":{\"desktop\":{\"value\":\"\",\"unit\":\"auto\"},\"tablet\":{\"value\":\"\",\"unit\":\"px\"},\"mobile\":{\"value\":\"\",\"unit\":\"px\"}},\"padding\":{\"desktop\":{\"top\":\"30\",\"right\":\"30\",\"bottom\":\"30\",\"left\":\"30\",\"unit\":\"px\",\"linked\":\"0\"},\"tablet\":{\"top\":\"\",\"right\":\"\",\"bottom\":\"\",\"left\":\"\",\"unit\":\"px\",\"linked\":\"1\"},\"mobile\":{\"top\":\"\",\"right\":\"\",\"bottom\":\"\",\"left\":\"\",\"unit\":\"px\",\"linked\":\"1\"}},\"margin\":{\"desktop\":{\"top\":\"\",\"right\":\"\",\"bottom\":\"\",\"left\":\"\",\"unit\":\"px\",\"linked\":\"1\"},\"tablet\":{\"top\":\"\",\"right\":\"\",\"bottom\":\"\",\"left\":\"\",\"unit\":\"px\",\"linked\":\"1\"},\"mobile\":{\"top\":\"\",\"right\":\"\",\"bottom\":\"\",\"left\":\"\",\"unit\":\"px\",\"linked\":\"1\"}},\"textcolor\":{\"desktop\":\"rgba(51, 51, 51, 1)\",\"tablet\":\"\",\"mobile\":\"\"},\"backgroundcolor\":{\"desktop\":\"rgba(255, 255, 255, 1)\",\"tablet\":\"\",\"mobile\":\"\"},\"aligncontent\":{\"desktop\":\"act acl\",\"tablet\":\"\",\"mobile\":\"\"},\"boxshadow\":{\"desktop\":\"none\",\"tablet\":\"\",\"mobile\":\"\"},\"bordertype\":{\"desktop\":\"solid\",\"tablet\":\"\",\"mobile\":\"\"},\"bordercolor\":{\"desktop\":\"rgba(0, 0, 0, 0.4)\",\"tablet\":\"\",\"mobile\":\"\"},\"borderwidth\":{\"desktop\":{\"value\":\"1\",\"unit\":\"px\"},\"tablet\":{\"value\":\"\",\"unit\":\"px\"},\"mobile\":{\"value\":\"\",\"unit\":\"px\"}},\"borderradius\":{\"desktop\":{\"top_left\":\"\",\"top_right\":\"\",\"bottom_right\":\"\",\"bottom_left\":\"\",\"unit\":\"px\",\"linked\":\"1\"},\"tablet\":{\"top_left\":\"\",\"top_right\":\"\",\"bottom_right\":\"\",\"bottom_left\":\"\",\"unit\":\"px\",\"linked\":\"1\"},\"mobile\":{\"top_left\":\"\",\"top_right\":\"\",\"bottom_right\":\"\",\"bottom_left\":\"\",\"unit\":\"px\",\"linked\":\"1\"}},\"overlay\":{\"desktop\":\"0\",\"tablet\":\"inherit\",\"mobile\":\"inherit\"},\"overlay_color\":{\"desktop\":\"rgba(0, 0, 0, 0.5)\",\"tablet\":\"\",\"mobile\":\"\"},\"blur_bg\":{\"desktop\":{\"value\":\"0\",\"unit\":\"%\"},\"tablet\":{\"value\":\"\",\"unit\":\"%\"},\"mobile\":{\"value\":\"\",\"unit\":\"%\"}},\"overlayclick\":{\"desktop\":\"1\",\"tablet\":\"1\",\"mobile\":\"1\"},\"bgimage\":{\"desktop\":\"0\",\"tablet\":\"inherit\",\"mobile\":\"inherit\"},\"bgimagefile\":{\"desktop\":\"\",\"tablet\":\"\",\"mobile\":\"\"},\"bgrepeat\":{\"desktop\":\"Repeat\",\"tablet\":\"\",\"mobile\":\"\"},\"bgsize\":{\"desktop\":\"Auto\",\"tablet\":\"\",\"mobile\":\"\"},\"bgposition\":{\"desktop\":\"Left Top\",\"tablet\":\"\",\"mobile\":\"\"},\"closebutton\":{\"show\":{\"desktop\":\"1\",\"tablet\":\"\",\"mobile\":\"\"},\"source\":{\"desktop\":\"icon\",\"tablet\":\"\",\"mobile\":\"\"},\"color\":{\"desktop\":\"rgba(136, 136, 136, 1)\",\"tablet\":\"\",\"mobile\":\"\"},\"hover\":{\"desktop\":\"rgba(85, 85, 85, 1)\",\"tablet\":\"\",\"mobile\":\"\"},\"size\":{\"desktop\":{\"value\":\"30\",\"unit\":\"px\"},\"tablet\":{\"value\":\"\",\"unit\":\"px\"},\"mobile\":{\"value\":\"\",\"unit\":\"px\"}},\"image\":{\"desktop\":\"\",\"tablet\":\"\",\"mobile\":\"\"},\"delay\":{\"desktop\":{\"value\":\"0\",\"unit\":\"ms\"},\"tablet\":{\"value\":\"\",\"unit\":\"ms\"},\"mobile\":{\"value\":\"\",\"unit\":\"ms\"}}},\"early_trigger\":\"0\",\"idle_time\":\"10\",\"triggerelement\":\"\",\"threshold\":\"0\",\"close_out_viewport\":\"0\",\"scroll_depth\":\"percentage\",\"scroll_pixel\":\"100\",\"triggerpercentage\":\"80\",\"exittimer\":\"1000\",\"autohide\":\"0\",\"firing_frequency\":\"1\",\"triggerdelay\":\"0\",\"floating_button_show_on_close\":\"0\",\"floating_button_position\":\"bottom-right\",\"assign_impressions\":\"0\",\"assign_impressions_list\":\"3\",\"assign_impressions_param_type\":\"session\",\"opening_sound\":{\"source\":\"\",\"file\":\"\",\"url\":\"\"},\"autofocus\":\"0\",\"close_on_esc\":\"0\",\"animationin\":\"fadeIn\",\"animationout\":\"fadeOut\",\"duration\":\"300\",\"cookietype\":\"never\",\"display_conditions_type\":\"\",\"mirror_box\":\"7\",\"rules\":\"\",\"actions\":\"\",\"phpscripts\":{\"beforerender\":\"\",\"afterrender\":\"\",\"open\":\"\",\"close\":\"\"},\"customcss\":\"\",\"customcode\":\"\",\"rtl\":\"2\",\"preventpagescroll\":\"2\",\"stats\":\"\",\"assign_offline\":\"\",\"classsuffix\":\"\",\"zindex\":\"\",\"mode\":\"popup\",\"showtitle\":\"1\",\"note\":\"\",\"colorgroup\":\"none\",\"floatingbutton_message\":{\"text\":\"Your message here\",\"bgcolor\":\"#4285f4\",\"textcolor\":\"#ffffff\",\"fontsize\":\"16\"}}', 1),
(9, 'Agensi Persekutuan', 0, 'custom', '<center> <a href=\"http://www.pcb.gov.my/bm\" target=\"ext\"><img class=\"hvr-float-shadow no-resize\" style=\"border-width: 0px; border-style: solid; width: 90px; height: 90px;\" title=\"Biro Pengaduan Awam\" src=\"images/sasa/biro-pengaduan-awam.png\" alt=\"pcb\" name=\"Biro Pengaduan Awam\" aria-describedby=\"qtip-657\" data-hasqtip=\"657\"></a> <a href=\"https://www.jpa.gov.my/\" target=\"ext\"><img class=\"hvr-float-shadow no-resize\" style=\"border-width: 0px; border-style: solid; width: 85px; height: 90px;\" title=\"Jabatan Perkhidmatan Awam Malaysia\" src=\"images/sasa/jpa.png\" alt=\"jpa\" name=\"Jabatan Perkhidmatan Awam Malaysia\" aria-describedby=\"qtip-659\" data-hasqtip=\"659\"></a> <a href=\"https://www.jdn.gov.my/\" target=\"ext\"><img class=\"hvr-float-shadow no-resize\" style=\"width: 116px; height: 90px; border-width: 0px; border-style: solid;\" title=\"Jabatan Digital Negara\" src=\"images/sasa/mygov(1).png\" alt=\"Jabatan Digital Negara\" data-hasqtip=\"679\"></a> <a href=\"https://www.anm.gov.my/\" target=\"ext\"><img class=\"hvr-float-shadow no-resize\" style=\"border-width: 0px; border-style: solid; width: 103px; height: 90px; margin-top: 5px; margin-bottom: 5px;\" title=\"Akauntan Negara Malaysia\" src=\"images/sasa/anm.png\" alt=\"anm\" name=\"Akauntan Negara Malaysia\" data-hasqtip=\"663\"></a>    <a href=\"//www.mdec.my/msc-malaysia\" target=\"ext\"><img class=\"hvr-float-shadow no-resize\" style=\"border-width: 0px; border-style: solid; width: 101px; height: 90px; margin-top: 5px; margin-bottom: 5px;\" title=\"MSC Malaysia\" src=\"images/sasa/msc.png\" alt=\"mdec\" name=\"MSC Malaysia\" data-hasqtip=\"665\"></a><a href=\"http://www.spa.gov.my/\" target=\"ext\"><img class=\"hvr-float-shadow no-resize\" style=\"border-width: 0px; border-style: solid; width: 135px; height: 90px; margin: 5px 20px;\" title=\"Suruhanjaya Perkhidmatan Awam Malaysia\" src=\"images/sasa/spa.png\" alt=\"spa\" name=\"Suruhanjaya Perkhidmatan Awam Malaysia\" data-hasqtip=\"667\"></a><a href=\"http://www.spr.gov.my/\" target=\"ext\"><img class=\"hvr-float-shadow no-resize\" style=\"border-width: 0px; border-style: solid; width: 74px; height: 90px; margin-top: 5px; margin-bottom: 5px;\" title=\"Suruhanjaya Pilihanraya Malaysia\" src=\"images/sasa/spr.png\" alt=\"spr\" name=\"Suruhanjaya Pilihanraya Malaysia\" data-hasqtip=\"669\"></a>  <a href=\"http://www.customs.gov.my/ms\" target=\"ext\"><img class=\"hvr-float-shadow no-resize\" style=\"border-width: 0px; border-style: solid; width: 111px; height: 90px; margin-top: 5px; margin-bottom: 5px;\" title=\"Kastam DiRaja Malaysia\" src=\"images/sasa/kastam.png\" alt=\"kastam\" name=\"Kastam DiRaja Malaysia\" data-hasqtip=\"673\"></a> <a href=\"http://www.treasury.gov.my/\" target=\"ext\"><img class=\"hvr-float-shadow no-resize\" style=\"border-width: 0px; border-style: solid; width: 125px; height: 70px; margin: 5px 20px;\" title=\"Kementerian Kewangan Malaysia\" src=\"images/sasa/mof(1).png\" alt=\"mof\" name=\"Kementerian Kewangan Malaysia\" data-hasqtip=\"675\"></a><a href=\"https://www.mysms.gov.my/login\" target=\"ext\"><img class=\"hvr-float-shadow no-resize\" style=\"width: 90px; height: 90px; border-width: 0px; border-style: solid; margin-top: 5px; margin-bottom: 5px;\" title=\"Gerbang SMS\" src=\"images/sasa/15888.png\" alt=\"1gov\" name=\"Gerbang SMS\" data-hasqtip=\"677\"></a> <a href=\"https://www.malaysia.gov.my/portal/index\" target=\"ext\"><img class=\"hvr-float-shadow no-resize\" style=\"width: 116px; height: 90px; border-width: 0px; border-style: solid;\" title=\"Portal MyGov\" src=\"images/sasa/mygov(1).png\" alt=\"\" data-hasqtip=\"679\"></a>    <a href=\"https://www.malaysia.gov.my/portal/index\" target=\"ext\"><img class=\"float-none\" style=\"width: 116px; height: 90px; border-width: 0px; border-style: solid;\" title=\"Portal MyGov\" src=\"images/Kerajaan - Copy/JAIM.png\" data-hasqtip=\"679\"></a>    <a href=\"https://www.malaysia.gov.my/portal/index\" target=\"ext\"><img class=\"float-none\" style=\"width: 108px; height: 63px; border-width: 0px; border-style: solid;\" title=\"Portal MyGov\" src=\"images/Kerajaan - Copy/jksm.png\" data-hasqtip=\"679\"></a> <a href=\"https://www.malaysia.gov.my/portal/index\" target=\"ext\"><img class=\"float-none\" style=\"width: 108px; height: 113px; border-width: 0px; border-style: solid;\" title=\"Portal MyGov\" src=\"images/Kerajaan - Copy/logo_jakim.png\" data-hasqtip=\"679\"></a>  </center>', '{\"desktop\":\"center\",\"tablet\":\"\",\"mobile\":\"\"}', 'onclick', 30, '{\"width\":{\"desktop\":{\"value\":\"500\",\"unit\":\"px\"},\"tablet\":{\"value\":\"\",\"unit\":\"px\"},\"mobile\":{\"value\":\"\",\"unit\":\"px\"}},\"height\":{\"desktop\":{\"value\":\"\",\"unit\":\"auto\"},\"tablet\":{\"value\":\"\",\"unit\":\"px\"},\"mobile\":{\"value\":\"\",\"unit\":\"px\"}},\"padding\":{\"desktop\":{\"top\":\"30\",\"right\":\"30\",\"bottom\":\"30\",\"left\":\"30\",\"unit\":\"px\",\"linked\":\"0\"},\"tablet\":{\"top\":\"\",\"right\":\"\",\"bottom\":\"\",\"left\":\"\",\"unit\":\"px\",\"linked\":\"1\"},\"mobile\":{\"top\":\"\",\"right\":\"\",\"bottom\":\"\",\"left\":\"\",\"unit\":\"px\",\"linked\":\"1\"}},\"margin\":{\"desktop\":{\"top\":\"\",\"right\":\"\",\"bottom\":\"\",\"left\":\"\",\"unit\":\"px\",\"linked\":\"1\"},\"tablet\":{\"top\":\"\",\"right\":\"\",\"bottom\":\"\",\"left\":\"\",\"unit\":\"px\",\"linked\":\"1\"},\"mobile\":{\"top\":\"\",\"right\":\"\",\"bottom\":\"\",\"left\":\"\",\"unit\":\"px\",\"linked\":\"1\"}},\"textcolor\":{\"desktop\":\"rgba(51, 51, 51, 1)\",\"tablet\":\"\",\"mobile\":\"\"},\"backgroundcolor\":{\"desktop\":\"rgba(255, 255, 255, 1)\",\"tablet\":\"\",\"mobile\":\"\"},\"aligncontent\":{\"desktop\":\"act acl\",\"tablet\":\"\",\"mobile\":\"\"},\"boxshadow\":{\"desktop\":\"none\",\"tablet\":\"\",\"mobile\":\"\"},\"bordertype\":{\"desktop\":\"solid\",\"tablet\":\"\",\"mobile\":\"\"},\"bordercolor\":{\"desktop\":\"rgba(0, 0, 0, 0.4)\",\"tablet\":\"\",\"mobile\":\"\"},\"borderwidth\":{\"desktop\":{\"value\":\"1\",\"unit\":\"px\"},\"tablet\":{\"value\":\"\",\"unit\":\"px\"},\"mobile\":{\"value\":\"\",\"unit\":\"px\"}},\"borderradius\":{\"desktop\":{\"top_left\":\"\",\"top_right\":\"\",\"bottom_right\":\"\",\"bottom_left\":\"\",\"unit\":\"px\",\"linked\":\"1\"},\"tablet\":{\"top_left\":\"\",\"top_right\":\"\",\"bottom_right\":\"\",\"bottom_left\":\"\",\"unit\":\"px\",\"linked\":\"1\"},\"mobile\":{\"top_left\":\"\",\"top_right\":\"\",\"bottom_right\":\"\",\"bottom_left\":\"\",\"unit\":\"px\",\"linked\":\"1\"}},\"overlay\":{\"desktop\":\"0\",\"tablet\":\"inherit\",\"mobile\":\"inherit\"},\"overlay_color\":{\"desktop\":\"rgba(0, 0, 0, 0.5)\",\"tablet\":\"\",\"mobile\":\"\"},\"blur_bg\":{\"desktop\":{\"value\":\"0\",\"unit\":\"%\"},\"tablet\":{\"value\":\"\",\"unit\":\"%\"},\"mobile\":{\"value\":\"\",\"unit\":\"%\"}},\"overlayclick\":{\"desktop\":\"1\",\"tablet\":\"1\",\"mobile\":\"1\"},\"bgimage\":{\"desktop\":\"0\",\"tablet\":\"inherit\",\"mobile\":\"inherit\"},\"bgimagefile\":{\"desktop\":\"\",\"tablet\":\"\",\"mobile\":\"\"},\"bgrepeat\":{\"desktop\":\"Repeat\",\"tablet\":\"\",\"mobile\":\"\"},\"bgsize\":{\"desktop\":\"Auto\",\"tablet\":\"\",\"mobile\":\"\"},\"bgposition\":{\"desktop\":\"Left Top\",\"tablet\":\"\",\"mobile\":\"\"},\"closebutton\":{\"show\":{\"desktop\":\"1\",\"tablet\":\"\",\"mobile\":\"\"},\"source\":{\"desktop\":\"icon\",\"tablet\":\"\",\"mobile\":\"\"},\"color\":{\"desktop\":\"rgba(136, 136, 136, 1)\",\"tablet\":\"\",\"mobile\":\"\"},\"hover\":{\"desktop\":\"rgba(85, 85, 85, 1)\",\"tablet\":\"\",\"mobile\":\"\"},\"size\":{\"desktop\":{\"value\":\"30\",\"unit\":\"px\"},\"tablet\":{\"value\":\"\",\"unit\":\"px\"},\"mobile\":{\"value\":\"\",\"unit\":\"px\"}},\"image\":{\"desktop\":\"\",\"tablet\":\"\",\"mobile\":\"\"},\"delay\":{\"desktop\":{\"value\":\"0\",\"unit\":\"ms\"},\"tablet\":{\"value\":\"\",\"unit\":\"ms\"},\"mobile\":{\"value\":\"\",\"unit\":\"ms\"}}},\"early_trigger\":\"0\",\"idle_time\":\"10\",\"triggerelement\":\"\",\"threshold\":\"0\",\"close_out_viewport\":\"0\",\"scroll_depth\":\"percentage\",\"scroll_pixel\":\"100\",\"triggerpercentage\":\"80\",\"exittimer\":\"1000\",\"autohide\":\"0\",\"firing_frequency\":\"1\",\"triggerdelay\":\"0\",\"floating_button_show_on_close\":\"0\",\"floating_button_position\":\"bottom-right\",\"assign_impressions\":\"0\",\"assign_impressions_list\":\"3\",\"assign_impressions_param_type\":\"session\",\"opening_sound\":{\"source\":\"\",\"file\":\"\",\"url\":\"\"},\"autofocus\":\"0\",\"close_on_esc\":\"0\",\"animationin\":\"fadeIn\",\"animationout\":\"fadeOut\",\"duration\":\"300\",\"cookietype\":\"never\",\"display_conditions_type\":\"\",\"mirror_box\":\"8\",\"rules\":\"\",\"actions\":\"\",\"phpscripts\":{\"beforerender\":\"\",\"afterrender\":\"\",\"open\":\"\",\"close\":\"\"},\"customcss\":\"\",\"customcode\":\"\",\"rtl\":\"2\",\"preventpagescroll\":\"2\",\"stats\":\"\",\"assign_offline\":\"\",\"classsuffix\":\"\",\"zindex\":\"\",\"mode\":\"popup\",\"showtitle\":\"1\",\"note\":\"\",\"colorgroup\":\"none\",\"floatingbutton_message\":{\"text\":\"Your message here\",\"bgcolor\":\"#4285f4\",\"textcolor\":\"#ffffff\",\"fontsize\":\"16\"}}', 1),
(10, 'Lain-Lain', 0, 'custom', '<center><a href=\"https://pcrs.melaka.gov.my/login\" target=\"ext\"><img class=\"hvr-float-shadow no-resize\" style=\"width: 241px; height: 89px; border-width: 0px; border-style: solid;\" title=\"PCRS\" src=\"images/sasa/pcrs.png\" alt=\"pcrs\" name=\"PCRS\" data-hasqtip=\"683\"></a> <a href=\"http://melaka.spab.gov.my/eApps/system/index.do\" target=\"ext\"><img class=\"hvr-float-shadow no-resize\" style=\"width: 90px; height: 90px; border-width: 0px; border-style: solid; margin-left: 20px; margin-right: 20px;\" title=\"eAduan\" src=\"images/sasa/eaduan.png\" alt=\"spab\" name=\"eAduan\" data-hasqtip=\"685\"></a> <a href=\"http://intranet.melaka.gov.my\" target=\"ext\"><img class=\"hvr-float-shadow no-resize\" style=\"border-width: 0px; border-style: solid; height: 70px; width: 327px;\" title=\"Intranet Melaka\" src=\"images/sasa/intranet-melaka.png\" alt=\"intranet\" name=\"Intranet Melaka\" data-hasqtip=\"687\"></a>  <a href=\"https://hrmis2.eghrmis.gov.my\" target=\"ext\"><img class=\"hvr-float-shadow no-resize\" style=\"height: 90px; border-width: 0px; border-style: solid; margin-right: 20px; margin-left: 20px; width: 106px;\" title=\"HRMIS\" src=\"images/sasa/hrmis.png\" alt=\"hrmis\" name=\"HRMIS\" data-hasqtip=\"689\"></a>  <a href=\"https://melakapay.melaka.gov.my/\" target=\"_blank\" rel=\"noopener\"><img class=\"hvr-float-shadow no-resize\" style=\"border-width: 0px; border-style: solid; height: 100px; width: 110px; margin-left: 10px; margin-right: 10px;\" title=\"Melakapay\" src=\"images/sasa/melakapay%20icon.png\" alt=\"ebayar\" name=\"Melakapay\" data-hasqtip=\"691\"></a><a href=\"https://p.ispeks.melaka.gov.my\" target=\"_blank\" rel=\"noopener\"><img class=\"hvr-float-shadow no-resize\" style=\"width: 93px; height: 90px; margin-left: 20px; margin-right: 20px;\" src=\"images/sasa/ispeks.png\" alt=\"\"></a></center>', '{\"desktop\":\"center\",\"tablet\":\"\",\"mobile\":\"\"}', 'onclick', 30, '{\"width\":{\"desktop\":{\"value\":\"500\",\"unit\":\"px\"},\"tablet\":{\"value\":\"\",\"unit\":\"px\"},\"mobile\":{\"value\":\"\",\"unit\":\"px\"}},\"height\":{\"desktop\":{\"value\":\"\",\"unit\":\"auto\"},\"tablet\":{\"value\":\"\",\"unit\":\"px\"},\"mobile\":{\"value\":\"\",\"unit\":\"px\"}},\"padding\":{\"desktop\":{\"top\":\"30\",\"right\":\"30\",\"bottom\":\"30\",\"left\":\"30\",\"unit\":\"px\",\"linked\":\"0\"},\"tablet\":{\"top\":\"\",\"right\":\"\",\"bottom\":\"\",\"left\":\"\",\"unit\":\"px\",\"linked\":\"1\"},\"mobile\":{\"top\":\"\",\"right\":\"\",\"bottom\":\"\",\"left\":\"\",\"unit\":\"px\",\"linked\":\"1\"}},\"margin\":{\"desktop\":{\"top\":\"\",\"right\":\"\",\"bottom\":\"\",\"left\":\"\",\"unit\":\"px\",\"linked\":\"1\"},\"tablet\":{\"top\":\"\",\"right\":\"\",\"bottom\":\"\",\"left\":\"\",\"unit\":\"px\",\"linked\":\"1\"},\"mobile\":{\"top\":\"\",\"right\":\"\",\"bottom\":\"\",\"left\":\"\",\"unit\":\"px\",\"linked\":\"1\"}},\"textcolor\":{\"desktop\":\"rgba(51, 51, 51, 1)\",\"tablet\":\"\",\"mobile\":\"\"},\"backgroundcolor\":{\"desktop\":\"rgba(255, 255, 255, 1)\",\"tablet\":\"\",\"mobile\":\"\"},\"aligncontent\":{\"desktop\":\"act acl\",\"tablet\":\"\",\"mobile\":\"\"},\"boxshadow\":{\"desktop\":\"none\",\"tablet\":\"\",\"mobile\":\"\"},\"bordertype\":{\"desktop\":\"solid\",\"tablet\":\"\",\"mobile\":\"\"},\"bordercolor\":{\"desktop\":\"rgba(0, 0, 0, 0.4)\",\"tablet\":\"\",\"mobile\":\"\"},\"borderwidth\":{\"desktop\":{\"value\":\"1\",\"unit\":\"px\"},\"tablet\":{\"value\":\"\",\"unit\":\"px\"},\"mobile\":{\"value\":\"\",\"unit\":\"px\"}},\"borderradius\":{\"desktop\":{\"top_left\":\"\",\"top_right\":\"\",\"bottom_right\":\"\",\"bottom_left\":\"\",\"unit\":\"px\",\"linked\":\"1\"},\"tablet\":{\"top_left\":\"\",\"top_right\":\"\",\"bottom_right\":\"\",\"bottom_left\":\"\",\"unit\":\"px\",\"linked\":\"1\"},\"mobile\":{\"top_left\":\"\",\"top_right\":\"\",\"bottom_right\":\"\",\"bottom_left\":\"\",\"unit\":\"px\",\"linked\":\"1\"}},\"overlay\":{\"desktop\":\"0\",\"tablet\":\"inherit\",\"mobile\":\"inherit\"},\"overlay_color\":{\"desktop\":\"rgba(0, 0, 0, 0.5)\",\"tablet\":\"\",\"mobile\":\"\"},\"blur_bg\":{\"desktop\":{\"value\":\"0\",\"unit\":\"%\"},\"tablet\":{\"value\":\"\",\"unit\":\"%\"},\"mobile\":{\"value\":\"\",\"unit\":\"%\"}},\"overlayclick\":{\"desktop\":\"1\",\"tablet\":\"1\",\"mobile\":\"1\"},\"bgimage\":{\"desktop\":\"0\",\"tablet\":\"inherit\",\"mobile\":\"inherit\"},\"bgimagefile\":{\"desktop\":\"\",\"tablet\":\"\",\"mobile\":\"\"},\"bgrepeat\":{\"desktop\":\"Repeat\",\"tablet\":\"\",\"mobile\":\"\"},\"bgsize\":{\"desktop\":\"Auto\",\"tablet\":\"\",\"mobile\":\"\"},\"bgposition\":{\"desktop\":\"Left Top\",\"tablet\":\"\",\"mobile\":\"\"},\"closebutton\":{\"show\":{\"desktop\":\"1\",\"tablet\":\"\",\"mobile\":\"\"},\"source\":{\"desktop\":\"icon\",\"tablet\":\"\",\"mobile\":\"\"},\"color\":{\"desktop\":\"rgba(136, 136, 136, 1)\",\"tablet\":\"\",\"mobile\":\"\"},\"hover\":{\"desktop\":\"rgba(85, 85, 85, 1)\",\"tablet\":\"\",\"mobile\":\"\"},\"size\":{\"desktop\":{\"value\":\"30\",\"unit\":\"px\"},\"tablet\":{\"value\":\"\",\"unit\":\"px\"},\"mobile\":{\"value\":\"\",\"unit\":\"px\"}},\"image\":{\"desktop\":\"\",\"tablet\":\"\",\"mobile\":\"\"},\"delay\":{\"desktop\":{\"value\":\"0\",\"unit\":\"ms\"},\"tablet\":{\"value\":\"\",\"unit\":\"ms\"},\"mobile\":{\"value\":\"\",\"unit\":\"ms\"}}},\"early_trigger\":\"0\",\"idle_time\":\"10\",\"triggerelement\":\"\",\"threshold\":\"0\",\"close_out_viewport\":\"0\",\"scroll_depth\":\"percentage\",\"scroll_pixel\":\"100\",\"triggerpercentage\":\"80\",\"exittimer\":\"1000\",\"autohide\":\"0\",\"firing_frequency\":\"1\",\"triggerdelay\":\"0\",\"floating_button_show_on_close\":\"0\",\"floating_button_position\":\"bottom-right\",\"assign_impressions\":\"0\",\"assign_impressions_list\":\"3\",\"assign_impressions_param_type\":\"session\",\"opening_sound\":{\"source\":\"\",\"file\":\"\",\"url\":\"\"},\"autofocus\":\"0\",\"close_on_esc\":\"0\",\"animationin\":\"fadeIn\",\"animationout\":\"fadeOut\",\"duration\":\"300\",\"cookietype\":\"never\",\"display_conditions_type\":\"\",\"mirror_box\":\"9\",\"rules\":\"\",\"actions\":\"\",\"phpscripts\":{\"beforerender\":\"\",\"afterrender\":\"\",\"open\":\"\",\"close\":\"\"},\"customcss\":\"\",\"customcode\":\"\",\"rtl\":\"2\",\"preventpagescroll\":\"2\",\"stats\":\"\",\"assign_offline\":\"\",\"classsuffix\":\"\",\"zindex\":\"\",\"mode\":\"popup\",\"showtitle\":\"1\",\"note\":\"\",\"colorgroup\":\"none\",\"floatingbutton_message\":{\"text\":\"Your message here\",\"bgcolor\":\"#4285f4\",\"textcolor\":\"#ffffff\",\"fontsize\":\"16\"}}', 1);

-- --------------------------------------------------------

--
-- Table structure for table `o61cm_rstbox_logs`
--

CREATE TABLE `o61cm_rstbox_logs` (
  `id` int(11) NOT NULL,
  `sessionid` varchar(64) NOT NULL,
  `visitorid` varchar(64) NOT NULL,
  `user` int(11) NOT NULL,
  `box` int(11) NOT NULL,
  `event` tinyint(6) NOT NULL DEFAULT 1,
  `date` datetime NOT NULL
) ENGINE=InnoDB DEFAULT CHARSET=utf8mb4 COLLATE=utf8mb4_unicode_ci;

--
-- Dumping data for table `o61cm_rstbox_logs`
--

INSERT INTO `o61cm_rstbox_logs` (`id`, `sessionid`, `visitorid`, `user`, `box`, `event`, `date`) VALUES
(271, '40f3d5027d022cdf8f3f8562549436f5', '4122e34fb400e853', 0, 6, 1, '2025-11-29 15:22:32'),
(272, '40f3d5027d022cdf8f3f8562549436f5', '4122e34fb400e853', 0, 6, 1, '2025-11-29 15:23:38'),
(273, '40f3d5027d022cdf8f3f8562549436f5', '4122e34fb400e853', 0, 6, 1, '2025-11-29 15:24:15'),
(274, '40f3d5027d022cdf8f3f8562549436f5', '4122e34fb400e853', 0, 6, 1, '2025-11-29 15:25:49'),
(275, '94917176b1121dc405a3112e74788878', '4122e34fb400e853', 0, 6, 1, '2025-12-01 03:58:31'),
(276, '5fa27f1509707eeada004e982946799d', '4122e34fb400e853', 0, 6, 1, '2025-12-01 06:32:45'),
(277, '5fa27f1509707eeada004e982946799d', '4122e34fb400e853', 0, 6, 1, '2025-12-01 06:37:03'),
(278, '5fa27f1509707eeada004e982946799d', '4122e34fb400e853', 0, 4, 1, '2025-12-01 06:37:55'),
(279, 'eb20f2d72aff260c2da5fe275c840bf0', '4122e34fb400e853', 0, 6, 1, '2025-12-01 07:18:47'),
(280, 'eb20f2d72aff260c2da5fe275c840bf0', '4122e34fb400e853', 0, 6, 1, '2025-12-01 07:38:17'),
(281, '6fe0d339c83683c936efbf323a312941', '4122e34fb400e853', 0, 6, 1, '2025-12-01 08:43:40'),
(282, '6fe0d339c83683c936efbf323a312941', '4122e34fb400e853', 0, 4, 1, '2025-12-01 08:52:31'),
(283, 'fc8e6f5cc23e586f6e8dbcacd0ae5903', '4122e34fb400e853', 0, 6, 1, '2025-12-01 16:49:09'),
(284, 'c2fdfb6b777371ef80c86715fd6eb8d7', 'ccacfa6b6a77da4c', 0, 6, 1, '2025-12-02 03:19:39'),
(285, 'fc8e6f5cc23e586f6e8dbcacd0ae5903', '4122e34fb400e853', 0, 1, 1, '2025-12-02 03:24:13'),
(286, 'fc8e6f5cc23e586f6e8dbcacd0ae5903', '4122e34fb400e853', 0, 3, 1, '2025-12-02 03:24:21'),
(287, '2074db0fa08631b1a0733251b4f9ce5b', 'ccacfa6b6a77da4c', 0, 6, 1, '2025-12-02 04:38:40'),
(288, '2074db0fa08631b1a0733251b4f9ce5b', 'ccacfa6b6a77da4c', 0, 6, 1, '2025-12-02 04:40:01'),
(289, '2074db0fa08631b1a0733251b4f9ce5b', 'ccacfa6b6a77da4c', 0, 6, 1, '2025-12-02 04:40:08'),
(290, '2074db0fa08631b1a0733251b4f9ce5b', 'ccacfa6b6a77da4c', 0, 6, 1, '2025-12-02 04:40:20'),
(291, 'fb027ef5c3459c4ad896108cb425ac8d', 'ccacfa6b6a77da4c', 0, 1, 1, '2025-12-02 06:48:22'),
(292, 'fb027ef5c3459c4ad896108cb425ac8d', 'ccacfa6b6a77da4c', 0, 1, 1, '2025-12-02 06:55:05'),
(293, 'df3f0b316e0cff95b09de20213098f4e', '580cd5be45c70c95', 0, 6, 1, '2025-12-02 09:41:29'),
(294, 'df3f0b316e0cff95b09de20213098f4e', '580cd5be45c70c95', 0, 6, 1, '2025-12-02 09:41:56'),
(295, 'f3a1cc1e3b8f3c3bebdc2e70891a653f', '8f48c431d492e47a', 0, 6, 1, '2025-12-02 09:41:58'),
(296, 'f3a1cc1e3b8f3c3bebdc2e70891a653f', '8f48c431d492e47a', 0, 6, 1, '2025-12-02 09:42:09'),
(297, 'df3f0b316e0cff95b09de20213098f4e', '580cd5be45c70c95', 0, 6, 1, '2025-12-02 09:42:37'),
(298, 'f3a1cc1e3b8f3c3bebdc2e70891a653f', '8f48c431d492e47a', 0, 6, 1, '2025-12-02 09:43:03'),
(299, 'df3f0b316e0cff95b09de20213098f4e', '580cd5be45c70c95', 0, 6, 1, '2025-12-02 09:43:14'),
(300, 'df3f0b316e0cff95b09de20213098f4e', '580cd5be45c70c95', 0, 6, 1, '2025-12-02 09:44:27'),
(301, 'df3f0b316e0cff95b09de20213098f4e', '580cd5be45c70c95', 0, 6, 1, '2025-12-02 09:45:08'),
(302, 'df3f0b316e0cff95b09de20213098f4e', '580cd5be45c70c95', 0, 6, 1, '2025-12-02 09:45:28'),
(303, 'f3a1cc1e3b8f3c3bebdc2e70891a653f', '8f48c431d492e47a', 0, 6, 1, '2025-12-02 09:48:15'),
(304, '10b37efad64e693f16ef1cf9b63c472d', '4122e34fb400e853', 0, 6, 1, '2025-12-04 15:30:27'),
(305, '10b37efad64e693f16ef1cf9b63c472d', '4122e34fb400e853', 0, 6, 1, '2025-12-04 15:31:27'),
(306, '10b37efad64e693f16ef1cf9b63c472d', '4122e34fb400e853', 0, 6, 1, '2025-12-04 15:31:41'),
(307, 'fbfb234f11d2af9d8905f9c7c0d54e4e', 'ccacfa6b6a77da4c', 0, 6, 1, '2025-12-05 03:22:04'),
(308, 'fbfb234f11d2af9d8905f9c7c0d54e4e', 'ccacfa6b6a77da4c', 0, 6, 1, '2025-12-05 03:25:02'),
(309, 'fbfb234f11d2af9d8905f9c7c0d54e4e', 'ccacfa6b6a77da4c', 0, 6, 1, '2025-12-05 03:25:58'),
(310, '3391ef2fe985ac28c3f49e6783a3e055', 'ccacfa6b6a77da4c', 0, 6, 1, '2025-12-05 09:10:42'),
(311, '3391ef2fe985ac28c3f49e6783a3e055', 'ccacfa6b6a77da4c', 0, 6, 1, '2025-12-05 09:10:54'),
(312, '3391ef2fe985ac28c3f49e6783a3e055', 'ccacfa6b6a77da4c', 0, 6, 1, '2025-12-05 09:22:15'),
(313, '3391ef2fe985ac28c3f49e6783a3e055', 'ccacfa6b6a77da4c', 0, 6, 1, '2025-12-05 09:22:48'),
(314, '3391ef2fe985ac28c3f49e6783a3e055', 'ccacfa6b6a77da4c', 0, 6, 1, '2025-12-05 09:23:11'),
(315, '3391ef2fe985ac28c3f49e6783a3e055', 'ccacfa6b6a77da4c', 0, 6, 1, '2025-12-05 09:27:25'),
(316, '3391ef2fe985ac28c3f49e6783a3e055', 'ccacfa6b6a77da4c', 0, 6, 1, '2025-12-05 09:31:00'),
(317, '3391ef2fe985ac28c3f49e6783a3e055', 'ccacfa6b6a77da4c', 0, 6, 1, '2025-12-05 09:31:12'),
(318, '3391ef2fe985ac28c3f49e6783a3e055', 'ccacfa6b6a77da4c', 0, 6, 1, '2025-12-05 09:31:20'),
(319, '3391ef2fe985ac28c3f49e6783a3e055', 'ccacfa6b6a77da4c', 0, 6, 1, '2025-12-05 09:31:25'),
(320, '3391ef2fe985ac28c3f49e6783a3e055', 'ccacfa6b6a77da4c', 0, 6, 1, '2025-12-05 09:33:04'),
(321, '3391ef2fe985ac28c3f49e6783a3e055', 'ccacfa6b6a77da4c', 0, 6, 1, '2025-12-05 09:34:28'),
(322, '3391ef2fe985ac28c3f49e6783a3e055', 'ccacfa6b6a77da4c', 0, 1, 1, '2025-12-05 09:39:01'),
(323, '3391ef2fe985ac28c3f49e6783a3e055', 'ccacfa6b6a77da4c', 0, 2, 1, '2025-12-05 09:39:13'),
(324, '3391ef2fe985ac28c3f49e6783a3e055', 'ccacfa6b6a77da4c', 0, 2, 1, '2025-12-05 09:39:25'),
(325, '3391ef2fe985ac28c3f49e6783a3e055', 'ccacfa6b6a77da4c', 0, 3, 1, '2025-12-05 09:40:56'),
(326, '3391ef2fe985ac28c3f49e6783a3e055', 'ccacfa6b6a77da4c', 0, 3, 1, '2025-12-05 09:42:13'),
(327, '3391ef2fe985ac28c3f49e6783a3e055', 'ccacfa6b6a77da4c', 0, 3, 1, '2025-12-05 09:42:36'),
(328, '3391ef2fe985ac28c3f49e6783a3e055', 'ccacfa6b6a77da4c', 0, 3, 1, '2025-12-05 09:43:00'),
(329, '3391ef2fe985ac28c3f49e6783a3e055', 'ccacfa6b6a77da4c', 0, 6, 1, '2025-12-05 09:43:47'),
(330, '3391ef2fe985ac28c3f49e6783a3e055', 'ccacfa6b6a77da4c', 0, 6, 1, '2025-12-05 09:58:13'),
(331, '3391ef2fe985ac28c3f49e6783a3e055', 'ccacfa6b6a77da4c', 0, 6, 1, '2025-12-05 09:58:32'),
(332, '3391ef2fe985ac28c3f49e6783a3e055', 'ccacfa6b6a77da4c', 0, 6, 1, '2025-12-05 09:59:01'),
(333, 'b55c49a43687cfc178ff65e831412969', '2147a94f9114ac2d', 0, 1, 1, '2025-12-07 02:30:20'),
(334, 'b55c49a43687cfc178ff65e831412969', '2147a94f9114ac2d', 0, 2, 1, '2025-12-07 02:30:33'),
(335, 'b55c49a43687cfc178ff65e831412969', '2147a94f9114ac2d', 0, 3, 1, '2025-12-07 02:30:39'),
(336, 'b55c49a43687cfc178ff65e831412969', '2147a94f9114ac2d', 0, 4, 1, '2025-12-07 02:30:44'),
(337, 'b55c49a43687cfc178ff65e831412969', '2147a94f9114ac2d', 0, 1, 1, '2025-12-07 02:30:58'),
(338, '1dcbb0bdb11224313436519f715fe9af', '2147a94f9114ac2d', 0, 1, 1, '2025-12-07 07:45:30'),
(339, '1dcbb0bdb11224313436519f715fe9af', '2147a94f9114ac2d', 0, 6, 1, '2025-12-07 07:47:10'),
(340, '1dcbb0bdb11224313436519f715fe9af', '2147a94f9114ac2d', 0, 6, 1, '2025-12-07 07:48:06'),
(341, '1dcbb0bdb11224313436519f715fe9af', '2147a94f9114ac2d', 0, 6, 1, '2025-12-07 07:48:46'),
(342, '1dcbb0bdb11224313436519f715fe9af', '2147a94f9114ac2d', 0, 6, 1, '2025-12-07 07:50:33'),
(343, '1dcbb0bdb11224313436519f715fe9af', '2147a94f9114ac2d', 0, 3, 1, '2025-12-07 08:03:01'),
(344, '43c73c412fdfa2ff48367204963eb992', 'e687f85b0f72ff85', 0, 3, 1, '2025-12-07 13:17:06'),
(345, '2f1ca4dfad4c69e94301f0e7d1da0be9', '58586f0bdc3289fa', 0, 4, 1, '2025-12-07 13:21:05'),
(346, '2f1ca4dfad4c69e94301f0e7d1da0be9', '58586f0bdc3289fa', 0, 6, 1, '2025-12-07 13:21:55'),
(347, 'bd6b8c32ce60b7095d5a9c63943b5c68', 'e687f85b0f72ff85', 0, 6, 1, '2025-12-07 13:40:09'),
(348, '5862e2b94330eaa9e298a9b9ae7b3bf8', 'e687f85b0f72ff85', 0, 6, 1, '2025-12-07 15:00:41'),
(349, 'bcb8fe346cef3703b188c4386ad4d6e6', '8f48c431d492e47a', 0, 6, 1, '2025-12-08 07:39:57'),
(350, 'bcb8fe346cef3703b188c4386ad4d6e6', '8f48c431d492e47a', 0, 6, 1, '2025-12-08 07:52:44'),
(351, 'bcb8fe346cef3703b188c4386ad4d6e6', '8f48c431d492e47a', 0, 6, 1, '2025-12-08 07:52:56'),
(352, 'bcb8fe346cef3703b188c4386ad4d6e6', '8f48c431d492e47a', 0, 6, 1, '2025-12-08 07:55:31'),
(353, 'a16ff053e014951ad98818757ea04126', '2993f42c91576750', 0, 1, 1, '2025-12-09 01:17:22'),
(354, '82926f8230a0ef8a96b5ffdca66d5c94', 'ccacfa6b6a77da4c', 0, 6, 1, '2025-12-10 03:36:01'),
(355, '2c9e1e869513ac3efc6e75c1884fad04', '580cd5be45c70c95', 0, 6, 1, '2025-12-10 06:45:45'),
(356, '3496dca47ce13d0e8bd9dc2f5d1d5917', 'ccacfa6b6a77da4c', 0, 1, 1, '2025-12-10 08:21:40'),
(357, '3496dca47ce13d0e8bd9dc2f5d1d5917', 'ccacfa6b6a77da4c', 0, 1, 1, '2025-12-10 08:21:52'),
(358, '3496dca47ce13d0e8bd9dc2f5d1d5917', 'ccacfa6b6a77da4c', 0, 1, 1, '2025-12-10 08:22:27'),
(359, '3496dca47ce13d0e8bd9dc2f5d1d5917', 'ccacfa6b6a77da4c', 0, 1, 1, '2025-12-10 08:24:17'),
(360, '3496dca47ce13d0e8bd9dc2f5d1d5917', 'ccacfa6b6a77da4c', 0, 1, 1, '2025-12-10 08:29:01'),
(361, '3496dca47ce13d0e8bd9dc2f5d1d5917', 'ccacfa6b6a77da4c', 0, 1, 1, '2025-12-10 08:29:27'),
(362, '3496dca47ce13d0e8bd9dc2f5d1d5917', 'ccacfa6b6a77da4c', 0, 1, 1, '2025-12-10 08:29:49'),
(363, '3496dca47ce13d0e8bd9dc2f5d1d5917', 'ccacfa6b6a77da4c', 0, 2, 1, '2025-12-10 08:35:58'),
(364, '3496dca47ce13d0e8bd9dc2f5d1d5917', 'ccacfa6b6a77da4c', 0, 2, 1, '2025-12-10 08:36:40'),
(365, '3496dca47ce13d0e8bd9dc2f5d1d5917', 'ccacfa6b6a77da4c', 0, 2, 1, '2025-12-10 08:36:54'),
(366, '3496dca47ce13d0e8bd9dc2f5d1d5917', 'ccacfa6b6a77da4c', 0, 2, 1, '2025-12-10 08:37:30'),
(367, '3496dca47ce13d0e8bd9dc2f5d1d5917', 'ccacfa6b6a77da4c', 0, 2, 1, '2025-12-10 08:38:00'),
(368, '3496dca47ce13d0e8bd9dc2f5d1d5917', 'ccacfa6b6a77da4c', 0, 2, 1, '2025-12-10 08:40:43'),
(369, '3496dca47ce13d0e8bd9dc2f5d1d5917', 'ccacfa6b6a77da4c', 0, 3, 1, '2025-12-10 08:40:47'),
(370, '3496dca47ce13d0e8bd9dc2f5d1d5917', 'ccacfa6b6a77da4c', 0, 3, 1, '2025-12-10 08:41:21'),
(371, '3496dca47ce13d0e8bd9dc2f5d1d5917', 'ccacfa6b6a77da4c', 0, 3, 1, '2025-12-10 08:44:22'),
(372, '3496dca47ce13d0e8bd9dc2f5d1d5917', 'ccacfa6b6a77da4c', 0, 3, 1, '2025-12-10 08:45:09'),
(373, '3496dca47ce13d0e8bd9dc2f5d1d5917', 'ccacfa6b6a77da4c', 0, 3, 1, '2025-12-10 08:45:20'),
(374, '3496dca47ce13d0e8bd9dc2f5d1d5917', 'ccacfa6b6a77da4c', 0, 3, 1, '2025-12-10 08:45:44'),
(375, '3496dca47ce13d0e8bd9dc2f5d1d5917', 'ccacfa6b6a77da4c', 0, 3, 1, '2025-12-10 08:53:59'),
(376, '3496dca47ce13d0e8bd9dc2f5d1d5917', 'ccacfa6b6a77da4c', 0, 4, 1, '2025-12-10 08:59:58'),
(377, '3496dca47ce13d0e8bd9dc2f5d1d5917', 'ccacfa6b6a77da4c', 0, 4, 1, '2025-12-10 09:00:19'),
(378, '194168ebf286be7690a14a7046c9df0c', '874fed4f52fe24ee', 0, 1, 1, '2025-12-11 01:07:15'),
(379, '2f1ca4dfad4c69e94301f0e7d1da0be9', '58586f0bdc3289fa', 0, 3, 1, '2025-12-11 12:49:26'),
(380, 'e68b3557ca3c97ad7b61d5907be63be6', '4122e34fb400e853', 0, 1, 1, '2025-12-12 15:06:31'),
(381, 'e68b3557ca3c97ad7b61d5907be63be6', '4122e34fb400e853', 0, 6, 1, '2025-12-12 15:40:19'),
(382, 'e68b3557ca3c97ad7b61d5907be63be6', '4122e34fb400e853', 0, 6, 1, '2025-12-12 15:40:34'),
(383, 'e68b3557ca3c97ad7b61d5907be63be6', '4122e34fb400e853', 0, 3, 1, '2025-12-12 15:50:44'),
(384, 'e68b3557ca3c97ad7b61d5907be63be6', '4122e34fb400e853', 0, 2, 1, '2025-12-12 15:50:53'),
(385, 'e68b3557ca3c97ad7b61d5907be63be6', '4122e34fb400e853', 0, 2, 1, '2025-12-12 15:52:46'),
(386, 'e68b3557ca3c97ad7b61d5907be63be6', '4122e34fb400e853', 0, 2, 1, '2025-12-12 15:54:45'),
(387, 'e68b3557ca3c97ad7b61d5907be63be6', '4122e34fb400e853', 0, 6, 1, '2025-12-12 15:55:58'),
(388, 'e68b3557ca3c97ad7b61d5907be63be6', '4122e34fb400e853', 0, 2, 1, '2025-12-12 15:57:03'),
(389, '3a8818d990f46c348380f7d15d2a2e78', '4122e34fb400e853', 0, 6, 1, '2025-12-12 21:16:06'),
(390, 'd95aa63be62ed71358645732c66c9627', '4122e34fb400e853', 0, 1, 1, '2025-12-13 01:49:37'),
(391, 'd95aa63be62ed71358645732c66c9627', '4122e34fb400e853', 0, 3, 1, '2025-12-13 01:49:41'),
(392, 'd95aa63be62ed71358645732c66c9627', '4122e34fb400e853', 0, 3, 1, '2025-12-13 01:54:47'),
(393, 'd95aa63be62ed71358645732c66c9627', '4122e34fb400e853', 0, 3, 1, '2025-12-13 01:57:20'),
(394, 'd95aa63be62ed71358645732c66c9627', '4122e34fb400e853', 0, 3, 1, '2025-12-13 02:01:09'),
(395, 'd95aa63be62ed71358645732c66c9627', '4122e34fb400e853', 0, 2, 1, '2025-12-13 02:01:12'),
(396, 'd95aa63be62ed71358645732c66c9627', '4122e34fb400e853', 0, 2, 1, '2025-12-13 02:04:17'),
(397, 'd95aa63be62ed71358645732c66c9627', '4122e34fb400e853', 0, 2, 1, '2025-12-13 02:04:39'),
(398, 'd95aa63be62ed71358645732c66c9627', '4122e34fb400e853', 0, 1, 1, '2025-12-13 02:05:06'),
(399, 'd95aa63be62ed71358645732c66c9627', '4122e34fb400e853', 0, 2, 1, '2025-12-13 02:05:14'),
(400, 'd95aa63be62ed71358645732c66c9627', '4122e34fb400e853', 0, 3, 1, '2025-12-13 02:05:22'),
(401, 'd95aa63be62ed71358645732c66c9627', '4122e34fb400e853', 0, 4, 1, '2025-12-13 02:05:31'),
(402, 'd95aa63be62ed71358645732c66c9627', '4122e34fb400e853', 0, 4, 1, '2025-12-13 02:05:43'),
(403, 'd95aa63be62ed71358645732c66c9627', '4122e34fb400e853', 0, 2, 1, '2025-12-13 02:06:41'),
(404, 'd95aa63be62ed71358645732c66c9627', '4122e34fb400e853', 0, 1, 1, '2025-12-13 02:16:32'),
(405, 'd95aa63be62ed71358645732c66c9627', '4122e34fb400e853', 0, 1, 1, '2025-12-13 02:16:58'),
(406, 'd95aa63be62ed71358645732c66c9627', '4122e34fb400e853', 0, 6, 1, '2025-12-13 02:23:21'),
(407, 'd95aa63be62ed71358645732c66c9627', '4122e34fb400e853', 0, 6, 1, '2025-12-13 02:23:37'),
(408, 'd95aa63be62ed71358645732c66c9627', '4122e34fb400e853', 0, 6, 1, '2025-12-13 02:26:30'),
(409, 'd95aa63be62ed71358645732c66c9627', '4122e34fb400e853', 0, 6, 1, '2025-12-13 02:26:48'),
(410, 'd95aa63be62ed71358645732c66c9627', '4122e34fb400e853', 0, 6, 1, '2025-12-13 02:27:28'),
(411, 'f8099427a523e7ebe4eab2124ddb7ddb', 'eaa0bb2c0367cac6', 0, 1, 1, '2025-12-13 23:32:57'),
(412, 'f8099427a523e7ebe4eab2124ddb7ddb', 'eaa0bb2c0367cac6', 0, 1, 1, '2025-12-13 23:34:23'),
(413, '3606f3ad7e5574db3ec37206d14118cd', '2147a94f9114ac2d', 0, 6, 1, '2025-12-14 06:34:50'),
(414, '1856d4c314688ce4bc4ed93058ae6c81', '4122e34fb400e853', 0, 6, 1, '2025-12-16 01:03:43'),
(415, '96b4601c0f46794d48a4b5a52d5259ac', '4122e34fb400e853', 0, 6, 1, '2025-12-16 02:21:24'),
(416, '96b4601c0f46794d48a4b5a52d5259ac', '4122e34fb400e853', 0, 6, 1, '2025-12-16 02:21:37'),
(417, '96b4601c0f46794d48a4b5a52d5259ac', '4122e34fb400e853', 0, 6, 1, '2025-12-16 02:24:12'),
(418, '623a131cb4c1ea751fae8c1a567a6053', '4122e34fb400e853', 0, 6, 1, '2025-12-17 00:34:58'),
(419, '623a131cb4c1ea751fae8c1a567a6053', '4122e34fb400e853', 0, 6, 1, '2025-12-17 00:35:59'),
(420, '623a131cb4c1ea751fae8c1a567a6053', '4122e34fb400e853', 0, 6, 1, '2025-12-17 00:40:34'),
(421, '623a131cb4c1ea751fae8c1a567a6053', '4122e34fb400e853', 0, 6, 1, '2025-12-17 00:41:24'),
(422, '623a131cb4c1ea751fae8c1a567a6053', '4122e34fb400e853', 0, 6, 1, '2025-12-17 00:42:24'),
(423, 'c9b1a0491600166671d2541633e32229', '4122e34fb400e853', 0, 6, 1, '2025-12-17 01:53:28'),
(424, 'c9b1a0491600166671d2541633e32229', '4122e34fb400e853', 0, 6, 1, '2025-12-17 01:54:27'),
(425, 'c9b1a0491600166671d2541633e32229', '4122e34fb400e853', 0, 6, 1, '2025-12-17 01:55:44'),
(426, 'c9b1a0491600166671d2541633e32229', '4122e34fb400e853', 0, 6, 1, '2025-12-17 01:56:27'),
(427, 'c9b1a0491600166671d2541633e32229', '4122e34fb400e853', 0, 6, 1, '2025-12-17 01:58:24'),
(428, 'c9b1a0491600166671d2541633e32229', '4122e34fb400e853', 0, 1, 1, '2025-12-17 01:59:24'),
(429, 'c9b1a0491600166671d2541633e32229', '4122e34fb400e853', 0, 6, 1, '2025-12-17 02:02:49'),
(430, 'c9b1a0491600166671d2541633e32229', '4122e34fb400e853', 0, 6, 1, '2025-12-17 02:03:21'),
(431, 'c9b1a0491600166671d2541633e32229', '4122e34fb400e853', 0, 6, 1, '2025-12-17 02:04:39'),
(432, '73906fba90088a69ea783892be2b26bc', '8f48c431d492e47a', 0, 6, 1, '2025-12-17 02:11:44'),
(433, 'dfebdaa0f59326b19af4a4e8363b0d49', '4122e34fb400e853', 0, 6, 1, '2025-12-17 02:24:21'),
(434, 'dfebdaa0f59326b19af4a4e8363b0d49', '4122e34fb400e853', 0, 6, 1, '2025-12-17 02:24:31'),
(435, 'dfebdaa0f59326b19af4a4e8363b0d49', '4122e34fb400e853', 0, 6, 1, '2025-12-17 02:29:56'),
(436, 'dfebdaa0f59326b19af4a4e8363b0d49', '4122e34fb400e853', 0, 6, 1, '2025-12-17 02:36:52'),
(437, 'dfebdaa0f59326b19af4a4e8363b0d49', '4122e34fb400e853', 0, 6, 1, '2025-12-17 02:52:45'),
(438, 'dfebdaa0f59326b19af4a4e8363b0d49', '4122e34fb400e853', 0, 6, 1, '2025-12-17 02:57:51'),
(439, 'dfebdaa0f59326b19af4a4e8363b0d49', '4122e34fb400e853', 0, 6, 1, '2025-12-17 03:11:35'),
(440, 'dfebdaa0f59326b19af4a4e8363b0d49', '4122e34fb400e853', 0, 6, 1, '2025-12-17 03:33:14'),
(441, 'c5c7a62a87d9a9b98d658b5980f2d4db', '4122e34fb400e853', 0, 6, 1, '2025-12-17 09:20:24'),
(442, 'c5c7a62a87d9a9b98d658b5980f2d4db', '4122e34fb400e853', 0, 6, 1, '2025-12-17 09:20:43'),
(443, 'c5c7a62a87d9a9b98d658b5980f2d4db', '4122e34fb400e853', 0, 6, 1, '2025-12-17 09:21:27'),
(444, 'c5c7a62a87d9a9b98d658b5980f2d4db', '4122e34fb400e853', 0, 6, 1, '2025-12-17 09:24:33'),
(445, 'c5c7a62a87d9a9b98d658b5980f2d4db', '4122e34fb400e853', 0, 6, 1, '2025-12-17 09:24:44'),
(446, 'c5c7a62a87d9a9b98d658b5980f2d4db', '4122e34fb400e853', 0, 6, 1, '2025-12-17 09:25:31'),
(447, 'c5c7a62a87d9a9b98d658b5980f2d4db', '4122e34fb400e853', 0, 6, 1, '2025-12-17 09:26:54'),
(448, 'c5c7a62a87d9a9b98d658b5980f2d4db', '4122e34fb400e853', 0, 6, 1, '2025-12-17 09:27:03'),
(449, 'c5c7a62a87d9a9b98d658b5980f2d4db', '4122e34fb400e853', 0, 6, 1, '2025-12-17 09:27:31'),
(450, 'c5c7a62a87d9a9b98d658b5980f2d4db', '4122e34fb400e853', 0, 4, 1, '2025-12-17 09:30:58'),
(451, 'e674aadd9ecf2a3b7d71aa55cc11c78f', '8f48c431d492e47a', 0, 6, 1, '2025-12-18 02:06:40'),
(452, '2ba2ee5cc544e0b8eb760133b09e86a1', '4122e34fb400e853', 0, 6, 1, '2025-12-18 03:43:58'),
(453, 'beb76af1cc5b6338129a050243a5112b', '8f48c431d492e47a', 0, 6, 1, '2025-12-18 03:44:06'),
(454, 'beb76af1cc5b6338129a050243a5112b', '8f48c431d492e47a', 0, 6, 1, '2025-12-18 03:45:34'),
(455, '2ba2ee5cc544e0b8eb760133b09e86a1', '4122e34fb400e853', 0, 6, 1, '2025-12-18 03:47:01'),
(456, '2ba2ee5cc544e0b8eb760133b09e86a1', '4122e34fb400e853', 0, 6, 1, '2025-12-18 03:56:59'),
(457, '2ba2ee5cc544e0b8eb760133b09e86a1', '4122e34fb400e853', 0, 6, 1, '2025-12-18 03:57:46'),
(458, '2ba2ee5cc544e0b8eb760133b09e86a1', '4122e34fb400e853', 0, 6, 1, '2025-12-18 04:03:45'),
(459, '806ac2a6b98250b6bf02284e51bd1269', '20e82864a1d8106f', 0, 6, 1, '2025-12-18 04:05:37'),
(460, '806ac2a6b98250b6bf02284e51bd1269', '20e82864a1d8106f', 0, 6, 1, '2025-12-18 04:06:07'),
(461, '2ba2ee5cc544e0b8eb760133b09e86a1', '4122e34fb400e853', 0, 6, 1, '2025-12-18 04:06:20'),
(462, '806ac2a6b98250b6bf02284e51bd1269', '20e82864a1d8106f', 0, 6, 1, '2025-12-18 04:06:27'),
(463, '806ac2a6b98250b6bf02284e51bd1269', '20e82864a1d8106f', 0, 6, 1, '2025-12-18 04:07:18'),
(464, '2ba2ee5cc544e0b8eb760133b09e86a1', '4122e34fb400e853', 0, 6, 1, '2025-12-18 04:08:26'),
(465, '2ba2ee5cc544e0b8eb760133b09e86a1', '4122e34fb400e853', 0, 6, 1, '2025-12-18 04:10:35'),
(466, '2ba2ee5cc544e0b8eb760133b09e86a1', '4122e34fb400e853', 0, 6, 1, '2025-12-18 04:10:53'),
(467, '806ac2a6b98250b6bf02284e51bd1269', '20e82864a1d8106f', 0, 6, 1, '2025-12-18 04:11:11'),
(468, '806ac2a6b98250b6bf02284e51bd1269', '20e82864a1d8106f', 0, 6, 1, '2025-12-18 04:11:40'),
(469, '2ba2ee5cc544e0b8eb760133b09e86a1', '4122e34fb400e853', 0, 6, 1, '2025-12-18 04:11:43'),
(470, '806ac2a6b98250b6bf02284e51bd1269', '20e82864a1d8106f', 0, 6, 1, '2025-12-18 04:12:06'),
(471, '180b08f353c2fe1055069e290294ca47', '8f48c431d492e47a', 0, 6, 1, '2025-12-18 04:12:59'),
(472, '2ba2ee5cc544e0b8eb760133b09e86a1', '4122e34fb400e853', 0, 6, 1, '2025-12-18 04:16:19'),
(473, '180b08f353c2fe1055069e290294ca47', '8f48c431d492e47a', 0, 6, 1, '2025-12-18 04:18:06'),
(474, '2ba2ee5cc544e0b8eb760133b09e86a1', '4122e34fb400e853', 0, 6, 1, '2025-12-18 04:18:58'),
(475, '2ba2ee5cc544e0b8eb760133b09e86a1', '4122e34fb400e853', 0, 6, 1, '2025-12-18 04:19:37'),
(476, '180b08f353c2fe1055069e290294ca47', '8f48c431d492e47a', 0, 6, 1, '2025-12-18 04:23:39'),
(477, '180b08f353c2fe1055069e290294ca47', '8f48c431d492e47a', 0, 6, 1, '2025-12-18 04:23:48'),
(478, '180b08f353c2fe1055069e290294ca47', '8f48c431d492e47a', 0, 6, 1, '2025-12-18 04:25:24'),
(479, '180b08f353c2fe1055069e290294ca47', '8f48c431d492e47a', 0, 6, 1, '2025-12-18 04:26:22'),
(480, '2ba2ee5cc544e0b8eb760133b09e86a1', '4122e34fb400e853', 0, 6, 1, '2025-12-18 04:56:19'),
(481, '2ba2ee5cc544e0b8eb760133b09e86a1', '4122e34fb400e853', 0, 6, 1, '2025-12-18 04:58:10'),
(482, '0a92f2c4fe568cb94912de78f8df8b55', '4122e34fb400e853', 0, 6, 1, '2025-12-18 06:55:15'),
(483, '0a92f2c4fe568cb94912de78f8df8b55', '4122e34fb400e853', 0, 6, 1, '2025-12-18 06:56:34'),
(484, '934a3fa3224f1aa061ebf0b639d81be9', '8f48c431d492e47a', 0, 6, 1, '2025-12-18 06:56:52'),
(485, '934a3fa3224f1aa061ebf0b639d81be9', '8f48c431d492e47a', 0, 6, 1, '2025-12-18 06:57:59'),
(486, 'f59d173c06a23d0b0db5f8e4876853d9', '20e82864a1d8106f', 0, 6, 1, '2025-12-18 07:18:42'),
(487, '0a92f2c4fe568cb94912de78f8df8b55', '4122e34fb400e853', 0, 6, 1, '2025-12-18 07:20:19'),
(488, '0a92f2c4fe568cb94912de78f8df8b55', '4122e34fb400e853', 0, 6, 1, '2025-12-18 07:21:23'),
(489, '0a92f2c4fe568cb94912de78f8df8b55', '4122e34fb400e853', 0, 6, 1, '2025-12-18 07:21:33'),
(490, '0a92f2c4fe568cb94912de78f8df8b55', '4122e34fb400e853', 0, 6, 1, '2025-12-18 07:24:38'),
(491, '0a92f2c4fe568cb94912de78f8df8b55', '4122e34fb400e853', 0, 6, 1, '2025-12-18 07:24:48'),
(492, '0a92f2c4fe568cb94912de78f8df8b55', '4122e34fb400e853', 0, 6, 1, '2025-12-18 07:41:04'),
(493, '0a92f2c4fe568cb94912de78f8df8b55', '4122e34fb400e853', 0, 6, 1, '2025-12-18 07:44:11'),
(494, '0a92f2c4fe568cb94912de78f8df8b55', '4122e34fb400e853', 0, 6, 1, '2025-12-18 07:44:27'),
(495, '0a92f2c4fe568cb94912de78f8df8b55', '4122e34fb400e853', 0, 6, 1, '2025-12-18 07:44:59'),
(496, '0a92f2c4fe568cb94912de78f8df8b55', '4122e34fb400e853', 0, 6, 1, '2025-12-18 07:45:55'),
(497, '0a92f2c4fe568cb94912de78f8df8b55', '4122e34fb400e853', 0, 6, 1, '2025-12-18 07:46:20'),
(498, '0a92f2c4fe568cb94912de78f8df8b55', '4122e34fb400e853', 0, 6, 1, '2025-12-18 07:55:29'),
(499, '1788ee96daf682a683cc0d5788b6416e', '8f48c431d492e47a', 0, 6, 1, '2025-12-18 07:56:36'),
(500, '0a92f2c4fe568cb94912de78f8df8b55', '4122e34fb400e853', 0, 6, 1, '2025-12-18 07:56:44'),
(501, '1788ee96daf682a683cc0d5788b6416e', '8f48c431d492e47a', 0, 1, 1, '2025-12-18 08:00:24'),
(502, '1788ee96daf682a683cc0d5788b6416e', '8f48c431d492e47a', 0, 1, 1, '2025-12-18 08:00:33'),
(503, '0a92f2c4fe568cb94912de78f8df8b55', '4122e34fb400e853', 0, 6, 1, '2025-12-18 08:01:38'),
(504, '0a92f2c4fe568cb94912de78f8df8b55', '4122e34fb400e853', 0, 6, 1, '2025-12-18 08:03:50'),
(505, '0a92f2c4fe568cb94912de78f8df8b55', '4122e34fb400e853', 0, 6, 1, '2025-12-18 08:04:06'),
(506, '0a92f2c4fe568cb94912de78f8df8b55', '4122e34fb400e853', 0, 6, 1, '2025-12-18 08:13:28'),
(507, '0a92f2c4fe568cb94912de78f8df8b55', '4122e34fb400e853', 0, 1, 1, '2025-12-18 08:26:09'),
(508, '0a92f2c4fe568cb94912de78f8df8b55', '4122e34fb400e853', 0, 6, 1, '2025-12-18 08:27:21'),
(509, '0a92f2c4fe568cb94912de78f8df8b55', '4122e34fb400e853', 0, 6, 1, '2025-12-18 08:27:29'),
(510, '0a92f2c4fe568cb94912de78f8df8b55', '4122e34fb400e853', 0, 1, 1, '2025-12-18 08:28:29'),
(511, '0a92f2c4fe568cb94912de78f8df8b55', '4122e34fb400e853', 0, 6, 1, '2025-12-18 08:29:27'),
(512, '0a92f2c4fe568cb94912de78f8df8b55', '4122e34fb400e853', 0, 6, 1, '2025-12-18 08:29:56'),
(513, '0a92f2c4fe568cb94912de78f8df8b55', '4122e34fb400e853', 0, 6, 1, '2025-12-18 08:30:42'),
(514, '0a92f2c4fe568cb94912de78f8df8b55', '4122e34fb400e853', 0, 1, 1, '2025-12-18 08:35:22'),
(515, '0a92f2c4fe568cb94912de78f8df8b55', '4122e34fb400e853', 0, 2, 1, '2025-12-18 08:35:31'),
(516, '0a92f2c4fe568cb94912de78f8df8b55', '4122e34fb400e853', 0, 2, 1, '2025-12-18 08:37:02'),
(517, 'bfd1c9b39446ef693994fff4f04404fc', '8f48c431d492e47a', 0, 6, 1, '2025-12-18 08:37:55'),
(518, '0a92f2c4fe568cb94912de78f8df8b55', '4122e34fb400e853', 0, 6, 1, '2025-12-18 08:37:58'),
(519, '0a92f2c4fe568cb94912de78f8df8b55', '4122e34fb400e853', 0, 2, 1, '2025-12-18 08:38:27'),
(520, '0a92f2c4fe568cb94912de78f8df8b55', '4122e34fb400e853', 0, 6, 1, '2025-12-18 08:39:05'),
(521, '0a92f2c4fe568cb94912de78f8df8b55', '4122e34fb400e853', 0, 2, 1, '2025-12-18 08:39:13'),
(522, '0a92f2c4fe568cb94912de78f8df8b55', '4122e34fb400e853', 0, 2, 1, '2025-12-18 08:41:22'),
(523, '0a92f2c4fe568cb94912de78f8df8b55', '4122e34fb400e853', 0, 2, 1, '2025-12-18 08:43:43'),
(524, '0a92f2c4fe568cb94912de78f8df8b55', '4122e34fb400e853', 0, 2, 1, '2025-12-18 08:45:58'),
(525, '0a92f2c4fe568cb94912de78f8df8b55', '4122e34fb400e853', 0, 2, 1, '2025-12-18 08:46:37'),
(526, '0a92f2c4fe568cb94912de78f8df8b55', '4122e34fb400e853', 0, 3, 1, '2025-12-18 08:46:42'),
(527, '0a92f2c4fe568cb94912de78f8df8b55', '4122e34fb400e853', 0, 2, 1, '2025-12-18 08:46:47'),
(528, '0a92f2c4fe568cb94912de78f8df8b55', '4122e34fb400e853', 0, 1, 1, '2025-12-18 08:47:01'),
(529, '0a92f2c4fe568cb94912de78f8df8b55', '4122e34fb400e853', 0, 3, 1, '2025-12-18 08:47:21'),
(530, 'bfd1c9b39446ef693994fff4f04404fc', '8f48c431d492e47a', 0, 4, 1, '2025-12-18 08:47:32'),
(531, '0a92f2c4fe568cb94912de78f8df8b55', '4122e34fb400e853', 0, 2, 1, '2025-12-18 08:47:33'),
(532, 'bfd1c9b39446ef693994fff4f04404fc', '8f48c431d492e47a', 0, 4, 1, '2025-12-18 08:48:04'),
(533, 'bfd1c9b39446ef693994fff4f04404fc', '8f48c431d492e47a', 0, 3, 1, '2025-12-18 08:48:43'),
(534, '0a92f2c4fe568cb94912de78f8df8b55', '4122e34fb400e853', 0, 2, 1, '2025-12-18 08:50:36'),
(535, '0a92f2c4fe568cb94912de78f8df8b55', '4122e34fb400e853', 0, 3, 1, '2025-12-18 08:51:59'),
(536, '0a92f2c4fe568cb94912de78f8df8b55', '4122e34fb400e853', 0, 6, 1, '2025-12-18 08:53:40'),
(537, '8630b40700b2f6a801c2fc1b8d8d325e', '580cd5be45c70c95', 0, 6, 1, '2025-12-19 09:16:08'),
(538, '10bbdf61395e0e1ddf19504ae88ed78f', 'c76d9c5d89dfa8c0', 0, 1, 1, '2025-12-22 01:09:08'),
(539, '3a682c03ab3ec678070bfd8f48bc323f', 'ccacfa6b6a77da4c', 0, 6, 1, '2025-12-22 04:23:45'),
(540, '3a682c03ab3ec678070bfd8f48bc323f', 'ccacfa6b6a77da4c', 0, 6, 1, '2025-12-22 04:26:26'),
(541, 'd5a0efc804d79768b7c6444581685849', '03338bcbfec1df42', 0, 1, 1, '2025-12-22 12:33:53'),
(542, 'd5a0efc804d79768b7c6444581685849', '03338bcbfec1df42', 0, 1, 1, '2025-12-22 12:34:47'),
(543, '24317e41bc67a68ed288d78868992351', '18abdcdd7f87ee9a', 0, 2, 1, '2025-12-22 14:33:21'),
(544, 'e76456acca340c57ea24a2d88e8f95f0', '1b7cf36ee336e7c5', 0, 2, 1, '2025-12-23 04:48:42'),
(545, '0aa12b64cc51231763b15d3bb24d7237', 'dcd03784c1ffe7f3', 0, 1, 1, '2025-12-23 04:54:46'),
(546, '86f55b99e2fe83aa20484518bf580438', '8fc829cb34acfd4d', 0, 1, 1, '2025-12-23 06:16:04'),
(547, '95c2f5e796b9bf758e9b35742773f272', 'c2cb975632a00f38', 0, 1, 1, '2025-12-23 08:49:44'),
(548, 'b44ad2af2921d485ad0c81808f1f4cbb', 'f02a5c1282772a84', 0, 1, 1, '2025-12-23 09:18:42'),
(549, 'b44ad2af2921d485ad0c81808f1f4cbb', 'f02a5c1282772a84', 0, 6, 1, '2025-12-23 09:19:38'),
(550, 'b44ad2af2921d485ad0c81808f1f4cbb', 'f02a5c1282772a84', 0, 6, 1, '2025-12-23 09:25:19'),
(551, 'b44ad2af2921d485ad0c81808f1f4cbb', 'f02a5c1282772a84', 0, 6, 1, '2025-12-23 09:25:29'),
(552, '6d78a4017a60c2b6f1b1d94cef267f9e', 'ccacfa6b6a77da4c', 0, 1, 1, '2025-12-26 03:01:13'),
(553, '6d78a4017a60c2b6f1b1d94cef267f9e', 'ccacfa6b6a77da4c', 0, 6, 1, '2025-12-26 03:03:00'),
(554, 'd3d0f03386f74ad0d82b7551b019de4c', '8c0cd75530f71a03', 0, 2, 1, '2025-12-26 07:38:16'),
(555, 'd3d0f03386f74ad0d82b7551b019de4c', '8c0cd75530f71a03', 0, 2, 1, '2025-12-26 07:39:48'),
(556, '571613480c7c38847b94026ca3598219', 'df3a36e955b56a68', 0, 1, 1, '2025-12-26 08:51:40'),
(557, '571613480c7c38847b94026ca3598219', 'df3a36e955b56a68', 0, 1, 1, '2025-12-26 08:52:00'),
(558, 'ac18aec9202f060e05ce43ef5e8906d9', 'cb32fd7bbf886c10', 0, 6, 1, '2025-12-29 04:13:37'),
(559, 'ac18aec9202f060e05ce43ef5e8906d9', 'cb32fd7bbf886c10', 0, 6, 1, '2025-12-29 04:14:53'),
(560, 'ac18aec9202f060e05ce43ef5e8906d9', 'cb32fd7bbf886c10', 0, 6, 1, '2025-12-29 04:15:24'),
(561, '51114aaf2be631ce778c2bb0253c2bdb', 'e687f85b0f72ff85', 0, 6, 1, '2025-12-29 13:38:18'),
(562, 'b8157208ba3498c2ead836e083ee479e', '580cd5be45c70c95', 0, 6, 1, '2025-12-30 07:56:22'),
(563, '0bfce64a872fc6b6ee3bf5199afd947b', '8f48c431d492e47a', 0, 6, 1, '2025-12-31 03:43:45'),
(564, '0bfce64a872fc6b6ee3bf5199afd947b', '8f48c431d492e47a', 0, 6, 1, '2025-12-31 03:59:55'),
(565, '0bfce64a872fc6b6ee3bf5199afd947b', '8f48c431d492e47a', 0, 6, 1, '2025-12-31 04:05:22'),
(566, '0bfce64a872fc6b6ee3bf5199afd947b', '8f48c431d492e47a', 0, 6, 1, '2025-12-31 04:35:39'),
(567, '0bfce64a872fc6b6ee3bf5199afd947b', '8f48c431d492e47a', 0, 1, 1, '2025-12-31 04:35:48'),
(568, '0bfce64a872fc6b6ee3bf5199afd947b', '8f48c431d492e47a', 0, 1, 1, '2025-12-31 04:36:13'),
(569, '0bfce64a872fc6b6ee3bf5199afd947b', '8f48c431d492e47a', 0, 2, 1, '2025-12-31 04:36:25'),
(570, '0bfce64a872fc6b6ee3bf5199afd947b', '8f48c431d492e47a', 0, 2, 1, '2025-12-31 04:37:05'),
(571, '0bfce64a872fc6b6ee3bf5199afd947b', '8f48c431d492e47a', 0, 2, 1, '2025-12-31 04:37:16'),
(572, '0bfce64a872fc6b6ee3bf5199afd947b', '8f48c431d492e47a', 0, 2, 1, '2025-12-31 04:37:27'),
(573, '0bfce64a872fc6b6ee3bf5199afd947b', '8f48c431d492e47a', 0, 2, 1, '2025-12-31 04:39:00'),
(574, '0bfce64a872fc6b6ee3bf5199afd947b', '8f48c431d492e47a', 0, 2, 1, '2025-12-31 04:39:36'),
(575, '0bfce64a872fc6b6ee3bf5199afd947b', '8f48c431d492e47a', 0, 2, 1, '2025-12-31 04:39:59'),
(576, '0bfce64a872fc6b6ee3bf5199afd947b', '8f48c431d492e47a', 0, 2, 1, '2025-12-31 04:40:30'),
(577, '0bfce64a872fc6b6ee3bf5199afd947b', '8f48c431d492e47a', 0, 2, 1, '2025-12-31 04:40:59'),
(578, '0bfce64a872fc6b6ee3bf5199afd947b', '8f48c431d492e47a', 0, 2, 1, '2025-12-31 04:42:24'),
(579, '0bfce64a872fc6b6ee3bf5199afd947b', '8f48c431d492e47a', 0, 2, 1, '2025-12-31 04:42:39'),
(580, '0bfce64a872fc6b6ee3bf5199afd947b', '8f48c431d492e47a', 0, 2, 1, '2025-12-31 04:42:50'),
(581, '0bfce64a872fc6b6ee3bf5199afd947b', '8f48c431d492e47a', 0, 2, 1, '2025-12-31 04:43:05'),
(582, '60b521fe2fa4ea7f7d4616b0c784587a', '580cd5be45c70c95', 0, 2, 1, '2025-12-31 04:43:13'),
(583, '60b521fe2fa4ea7f7d4616b0c784587a', '580cd5be45c70c95', 0, 2, 1, '2025-12-31 04:43:23'),
(584, '60b521fe2fa4ea7f7d4616b0c784587a', '580cd5be45c70c95', 0, 2, 1, '2025-12-31 04:43:30'),
(585, '60b521fe2fa4ea7f7d4616b0c784587a', '580cd5be45c70c95', 0, 2, 1, '2025-12-31 04:43:40'),
(586, '0bfce64a872fc6b6ee3bf5199afd947b', '8f48c431d492e47a', 0, 3, 1, '2025-12-31 04:43:50'),
(587, '0bfce64a872fc6b6ee3bf5199afd947b', '8f48c431d492e47a', 0, 3, 1, '2025-12-31 04:44:01'),
(588, '0bfce64a872fc6b6ee3bf5199afd947b', '8f48c431d492e47a', 0, 3, 1, '2025-12-31 04:44:10'),
(589, '0bfce64a872fc6b6ee3bf5199afd947b', '8f48c431d492e47a', 0, 6, 1, '2025-12-31 04:49:28'),
(590, '0bfce64a872fc6b6ee3bf5199afd947b', '8f48c431d492e47a', 0, 2, 1, '2025-12-31 04:50:08'),
(591, '0bfce64a872fc6b6ee3bf5199afd947b', '8f48c431d492e47a', 0, 1, 1, '2025-12-31 04:50:21'),
(592, '0bfce64a872fc6b6ee3bf5199afd947b', '8f48c431d492e47a', 0, 2, 1, '2025-12-31 04:50:47'),
(593, '0bfce64a872fc6b6ee3bf5199afd947b', '8f48c431d492e47a', 0, 3, 1, '2025-12-31 04:52:08'),
(594, '0bfce64a872fc6b6ee3bf5199afd947b', '8f48c431d492e47a', 0, 3, 1, '2025-12-31 04:52:27'),
(595, '5037639cd5655808da875cf0d22e342b', 'cb32fd7bbf886c10', 0, 6, 1, '2025-12-31 05:18:30'),
(596, 'b3944c97dd64c7e589af6d2537103010', '79e99db88dd908b5', 0, 6, 1, '2025-12-31 05:45:58'),
(597, '15027acbbdfc20452a6fe472f3855f6d', '580cd5be45c70c95', 0, 6, 1, '2025-12-31 06:12:04'),
(598, '5adc8656d770a70bab9abe67142e3fb5', '580cd5be45c70c95', 0, 6, 1, '2025-12-31 08:53:47'),
(599, '5adc8656d770a70bab9abe67142e3fb5', '580cd5be45c70c95', 0, 6, 1, '2025-12-31 09:01:35'),
(600, 'dfa1adb826b207d51342142ec4983cc9', 'ccacfa6b6a77da4c', 0, 6, 1, '2025-12-31 09:18:38'),
(601, '0397d1c7aeb1561094e356b3956ea4e6', '580cd5be45c70c95', 0, 6, 1, '2025-12-31 09:22:09'),
(604, '7cbc72f7492f2819a3b8b6473324e67d', '8f8e5d784da55dcd', 0, 1, 1, '2026-01-02 04:52:09'),
(605, '7cbc72f7492f2819a3b8b6473324e67d', '8f8e5d784da55dcd', 0, 2, 1, '2026-01-02 04:56:09'),
(606, '7cbc72f7492f2819a3b8b6473324e67d', '8f8e5d784da55dcd', 0, 3, 1, '2026-01-02 04:57:10'),
(607, '7cbc72f7492f2819a3b8b6473324e67d', '8f8e5d784da55dcd', 0, 2, 1, '2026-01-02 04:57:18'),
(608, '1375466a4090e748437ce4c9e59a3f82', 'ccacfa6b6a77da4c', 0, 6, 1, '2026-01-05 03:21:20'),
(609, '1375466a4090e748437ce4c9e59a3f82', 'ccacfa6b6a77da4c', 0, 6, 1, '2026-01-05 03:22:30'),
(610, '1375466a4090e748437ce4c9e59a3f82', 'ccacfa6b6a77da4c', 0, 6, 1, '2026-01-05 03:28:51'),
(611, '1375466a4090e748437ce4c9e59a3f82', 'ccacfa6b6a77da4c', 0, 2, 1, '2026-01-05 03:29:02'),
(612, '5691adbd61a410d50da3faa3eccd9acf', 'bd49274b3a3da8da', 0, 1, 1, '2026-01-06 16:42:18'),
(613, 'a3810739d615639a578f226d3912866f', 'cb32fd7bbf886c10', 0, 2, 1, '2026-01-07 04:03:39'),
(614, 'a3810739d615639a578f226d3912866f', 'cb32fd7bbf886c10', 0, 2, 1, '2026-01-07 04:04:05'),
(615, 'c00cfe8a35c8890351cc8361cdb25d29', 'b2d98ccd3557a824', 0, 2, 1, '2026-01-07 04:04:05'),
(616, 'a7f10421d7bdec13b267ed68bc97c25c', '9e130fea94a4b27d', 0, 2, 1, '2026-01-07 07:26:12'),
(617, 'd4cdc6707188a7afade1aa7b181ab790', 'e687f85b0f72ff85', 0, 6, 1, '2026-01-07 13:53:27'),
(618, 'd4cdc6707188a7afade1aa7b181ab790', 'e687f85b0f72ff85', 0, 6, 1, '2026-01-07 13:53:43'),
(619, 'd4cdc6707188a7afade1aa7b181ab790', 'e687f85b0f72ff85', 0, 6, 1, '2026-01-07 13:55:12'),
(620, 'd4cdc6707188a7afade1aa7b181ab790', 'e687f85b0f72ff85', 0, 6, 1, '2026-01-07 13:56:23'),
(621, 'd4cdc6707188a7afade1aa7b181ab790', 'e687f85b0f72ff85', 0, 6, 1, '2026-01-07 13:57:59'),
(622, 'd4cdc6707188a7afade1aa7b181ab790', 'e687f85b0f72ff85', 0, 6, 1, '2026-01-07 13:58:35'),
(623, 'd4cdc6707188a7afade1aa7b181ab790', 'e687f85b0f72ff85', 0, 1, 1, '2026-01-07 14:09:33'),
(624, 'd4cdc6707188a7afade1aa7b181ab790', 'e687f85b0f72ff85', 0, 2, 1, '2026-01-07 14:09:37'),
(625, 'd4cdc6707188a7afade1aa7b181ab790', 'e687f85b0f72ff85', 0, 2, 1, '2026-01-07 14:09:41'),
(626, 'd4cdc6707188a7afade1aa7b181ab790', 'e687f85b0f72ff85', 0, 3, 1, '2026-01-07 14:10:32'),
(627, 'd4cdc6707188a7afade1aa7b181ab790', 'e687f85b0f72ff85', 0, 2, 1, '2026-01-07 14:10:36'),
(628, 'd4cdc6707188a7afade1aa7b181ab790', 'e687f85b0f72ff85', 0, 1, 1, '2026-01-07 14:11:29'),
(629, 'd4cdc6707188a7afade1aa7b181ab790', 'e687f85b0f72ff85', 0, 2, 1, '2026-01-07 14:11:36'),
(630, 'd4cdc6707188a7afade1aa7b181ab790', 'e687f85b0f72ff85', 0, 2, 1, '2026-01-07 14:12:44'),
(631, 'd4cdc6707188a7afade1aa7b181ab790', 'e687f85b0f72ff85', 0, 2, 1, '2026-01-07 14:13:23'),
(632, 'd4cdc6707188a7afade1aa7b181ab790', 'e687f85b0f72ff85', 0, 2, 1, '2026-01-07 14:13:59'),
(633, 'd4cdc6707188a7afade1aa7b181ab790', 'e687f85b0f72ff85', 0, 2, 1, '2026-01-07 14:14:25'),
(634, 'd4cdc6707188a7afade1aa7b181ab790', 'e687f85b0f72ff85', 0, 6, 1, '2026-01-07 14:14:34'),
(635, '9c16425bb2693b041bd0ca6ffb229cf2', '5497544dcf1221fc', 0, 1, 1, '2026-01-07 14:56:32'),
(636, 'ef42b60a001520f9b7e4ed120da08b8b', 'ccacfa6b6a77da4c', 0, 6, 1, '2026-01-08 03:20:56'),
(638, 'bbce7f1aaf07230122e4968ea8ea1600', 'ccacfa6b6a77da4c', 0, 6, 1, '2026-01-08 04:25:07'),
(639, '61a9a764840de3b673cc4bada94af223', '47321a1bb1266ef5', 0, 3, 1, '2026-01-08 05:06:58'),
(640, '1ee4228225bb9afd992699059b6a5191', 'ccacfa6b6a77da4c', 0, 6, 1, '2026-01-08 09:48:09'),
(641, '1ee4228225bb9afd992699059b6a5191', 'ccacfa6b6a77da4c', 0, 6, 1, '2026-01-08 09:50:40'),
(642, '1ee4228225bb9afd992699059b6a5191', 'ccacfa6b6a77da4c', 0, 3, 1, '2026-01-08 09:51:03'),
(643, '1ee4228225bb9afd992699059b6a5191', 'ccacfa6b6a77da4c', 0, 2, 1, '2026-01-08 09:51:07'),
(644, '1ee4228225bb9afd992699059b6a5191', 'ccacfa6b6a77da4c', 0, 1, 1, '2026-01-08 09:51:13'),
(645, '1ee4228225bb9afd992699059b6a5191', 'ccacfa6b6a77da4c', 0, 6, 1, '2026-01-08 09:51:44'),
(646, '1ee4228225bb9afd992699059b6a5191', 'ccacfa6b6a77da4c', 0, 6, 1, '2026-01-08 09:52:10'),
(647, '1ee4228225bb9afd992699059b6a5191', 'ccacfa6b6a77da4c', 0, 6, 1, '2026-01-08 09:53:07'),
(648, '1ee4228225bb9afd992699059b6a5191', 'ccacfa6b6a77da4c', 0, 6, 1, '2026-01-08 09:54:14'),
(649, '84f63605416b7ae0e4b05e1252fd3c15', '68000b3f82118145', 0, 6, 1, '2026-01-08 21:57:37'),
(650, '84f63605416b7ae0e4b05e1252fd3c15', '68000b3f82118145', 0, 6, 1, '2026-01-08 22:04:19'),
(651, '84f63605416b7ae0e4b05e1252fd3c15', '68000b3f82118145', 0, 6, 1, '2026-01-08 22:04:47'),
(652, '84f63605416b7ae0e4b05e1252fd3c15', '68000b3f82118145', 0, 1, 1, '2026-01-08 22:05:14'),
(653, '84f63605416b7ae0e4b05e1252fd3c15', '68000b3f82118145', 0, 6, 1, '2026-01-08 22:08:06'),
(654, '84f63605416b7ae0e4b05e1252fd3c15', '68000b3f82118145', 0, 6, 1, '2026-01-08 22:19:10'),
(655, '84f63605416b7ae0e4b05e1252fd3c15', '68000b3f82118145', 0, 6, 1, '2026-01-08 22:20:20'),
(656, '84f63605416b7ae0e4b05e1252fd3c15', '68000b3f82118145', 0, 6, 1, '2026-01-08 22:20:26'),
(657, '84f63605416b7ae0e4b05e1252fd3c15', '68000b3f82118145', 0, 6, 1, '2026-01-08 22:21:21'),
(658, '84f63605416b7ae0e4b05e1252fd3c15', '68000b3f82118145', 0, 6, 1, '2026-01-08 22:26:15'),
(659, '84f63605416b7ae0e4b05e1252fd3c15', '68000b3f82118145', 0, 6, 1, '2026-01-08 22:26:56'),
(660, '84f63605416b7ae0e4b05e1252fd3c15', '68000b3f82118145', 0, 6, 1, '2026-01-08 22:29:05'),
(661, '84f63605416b7ae0e4b05e1252fd3c15', '68000b3f82118145', 0, 6, 1, '2026-01-08 22:34:08'),
(662, '84f63605416b7ae0e4b05e1252fd3c15', '68000b3f82118145', 0, 6, 1, '2026-01-08 22:34:32'),
(663, '45d25478e307a38297221b2ac668e8d5', '2d0909f9523dbbfd', 0, 2, 1, '2026-01-09 09:29:58'),
(664, '16d4e645a8636d4ddbeea043a06569bb', 'e687f85b0f72ff85', 0, 6, 1, '2026-01-11 01:09:13'),
(665, '16d4e645a8636d4ddbeea043a06569bb', 'e687f85b0f72ff85', 0, 1, 1, '2026-01-11 01:09:24'),
(666, '16d4e645a8636d4ddbeea043a06569bb', 'e687f85b0f72ff85', 0, 2, 1, '2026-01-11 01:09:31'),
(667, '16d4e645a8636d4ddbeea043a06569bb', 'e687f85b0f72ff85', 0, 3, 1, '2026-01-11 01:09:34'),
(668, '16d4e645a8636d4ddbeea043a06569bb', 'e687f85b0f72ff85', 0, 6, 1, '2026-01-11 01:11:05'),
(669, '16d4e645a8636d4ddbeea043a06569bb', 'e687f85b0f72ff85', 0, 1, 1, '2026-01-11 01:12:32'),
(670, 'fb63655bbed2bbff47658ec37b1b4b53', '9df3ef27899f7625', 0, 1, 1, '2026-01-11 13:18:51'),
(671, 'fb63655bbed2bbff47658ec37b1b4b53', '9df3ef27899f7625', 0, 1, 1, '2026-01-11 13:23:29'),
(672, 'fb63655bbed2bbff47658ec37b1b4b53', '9df3ef27899f7625', 0, 6, 1, '2026-01-11 13:23:35'),
(673, 'fb63655bbed2bbff47658ec37b1b4b53', '9df3ef27899f7625', 0, 6, 1, '2026-01-11 13:23:53'),
(674, 'ae3ee19793f2bc6ef7b30f0fcb12715b', '9df3ef27899f7625', 0, 1, 1, '2026-01-12 14:19:05'),
(675, '77aa9394615517493472aafb7b9e0d17', '580cd5be45c70c95', 0, 6, 1, '2026-01-13 01:09:23'),
(676, '4377697c7916de21682bcc33dcc1eb50', 'ccacfa6b6a77da4c', 0, 6, 1, '2026-01-13 02:01:23'),
(677, '4377697c7916de21682bcc33dcc1eb50', 'ccacfa6b6a77da4c', 0, 6, 1, '2026-01-13 02:24:23'),
(678, '4377697c7916de21682bcc33dcc1eb50', 'ccacfa6b6a77da4c', 0, 6, 1, '2026-01-13 02:24:41'),
(679, '4377697c7916de21682bcc33dcc1eb50', 'ccacfa6b6a77da4c', 0, 6, 1, '2026-01-13 02:28:24'),
(680, '4377697c7916de21682bcc33dcc1eb50', 'ccacfa6b6a77da4c', 0, 6, 1, '2026-01-13 02:28:52'),
(681, '2912df9d56b264c7760d50e69bd1c42b', '2147a94f9114ac2d', 0, 6, 1, '2026-01-13 02:29:09'),
(682, '4377697c7916de21682bcc33dcc1eb50', 'ccacfa6b6a77da4c', 0, 6, 1, '2026-01-13 02:29:22'),
(683, '4377697c7916de21682bcc33dcc1eb50', 'ccacfa6b6a77da4c', 0, 6, 1, '2026-01-13 02:29:28'),
(684, '4377697c7916de21682bcc33dcc1eb50', 'ccacfa6b6a77da4c', 0, 6, 1, '2026-01-13 02:29:45'),
(685, '46df2c914480189a80e17c29b458dec7', 'ccacfa6b6a77da4c', 0, 1, 1, '2026-01-13 02:38:58'),
(686, '46df2c914480189a80e17c29b458dec7', 'ccacfa6b6a77da4c', 0, 2, 1, '2026-01-13 02:39:25'),
(687, '46df2c914480189a80e17c29b458dec7', 'ccacfa6b6a77da4c', 0, 3, 1, '2026-01-13 02:39:33'),
(688, '46df2c914480189a80e17c29b458dec7', 'ccacfa6b6a77da4c', 0, 6, 1, '2026-01-13 02:47:12'),
(689, '46df2c914480189a80e17c29b458dec7', 'ccacfa6b6a77da4c', 0, 6, 1, '2026-01-13 02:47:39'),
(690, '249af55668a344b71ca3910be8b1713c', 'ccacfa6b6a77da4c', 0, 6, 1, '2026-01-13 04:47:27'),
(691, '51c3853c84759019bb52f881bac77b33', '8f48c431d492e47a', 0, 6, 1, '2026-01-13 08:28:30'),
(692, '51c3853c84759019bb52f881bac77b33', '8f48c431d492e47a', 0, 6, 1, '2026-01-13 08:42:23'),
(693, '51c3853c84759019bb52f881bac77b33', '8f48c431d492e47a', 0, 6, 1, '2026-01-13 08:44:13'),
(694, '51c3853c84759019bb52f881bac77b33', '8f48c431d492e47a', 0, 2, 1, '2026-01-13 08:47:16'),
(695, '51c3853c84759019bb52f881bac77b33', '8f48c431d492e47a', 0, 6, 1, '2026-01-13 08:47:39'),
(696, '51c3853c84759019bb52f881bac77b33', '8f48c431d492e47a', 0, 1, 1, '2026-01-13 08:48:00'),
(697, '51c3853c84759019bb52f881bac77b33', '8f48c431d492e47a', 0, 2, 1, '2026-01-13 08:48:03'),
(698, '51c3853c84759019bb52f881bac77b33', '8f48c431d492e47a', 0, 3, 1, '2026-01-13 08:48:07'),
(699, '51c3853c84759019bb52f881bac77b33', '8f48c431d492e47a', 0, 6, 1, '2026-01-13 08:48:53'),
(700, '007212d3f976de4cd8f9764fc8d1a508', 'e687f85b0f72ff85', 0, 1, 1, '2026-01-13 14:32:04'),
(701, '007212d3f976de4cd8f9764fc8d1a508', 'e687f85b0f72ff85', 0, 6, 1, '2026-01-13 14:32:11'),
(702, '007212d3f976de4cd8f9764fc8d1a508', 'e687f85b0f72ff85', 0, 6, 1, '2026-01-13 14:33:11'),
(703, '007212d3f976de4cd8f9764fc8d1a508', 'e687f85b0f72ff85', 0, 6, 1, '2026-01-13 14:34:13'),
(704, '007212d3f976de4cd8f9764fc8d1a508', 'e687f85b0f72ff85', 0, 6, 1, '2026-01-13 14:34:19'),
(705, '007212d3f976de4cd8f9764fc8d1a508', 'e687f85b0f72ff85', 0, 6, 1, '2026-01-13 14:34:56'),
(706, '007212d3f976de4cd8f9764fc8d1a508', 'e687f85b0f72ff85', 0, 6, 1, '2026-01-13 14:36:05'),
(707, '007212d3f976de4cd8f9764fc8d1a508', 'e687f85b0f72ff85', 0, 6, 1, '2026-01-13 14:36:11'),
(708, '007212d3f976de4cd8f9764fc8d1a508', 'e687f85b0f72ff85', 0, 6, 1, '2026-01-13 14:36:33'),
(709, '007212d3f976de4cd8f9764fc8d1a508', 'e687f85b0f72ff85', 0, 6, 1, '2026-01-13 14:36:41'),
(710, '007212d3f976de4cd8f9764fc8d1a508', 'e687f85b0f72ff85', 0, 6, 1, '2026-01-13 14:37:43'),
(711, '007212d3f976de4cd8f9764fc8d1a508', 'e687f85b0f72ff85', 0, 6, 1, '2026-01-13 14:38:03'),
(712, '007212d3f976de4cd8f9764fc8d1a508', 'e687f85b0f72ff85', 0, 6, 1, '2026-01-13 14:40:43'),
(713, '007212d3f976de4cd8f9764fc8d1a508', 'e687f85b0f72ff85', 0, 6, 1, '2026-01-13 14:41:13'),
(714, '007212d3f976de4cd8f9764fc8d1a508', 'e687f85b0f72ff85', 0, 6, 1, '2026-01-13 14:41:18'),
(715, '007212d3f976de4cd8f9764fc8d1a508', 'e687f85b0f72ff85', 0, 6, 1, '2026-01-13 14:41:54'),
(716, '007212d3f976de4cd8f9764fc8d1a508', 'e687f85b0f72ff85', 0, 6, 1, '2026-01-13 14:41:57'),
(717, '007212d3f976de4cd8f9764fc8d1a508', 'e687f85b0f72ff85', 0, 6, 1, '2026-01-13 14:42:06'),
(718, '007212d3f976de4cd8f9764fc8d1a508', 'e687f85b0f72ff85', 0, 6, 1, '2026-01-13 14:42:46'),
(719, '007212d3f976de4cd8f9764fc8d1a508', 'e687f85b0f72ff85', 0, 6, 1, '2026-01-13 14:46:29'),
(720, '007212d3f976de4cd8f9764fc8d1a508', 'e687f85b0f72ff85', 0, 6, 1, '2026-01-13 14:47:58'),
(721, '007212d3f976de4cd8f9764fc8d1a508', 'e687f85b0f72ff85', 0, 6, 1, '2026-01-13 14:49:15'),
(722, '007212d3f976de4cd8f9764fc8d1a508', 'e687f85b0f72ff85', 0, 6, 1, '2026-01-13 14:49:25'),
(723, 'fb92e62ee0a4ca25dc5ff9f186014d72', 'f1501529bba6ea1c', 0, 1, 1, '2026-01-15 01:44:23'),
(724, 'fb92e62ee0a4ca25dc5ff9f186014d72', 'f1501529bba6ea1c', 0, 1, 1, '2026-01-15 01:50:37'),
(725, 'fb92e62ee0a4ca25dc5ff9f186014d72', 'f1501529bba6ea1c', 0, 3, 1, '2026-01-15 01:50:49'),
(726, 'db14f08445045625e3bf7301c2dbe886', '66c3c25f3b2a8e69', 0, 1, 1, '2026-01-15 02:08:58'),
(727, '8578288036a21db0138f1869235e2726', 'f1501529bba6ea1c', 0, 1, 1, '2026-01-15 09:12:30'),
(728, '8578288036a21db0138f1869235e2726', 'f1501529bba6ea1c', 0, 1, 1, '2026-01-15 09:12:44'),
(729, '57fdf22749db5be7b040a6c42d9436ed', 'ccacfa6b6a77da4c', 0, 3, 1, '2026-01-16 01:27:59'),
(730, '57fdf22749db5be7b040a6c42d9436ed', 'ccacfa6b6a77da4c', 0, 2, 1, '2026-01-16 01:28:02'),
(731, '57fdf22749db5be7b040a6c42d9436ed', 'ccacfa6b6a77da4c', 0, 6, 1, '2026-01-16 01:29:34'),
(732, 'c3d4e6304f316bef07926c7004dd5b20', '4122e34fb400e853', 0, 6, 1, '2026-01-16 02:42:42'),
(733, 'c3d4e6304f316bef07926c7004dd5b20', '4122e34fb400e853', 0, 6, 1, '2026-01-16 02:43:13'),
(734, 'c3d4e6304f316bef07926c7004dd5b20', '4122e34fb400e853', 0, 6, 1, '2026-01-16 02:43:52'),
(735, '74870f5055fcffde5c2e16b103a519ff', '4122e34fb400e853', 0, 2, 1, '2026-01-16 03:04:06'),
(736, '74870f5055fcffde5c2e16b103a519ff', '4122e34fb400e853', 0, 6, 1, '2026-01-16 03:08:46'),
(737, '74870f5055fcffde5c2e16b103a519ff', '4122e34fb400e853', 0, 6, 1, '2026-01-16 03:26:14'),
(738, '74870f5055fcffde5c2e16b103a519ff', '4122e34fb400e853', 0, 6, 1, '2026-01-16 03:27:06'),
(739, '74870f5055fcffde5c2e16b103a519ff', '4122e34fb400e853', 0, 1, 1, '2026-01-16 03:29:46'),
(740, '74870f5055fcffde5c2e16b103a519ff', '4122e34fb400e853', 0, 2, 1, '2026-01-16 03:29:50'),
(741, '74870f5055fcffde5c2e16b103a519ff', '4122e34fb400e853', 0, 6, 1, '2026-01-16 03:31:49'),
(742, '74870f5055fcffde5c2e16b103a519ff', '4122e34fb400e853', 0, 6, 1, '2026-01-16 04:29:21'),
(743, '74870f5055fcffde5c2e16b103a519ff', '4122e34fb400e853', 0, 6, 1, '2026-01-16 04:30:03'),
(744, '74870f5055fcffde5c2e16b103a519ff', '4122e34fb400e853', 0, 1, 1, '2026-01-16 04:31:36'),
(745, '2eb2306d8073451bc5efa6f18cc38975', 'e687f85b0f72ff85', 0, 6, 1, '2026-01-17 02:54:19'),
(746, '2eb2306d8073451bc5efa6f18cc38975', 'e687f85b0f72ff85', 0, 6, 1, '2026-01-17 02:55:53'),
(747, '2eb2306d8073451bc5efa6f18cc38975', 'e687f85b0f72ff85', 0, 6, 1, '2026-01-17 02:56:02'),
(748, 'd4934c3af0d86367e65a0d4d95307a09', '8fa9f332df2cc7fb', 0, 1, 1, '2026-01-17 17:38:11'),
(749, 'e905fea0b2735aa2606acff0dc4b7fc4', 'f9187ec4b02b4f21', 0, 2, 1, '2026-01-18 02:35:33'),
(750, 'db0039562c74dd6c131fd8a5c5983be2', 'e687f85b0f72ff85', 0, 6, 1, '2026-01-18 13:56:25'),
(751, 'db0039562c74dd6c131fd8a5c5983be2', 'e687f85b0f72ff85', 0, 6, 1, '2026-01-18 13:56:34'),
(752, 'db0039562c74dd6c131fd8a5c5983be2', 'e687f85b0f72ff85', 0, 6, 1, '2026-01-18 14:11:04'),
(753, '8b5f4f16a7ece40212550119c2c86650', 'ccacfa6b6a77da4c', 0, 6, 1, '2026-01-19 02:03:06'),
(754, '8b5f4f16a7ece40212550119c2c86650', 'ccacfa6b6a77da4c', 0, 6, 1, '2026-01-19 02:03:23'),
(755, 'cb1ff8554d8c6a977e90d727f8761d20', '8f48c431d492e47a', 0, 1, 1, '2026-01-19 03:05:11'),
(756, '41b938575212d001e5d4c7b5ed02b419', '8f48c431d492e47a', 0, 1, 1, '2026-01-19 03:56:06'),
(757, '41b938575212d001e5d4c7b5ed02b419', '8f48c431d492e47a', 0, 1, 1, '2026-01-19 03:56:29'),
(758, '41b938575212d001e5d4c7b5ed02b419', '8f48c431d492e47a', 0, 6, 1, '2026-01-19 04:35:58'),
(759, '41b938575212d001e5d4c7b5ed02b419', '8f48c431d492e47a', 0, 6, 1, '2026-01-19 04:40:44'),
(760, '41b938575212d001e5d4c7b5ed02b419', '8f48c431d492e47a', 0, 6, 1, '2026-01-19 04:41:42'),
(761, '7d2789bb773c2dd8b7cf014dedac617c', 'ccacfa6b6a77da4c', 0, 3, 1, '2026-01-19 07:31:43'),
(762, '7d2789bb773c2dd8b7cf014dedac617c', 'ccacfa6b6a77da4c', 0, 3, 1, '2026-01-19 07:32:54'),
(763, '96a56da5ddd65ce4895ae8feb8995c17', 'ccacfa6b6a77da4c', 0, 6, 1, '2026-01-19 08:07:53'),
(764, '96a56da5ddd65ce4895ae8feb8995c17', 'ccacfa6b6a77da4c', 0, 1, 1, '2026-01-19 08:26:20'),
(765, '96a56da5ddd65ce4895ae8feb8995c17', 'ccacfa6b6a77da4c', 0, 2, 1, '2026-01-19 08:27:31'),
(766, '96a56da5ddd65ce4895ae8feb8995c17', 'ccacfa6b6a77da4c', 0, 2, 1, '2026-01-19 08:27:44'),
(767, '96a56da5ddd65ce4895ae8feb8995c17', 'ccacfa6b6a77da4c', 0, 2, 1, '2026-01-19 08:28:05'),
(768, '96a56da5ddd65ce4895ae8feb8995c17', 'ccacfa6b6a77da4c', 0, 2, 1, '2026-01-19 08:28:32'),
(769, '96a56da5ddd65ce4895ae8feb8995c17', 'ccacfa6b6a77da4c', 0, 2, 1, '2026-01-19 08:28:42'),
(770, '96a56da5ddd65ce4895ae8feb8995c17', 'ccacfa6b6a77da4c', 0, 2, 1, '2026-01-19 08:28:51'),
(771, '96a56da5ddd65ce4895ae8feb8995c17', 'ccacfa6b6a77da4c', 0, 2, 1, '2026-01-19 08:29:03'),
(772, '96a56da5ddd65ce4895ae8feb8995c17', 'ccacfa6b6a77da4c', 0, 3, 1, '2026-01-19 08:30:37'),
(773, '96a56da5ddd65ce4895ae8feb8995c17', 'ccacfa6b6a77da4c', 0, 1, 1, '2026-01-19 08:31:05'),
(774, '96a56da5ddd65ce4895ae8feb8995c17', 'ccacfa6b6a77da4c', 0, 1, 1, '2026-01-19 08:31:14'),
(775, '96a56da5ddd65ce4895ae8feb8995c17', 'ccacfa6b6a77da4c', 0, 1, 1, '2026-01-19 08:31:22'),
(776, '96a56da5ddd65ce4895ae8feb8995c17', 'ccacfa6b6a77da4c', 0, 1, 1, '2026-01-19 08:31:33'),
(777, '96a56da5ddd65ce4895ae8feb8995c17', 'ccacfa6b6a77da4c', 0, 1, 1, '2026-01-19 08:31:44'),
(778, '96a56da5ddd65ce4895ae8feb8995c17', 'ccacfa6b6a77da4c', 0, 1, 1, '2026-01-19 08:32:01'),
(779, '96a56da5ddd65ce4895ae8feb8995c17', 'ccacfa6b6a77da4c', 0, 2, 1, '2026-01-19 08:37:37'),
(780, '96a56da5ddd65ce4895ae8feb8995c17', 'ccacfa6b6a77da4c', 0, 6, 1, '2026-01-19 08:38:02'),
(781, '96a56da5ddd65ce4895ae8feb8995c17', 'ccacfa6b6a77da4c', 0, 2, 1, '2026-01-19 08:39:22'),
(782, '96a56da5ddd65ce4895ae8feb8995c17', 'ccacfa6b6a77da4c', 0, 6, 1, '2026-01-19 08:42:16'),
(783, '96a56da5ddd65ce4895ae8feb8995c17', 'ccacfa6b6a77da4c', 0, 6, 1, '2026-01-19 08:56:45'),
(784, '728fc1befb62f067b390ee912af7c901', 'd7492e35f7b0ac1a', 0, 1, 1, '2026-01-19 09:18:42'),
(785, '41bdaf8ece158f2571cb9976d77fcab3', '8f48c431d492e47a', 0, 6, 1, '2026-01-20 04:23:42'),
(786, '41bdaf8ece158f2571cb9976d77fcab3', '8f48c431d492e47a', 0, 6, 1, '2026-01-20 04:24:20'),
(787, '41bdaf8ece158f2571cb9976d77fcab3', '8f48c431d492e47a', 0, 6, 1, '2026-01-20 04:24:51'),
(788, '41bdaf8ece158f2571cb9976d77fcab3', '8f48c431d492e47a', 0, 2, 1, '2026-01-20 04:26:41'),
(789, '41bdaf8ece158f2571cb9976d77fcab3', '8f48c431d492e47a', 0, 1, 1, '2026-01-20 04:26:49'),
(790, '41bdaf8ece158f2571cb9976d77fcab3', '8f48c431d492e47a', 0, 3, 1, '2026-01-20 04:26:54'),
(791, '41bdaf8ece158f2571cb9976d77fcab3', '8f48c431d492e47a', 0, 6, 1, '2026-01-20 04:27:11'),
(792, '41bdaf8ece158f2571cb9976d77fcab3', '8f48c431d492e47a', 0, 6, 1, '2026-01-20 04:27:18'),
(793, '41bdaf8ece158f2571cb9976d77fcab3', '8f48c431d492e47a', 0, 2, 1, '2026-01-20 04:29:53'),
(794, '41bdaf8ece158f2571cb9976d77fcab3', '8f48c431d492e47a', 0, 6, 1, '2026-01-20 04:30:46'),
(795, '41bdaf8ece158f2571cb9976d77fcab3', '8f48c431d492e47a', 0, 6, 1, '2026-01-20 04:31:14'),
(796, '41bdaf8ece158f2571cb9976d77fcab3', '8f48c431d492e47a', 0, 6, 1, '2026-01-20 04:45:09'),
(797, '41bdaf8ece158f2571cb9976d77fcab3', '8f48c431d492e47a', 0, 6, 1, '2026-01-20 04:49:20'),
(798, '41bdaf8ece158f2571cb9976d77fcab3', '8f48c431d492e47a', 0, 6, 1, '2026-01-20 04:52:10'),
(799, '8dad4185a4e170cc236670b3a38ddf43', 'e687f85b0f72ff85', 0, 6, 1, '2026-01-20 14:14:29'),
(800, '8dad4185a4e170cc236670b3a38ddf43', 'e687f85b0f72ff85', 0, 1, 1, '2026-01-20 14:16:53'),
(801, '74870f5055fcffde5c2e16b103a519ff', '4122e34fb400e853', 0, 6, 1, '2026-01-21 02:26:08'),
(802, '74870f5055fcffde5c2e16b103a519ff', '4122e34fb400e853', 0, 6, 1, '2026-01-21 02:33:26'),
(803, '74870f5055fcffde5c2e16b103a519ff', '4122e34fb400e853', 0, 6, 1, '2026-01-21 02:37:13'),
(804, '74870f5055fcffde5c2e16b103a519ff', '4122e34fb400e853', 0, 6, 1, '2026-01-21 02:41:54'),
(805, '74870f5055fcffde5c2e16b103a519ff', '4122e34fb400e853', 0, 6, 1, '2026-01-21 02:51:46'),
(806, '74870f5055fcffde5c2e16b103a519ff', '4122e34fb400e853', 0, 6, 1, '2026-01-21 02:52:13'),
(807, '74870f5055fcffde5c2e16b103a519ff', '4122e34fb400e853', 0, 6, 1, '2026-01-21 02:52:43'),
(808, '74870f5055fcffde5c2e16b103a519ff', '4122e34fb400e853', 0, 6, 1, '2026-01-21 02:53:33'),
(809, '74870f5055fcffde5c2e16b103a519ff', '4122e34fb400e853', 0, 6, 1, '2026-01-21 02:53:35');
INSERT INTO `o61cm_rstbox_logs` (`id`, `sessionid`, `visitorid`, `user`, `box`, `event`, `date`) VALUES
(810, '74870f5055fcffde5c2e16b103a519ff', '4122e34fb400e853', 0, 6, 1, '2026-01-21 02:54:46'),
(811, '74870f5055fcffde5c2e16b103a519ff', '4122e34fb400e853', 0, 6, 1, '2026-01-21 02:55:00'),
(812, '74870f5055fcffde5c2e16b103a519ff', '4122e34fb400e853', 0, 6, 1, '2026-01-21 03:10:54'),
(813, '74870f5055fcffde5c2e16b103a519ff', '4122e34fb400e853', 0, 6, 1, '2026-01-21 03:14:51'),
(814, '74870f5055fcffde5c2e16b103a519ff', '4122e34fb400e853', 0, 6, 1, '2026-01-21 03:15:59'),
(815, '74870f5055fcffde5c2e16b103a519ff', '4122e34fb400e853', 0, 6, 1, '2026-01-21 03:16:37'),
(816, '74870f5055fcffde5c2e16b103a519ff', '4122e34fb400e853', 0, 6, 1, '2026-01-21 04:05:41'),
(817, '74870f5055fcffde5c2e16b103a519ff', '4122e34fb400e853', 0, 6, 1, '2026-01-21 04:07:25'),
(818, 'e572f603455480db869443cbe87a618b', '170ea736329c0501', 0, 2, 1, '2026-01-21 04:42:09'),
(819, 'efaa69ea83b3ab4ce8e49585c82558b6', 'e687f85b0f72ff85', 0, 6, 1, '2026-01-21 15:29:50'),
(820, 'efaa69ea83b3ab4ce8e49585c82558b6', 'e687f85b0f72ff85', 0, 6, 1, '2026-01-21 15:33:55'),
(821, 'efaa69ea83b3ab4ce8e49585c82558b6', 'e687f85b0f72ff85', 0, 6, 1, '2026-01-21 15:34:18'),
(822, 'c83d479bbf594a37d32043fda8981a3d', '580cd5be45c70c95', 0, 6, 1, '2026-01-22 08:06:35'),
(823, 'c83d479bbf594a37d32043fda8981a3d', '580cd5be45c70c95', 0, 6, 1, '2026-01-22 08:07:36'),
(824, '7cdc50c32d4447cadca68741cd407090', 'ccacfa6b6a77da4c', 0, 6, 1, '2026-01-23 02:12:15'),
(825, 'a68de5ba1558339c31b07861990e3ab5', '4122e34fb400e853', 0, 6, 1, '2026-01-23 02:12:35'),
(826, '7cdc50c32d4447cadca68741cd407090', 'ccacfa6b6a77da4c', 0, 6, 1, '2026-01-23 02:12:37'),
(827, '9f337d46c0d58510a46a4eb38966e115', '9df3ef27899f7625', 0, 6, 1, '2026-01-23 02:13:43'),
(828, 'a68de5ba1558339c31b07861990e3ab5', '4122e34fb400e853', 0, 6, 1, '2026-01-23 02:15:09'),
(829, 'a68de5ba1558339c31b07861990e3ab5', '4122e34fb400e853', 0, 6, 1, '2026-01-23 02:15:16'),
(830, '9f337d46c0d58510a46a4eb38966e115', '9df3ef27899f7625', 0, 6, 1, '2026-01-23 02:16:12'),
(831, '7cdc50c32d4447cadca68741cd407090', 'ccacfa6b6a77da4c', 0, 6, 1, '2026-01-23 02:16:27'),
(832, 'a68de5ba1558339c31b07861990e3ab5', '4122e34fb400e853', 0, 6, 1, '2026-01-23 02:23:43'),
(833, '7cdc50c32d4447cadca68741cd407090', 'ccacfa6b6a77da4c', 0, 6, 1, '2026-01-23 02:24:17'),
(834, '7cdc50c32d4447cadca68741cd407090', 'ccacfa6b6a77da4c', 0, 6, 1, '2026-01-23 02:25:46'),
(835, '7cdc50c32d4447cadca68741cd407090', 'ccacfa6b6a77da4c', 0, 6, 1, '2026-01-23 02:43:45'),
(836, '7cdc50c32d4447cadca68741cd407090', 'ccacfa6b6a77da4c', 0, 1, 1, '2026-01-23 02:43:56'),
(837, '7cdc50c32d4447cadca68741cd407090', 'ccacfa6b6a77da4c', 0, 2, 1, '2026-01-23 02:44:01'),
(838, '5a942c2051b790e402049deb35474c6c', 'ccacfa6b6a77da4c', 0, 6, 1, '2026-01-23 02:53:50'),
(839, 'a68de5ba1558339c31b07861990e3ab5', '4122e34fb400e853', 0, 6, 1, '2026-01-23 02:55:26'),
(840, 'a68de5ba1558339c31b07861990e3ab5', '4122e34fb400e853', 0, 6, 1, '2026-01-23 02:59:21'),
(841, 'a68de5ba1558339c31b07861990e3ab5', '4122e34fb400e853', 0, 6, 1, '2026-01-23 02:59:30'),
(842, '5a942c2051b790e402049deb35474c6c', 'ccacfa6b6a77da4c', 0, 6, 1, '2026-01-23 03:00:41'),
(843, '52954b654c75938682d236c4f9dcdbec', '9df3ef27899f7625', 0, 6, 1, '2026-01-23 03:05:08'),
(844, 'afbe294ee5b4b44a6d9b5c661df553ec', '4122e34fb400e853', 0, 6, 1, '2026-01-23 07:22:22'),
(845, '3cda17ae260b45e46e8a7c8d2ed5a6b7', '58586f0bdc3289fa', 0, 6, 1, '2026-01-24 06:39:03'),
(846, '5f7459e99269ce21c86dd7375b3e87be', '0244fcc07daa2931', 0, 6, 1, '2026-01-24 06:40:16'),
(847, '5f7459e99269ce21c86dd7375b3e87be', '0244fcc07daa2931', 0, 6, 1, '2026-01-24 07:04:32'),
(848, '024f4513eede74434fad7091312a9b58', 'e687f85b0f72ff85', 0, 1, 1, '2026-01-24 14:03:38'),
(849, '024f4513eede74434fad7091312a9b58', 'e687f85b0f72ff85', 0, 2, 1, '2026-01-24 14:03:42'),
(850, '653219105df888ca274118e314371cf6', 'e687f85b0f72ff85', 0, 6, 1, '2026-01-25 14:28:56'),
(851, 'c2c802aa318c372119e880d8c9ff08ff', '8a00f9d57a4870d9', 0, 6, 1, '2026-01-25 15:37:07'),
(852, 'f85d3b22e9e365f0f24082623503f48c', '4122e34fb400e853', 0, 6, 1, '2026-01-26 00:49:25'),
(853, '9b281d9336b4e213362686dd1ce371dc', 'c27dbd9592c066ca', 0, 1, 1, '2026-01-26 01:25:04'),
(854, '9b281d9336b4e213362686dd1ce371dc', 'c27dbd9592c066ca', 0, 2, 1, '2026-01-26 01:25:09'),
(855, 'ef6fcdb456c7ea07793a9b14f3de32ae', '1e975208f8a159b5', 0, 6, 1, '2026-01-26 01:38:01'),
(856, 'ef6fcdb456c7ea07793a9b14f3de32ae', '1e975208f8a159b5', 0, 6, 1, '2026-01-26 01:38:21'),
(857, 'ef6fcdb456c7ea07793a9b14f3de32ae', '1e975208f8a159b5', 0, 1, 1, '2026-01-26 01:39:30'),
(858, 'ef6fcdb456c7ea07793a9b14f3de32ae', '1e975208f8a159b5', 0, 3, 1, '2026-01-26 01:39:40'),
(859, 'ef6fcdb456c7ea07793a9b14f3de32ae', '1e975208f8a159b5', 0, 6, 1, '2026-01-26 01:42:09'),
(860, '9d227ce2ae56f214a223665c625341fb', 'ccacfa6b6a77da4c', 0, 6, 1, '2026-01-26 02:33:44'),
(861, '9b281d9336b4e213362686dd1ce371dc', 'c27dbd9592c066ca', 0, 6, 1, '2026-01-26 02:49:05'),
(862, '9b281d9336b4e213362686dd1ce371dc', 'c27dbd9592c066ca', 0, 6, 1, '2026-01-26 02:56:12'),
(863, '4b11429be46abbb2921e10afff64c043', 'ccacfa6b6a77da4c', 0, 6, 1, '2026-01-26 02:57:35'),
(864, '7416e677bfdd052e11d55fc73f6be8ea', '319df5eb9c68e4fe', 0, 6, 1, '2026-01-26 08:11:36'),
(865, '7416e677bfdd052e11d55fc73f6be8ea', '319df5eb9c68e4fe', 0, 6, 1, '2026-01-26 08:12:54'),
(866, '7416e677bfdd052e11d55fc73f6be8ea', '319df5eb9c68e4fe', 0, 6, 1, '2026-01-26 08:13:05'),
(867, '7416e677bfdd052e11d55fc73f6be8ea', '319df5eb9c68e4fe', 0, 1, 1, '2026-01-26 08:23:40'),
(868, '7416e677bfdd052e11d55fc73f6be8ea', '319df5eb9c68e4fe', 0, 2, 1, '2026-01-26 08:23:44'),
(869, '3cc60642419e12757f3beff637c9df31', '3867d242d91621b0', 0, 1, 1, '2026-01-26 08:47:16'),
(870, '22ff5af65bd473feebde89a7e72d4067', 'e687f85b0f72ff85', 0, 6, 1, '2026-01-26 14:39:19'),
(871, '83bb341602dc3a94b3b94e296d6b4834', 'ccacfa6b6a77da4c', 0, 6, 1, '2026-01-27 04:36:03'),
(872, '83bb341602dc3a94b3b94e296d6b4834', 'ccacfa6b6a77da4c', 0, 6, 1, '2026-01-27 04:37:47'),
(873, '83bb341602dc3a94b3b94e296d6b4834', 'ccacfa6b6a77da4c', 0, 6, 1, '2026-01-27 04:38:04'),
(874, '83bb341602dc3a94b3b94e296d6b4834', 'ccacfa6b6a77da4c', 0, 6, 1, '2026-01-27 04:39:37'),
(875, '83bb341602dc3a94b3b94e296d6b4834', 'ccacfa6b6a77da4c', 0, 6, 1, '2026-01-27 04:39:48'),
(876, '83bb341602dc3a94b3b94e296d6b4834', 'ccacfa6b6a77da4c', 0, 1, 1, '2026-01-27 04:40:35'),
(877, '83bb341602dc3a94b3b94e296d6b4834', 'ccacfa6b6a77da4c', 0, 2, 1, '2026-01-27 04:40:38'),
(878, '83bb341602dc3a94b3b94e296d6b4834', 'ccacfa6b6a77da4c', 0, 3, 1, '2026-01-27 04:40:42'),
(879, '005298d2fb429046a52b9f45bf06e2ae', 'ccacfa6b6a77da4c', 0, 6, 1, '2026-01-27 07:00:47'),
(880, '005298d2fb429046a52b9f45bf06e2ae', 'ccacfa6b6a77da4c', 0, 6, 1, '2026-01-27 07:01:26'),
(881, '3691e8eb21cefa190470395e19f73471', '4122e34fb400e853', 0, 6, 1, '2026-01-27 13:00:03'),
(882, '3691e8eb21cefa190470395e19f73471', '4122e34fb400e853', 0, 6, 1, '2026-01-27 13:04:35'),
(883, '991d61cf801f5007f0a266d69490bec1', '4122e34fb400e853', 0, 6, 1, '2026-01-27 14:10:36'),
(884, 'b0e6b63de878b1a648953817afaae981', 'cb32fd7bbf886c10', 0, 6, 1, '2026-01-28 01:22:39'),
(885, 'b0e6b63de878b1a648953817afaae981', 'cb32fd7bbf886c10', 0, 6, 1, '2026-01-28 01:24:20'),
(886, 'b0e6b63de878b1a648953817afaae981', 'cb32fd7bbf886c10', 0, 6, 1, '2026-01-28 01:24:54'),
(887, 'b0e6b63de878b1a648953817afaae981', 'cb32fd7bbf886c10', 0, 6, 1, '2026-01-28 01:36:54'),
(889, '112f468a54a819d038c2de834f72f8b5', 'ccacfa6b6a77da4c', 0, 6, 1, '2026-01-28 03:03:36'),
(890, '112f468a54a819d038c2de834f72f8b5', 'ccacfa6b6a77da4c', 0, 6, 1, '2026-01-28 03:03:55'),
(891, '112f468a54a819d038c2de834f72f8b5', 'ccacfa6b6a77da4c', 0, 6, 1, '2026-01-28 03:04:23'),
(892, '112f468a54a819d038c2de834f72f8b5', 'ccacfa6b6a77da4c', 0, 6, 1, '2026-01-28 03:05:06'),
(893, '112f468a54a819d038c2de834f72f8b5', 'ccacfa6b6a77da4c', 0, 6, 1, '2026-01-28 03:17:51'),
(895, '112f468a54a819d038c2de834f72f8b5', 'ccacfa6b6a77da4c', 0, 6, 1, '2026-01-28 03:21:27'),
(897, '112f468a54a819d038c2de834f72f8b5', 'ccacfa6b6a77da4c', 0, 6, 1, '2026-01-28 03:31:06'),
(898, 'fd93acf6efc5cbd8d1011809252689a9', 'ccacfa6b6a77da4c', 0, 6, 1, '2026-01-29 07:50:25'),
(899, 'e09d5458a2acb471c2e8be870037fe10', '497cc80ddb53fc50', 0, 1, 1, '2026-01-29 13:10:34'),
(900, '010cafbd566a90333ccf6371bdd0993a', '157c33dccf40b93d', 0, 1, 1, '2026-01-29 13:38:38'),
(901, '010cafbd566a90333ccf6371bdd0993a', '157c33dccf40b93d', 0, 2, 1, '2026-01-29 13:39:09'),
(902, 'de65dfaaa938b53d1f852f20cf1826b3', 'ccacfa6b6a77da4c', 0, 6, 1, '2026-02-02 03:55:03'),
(903, 'de65dfaaa938b53d1f852f20cf1826b3', 'ccacfa6b6a77da4c', 0, 6, 1, '2026-02-02 03:59:21'),
(904, 'de65dfaaa938b53d1f852f20cf1826b3', 'ccacfa6b6a77da4c', 0, 6, 1, '2026-02-02 04:04:23'),
(905, '6f6001b9ed00c49110c6f49d3a4a68a9', 'cb32fd7bbf886c10', 0, 6, 1, '2026-02-02 04:17:14'),
(906, '6f6001b9ed00c49110c6f49d3a4a68a9', 'cb32fd7bbf886c10', 0, 6, 1, '2026-02-02 04:18:24'),
(907, '2bc3637fb34bec3b832446140d9f1423', '580cd5be45c70c95', 0, 6, 1, '2026-02-02 04:41:48'),
(908, '2bc3637fb34bec3b832446140d9f1423', '580cd5be45c70c95', 0, 6, 1, '2026-02-02 04:57:44'),
(909, 'b8321a9528022c299ec5741cd8b0c750', '7be0b1c246bdc973', 0, 3, 1, '2026-02-03 01:54:00'),
(910, '1e1eb5e174dcc58963fed3dd0ce6f7ed', '4122e34fb400e853', 0, 6, 1, '2026-02-03 02:31:15'),
(911, '1e1eb5e174dcc58963fed3dd0ce6f7ed', '4122e34fb400e853', 0, 6, 1, '2026-02-03 02:33:34'),
(912, '1e1eb5e174dcc58963fed3dd0ce6f7ed', '4122e34fb400e853', 0, 6, 1, '2026-02-03 02:34:17'),
(913, 'c985b40aa40b0150e9beb1e2fe086976', '8a00f9d57a4870d9', 0, 6, 1, '2026-02-03 02:35:14'),
(914, '1e1eb5e174dcc58963fed3dd0ce6f7ed', '4122e34fb400e853', 0, 6, 1, '2026-02-03 02:37:42'),
(915, 'e5fd9d32d594f6ac193568463a5d9185', 'ccacfa6b6a77da4c', 0, 6, 1, '2026-02-03 02:39:21'),
(916, '1e1eb5e174dcc58963fed3dd0ce6f7ed', '4122e34fb400e853', 0, 6, 1, '2026-02-03 02:42:06'),
(917, 'e5fd9d32d594f6ac193568463a5d9185', 'ccacfa6b6a77da4c', 0, 6, 1, '2026-02-03 03:09:13'),
(918, 'e5fd9d32d594f6ac193568463a5d9185', 'ccacfa6b6a77da4c', 0, 6, 1, '2026-02-03 03:15:39'),
(919, 'e5fd9d32d594f6ac193568463a5d9185', 'ccacfa6b6a77da4c', 0, 6, 1, '2026-02-03 03:16:37'),
(920, '1e1eb5e174dcc58963fed3dd0ce6f7ed', '4122e34fb400e853', 0, 6, 1, '2026-02-03 03:16:47'),
(921, 'e5fd9d32d594f6ac193568463a5d9185', 'ccacfa6b6a77da4c', 0, 6, 1, '2026-02-03 03:16:49'),
(922, 'e5fd9d32d594f6ac193568463a5d9185', 'ccacfa6b6a77da4c', 0, 6, 1, '2026-02-03 03:17:04'),
(923, '1e1eb5e174dcc58963fed3dd0ce6f7ed', '4122e34fb400e853', 0, 6, 1, '2026-02-03 03:17:29'),
(924, '5d3f376c8f3526382b448f6b9a7d480e', '8a00f9d57a4870d9', 0, 6, 1, '2026-02-03 03:17:49'),
(925, '1e1eb5e174dcc58963fed3dd0ce6f7ed', '4122e34fb400e853', 0, 6, 1, '2026-02-03 03:18:02'),
(926, 'e5fd9d32d594f6ac193568463a5d9185', 'ccacfa6b6a77da4c', 0, 6, 1, '2026-02-03 03:18:41'),
(927, 'e5fd9d32d594f6ac193568463a5d9185', 'ccacfa6b6a77da4c', 0, 6, 1, '2026-02-03 03:19:14'),
(928, '1e1eb5e174dcc58963fed3dd0ce6f7ed', '4122e34fb400e853', 0, 6, 1, '2026-02-03 03:19:19'),
(929, 'cd3f7311497561a36c9872317631867d', '1bc08bf7f9d9a3db', 0, 6, 1, '2026-02-03 03:19:52'),
(930, 'e5fd9d32d594f6ac193568463a5d9185', 'ccacfa6b6a77da4c', 0, 6, 1, '2026-02-03 03:20:42'),
(931, 'e5fd9d32d594f6ac193568463a5d9185', 'ccacfa6b6a77da4c', 0, 6, 1, '2026-02-03 03:20:57'),
(932, '1e1eb5e174dcc58963fed3dd0ce6f7ed', '4122e34fb400e853', 0, 6, 1, '2026-02-03 03:21:12'),
(933, '1e1eb5e174dcc58963fed3dd0ce6f7ed', '4122e34fb400e853', 0, 6, 1, '2026-02-03 03:21:22'),
(934, '1e1eb5e174dcc58963fed3dd0ce6f7ed', '4122e34fb400e853', 0, 6, 1, '2026-02-03 03:21:47'),
(935, 'e5fd9d32d594f6ac193568463a5d9185', 'ccacfa6b6a77da4c', 0, 6, 1, '2026-02-03 03:21:48'),
(936, 'e5fd9d32d594f6ac193568463a5d9185', 'ccacfa6b6a77da4c', 0, 6, 1, '2026-02-03 03:23:01'),
(937, '1e1eb5e174dcc58963fed3dd0ce6f7ed', '4122e34fb400e853', 0, 6, 1, '2026-02-03 03:23:18'),
(938, '1e1eb5e174dcc58963fed3dd0ce6f7ed', '4122e34fb400e853', 0, 6, 1, '2026-02-03 03:23:36'),
(939, '1e1eb5e174dcc58963fed3dd0ce6f7ed', '4122e34fb400e853', 0, 6, 1, '2026-02-03 03:24:22'),
(940, '1e1eb5e174dcc58963fed3dd0ce6f7ed', '4122e34fb400e853', 0, 6, 1, '2026-02-03 03:25:26'),
(941, '1e1eb5e174dcc58963fed3dd0ce6f7ed', '4122e34fb400e853', 0, 6, 1, '2026-02-03 03:25:53'),
(942, 'e5fd9d32d594f6ac193568463a5d9185', 'ccacfa6b6a77da4c', 0, 6, 1, '2026-02-03 03:25:54'),
(943, '1e1eb5e174dcc58963fed3dd0ce6f7ed', '4122e34fb400e853', 0, 6, 1, '2026-02-03 03:26:17'),
(944, 'e5fd9d32d594f6ac193568463a5d9185', 'ccacfa6b6a77da4c', 0, 6, 1, '2026-02-03 03:26:46'),
(945, 'e5fd9d32d594f6ac193568463a5d9185', 'ccacfa6b6a77da4c', 0, 6, 1, '2026-02-03 03:29:00'),
(946, 'e5fd9d32d594f6ac193568463a5d9185', 'ccacfa6b6a77da4c', 0, 6, 1, '2026-02-03 03:29:31'),
(947, 'e5fd9d32d594f6ac193568463a5d9185', 'ccacfa6b6a77da4c', 0, 6, 1, '2026-02-03 03:29:55'),
(948, 'e5fd9d32d594f6ac193568463a5d9185', 'ccacfa6b6a77da4c', 0, 6, 1, '2026-02-03 03:30:19'),
(949, 'e5fd9d32d594f6ac193568463a5d9185', 'ccacfa6b6a77da4c', 0, 6, 1, '2026-02-03 03:31:32'),
(950, 'aab8a25c2538ca022509358518cfc6ac', '2147a94f9114ac2d', 0, 6, 1, '2026-02-04 06:53:13'),
(951, 'fd10b244bcfd950407140eb52bd48cf1', 'ac4693b3bb6a07e7', 0, 1, 1, '2026-02-04 08:38:25'),
(952, '347223d9ac675ae869f1a73dee76f227', '884bf31b9ab0059d', 0, 1, 1, '2026-02-05 03:57:15'),
(953, '475dd7345d3acddb21d96b8d4e2184ae', 'c0e4658b4b54b3af', 0, 1, 1, '2026-02-05 06:11:16'),
(954, '99c14de5ec1fa078db3c40431d014157', '435ac4d93c5854cd', 0, 1, 1, '2026-02-09 03:55:50'),
(955, '32465c069656ec1c3985236e40404e09', '8c9afc47316b9384', 0, 3, 1, '2026-02-10 00:57:23'),
(956, 'eaca1060c4cfaea975a591f8b5707efd', 'abb1584e5cfbe589', 0, 2, 1, '2026-02-10 11:55:52'),
(957, 'd17964533594d751429cbb5e6f9900d8', 'e687f85b0f72ff85', 0, 6, 1, '2026-02-10 13:40:35'),
(958, 'd17964533594d751429cbb5e6f9900d8', 'e687f85b0f72ff85', 0, 6, 1, '2026-02-10 14:05:35'),
(959, 'd17964533594d751429cbb5e6f9900d8', 'e687f85b0f72ff85', 0, 6, 1, '2026-02-10 14:11:34'),
(960, 'd17964533594d751429cbb5e6f9900d8', 'e687f85b0f72ff85', 0, 6, 1, '2026-02-10 14:12:33'),
(961, 'd17964533594d751429cbb5e6f9900d8', 'e687f85b0f72ff85', 0, 6, 1, '2026-02-10 14:24:33'),
(962, '6574f74356d957310398f7fc7a04b14b', '4122e34fb400e853', 0, 6, 1, '2026-02-10 18:51:37'),
(963, '6574f74356d957310398f7fc7a04b14b', '4122e34fb400e853', 0, 6, 1, '2026-02-10 18:53:49'),
(964, '6574f74356d957310398f7fc7a04b14b', '4122e34fb400e853', 0, 6, 1, '2026-02-10 18:54:42'),
(965, 'c91d6a2c0f92fd033c12a8a0dbb9b5d9', '20e82864a1d8106f', 0, 6, 1, '2026-02-10 19:44:23'),
(966, 'c91d6a2c0f92fd033c12a8a0dbb9b5d9', '20e82864a1d8106f', 0, 6, 1, '2026-02-10 19:58:08'),
(967, 'b9a9bc8a58916ad4614ea6d2c98f48fa', '4e49bb121c89a817', 0, 3, 1, '2026-02-11 03:51:09'),
(968, '306912b87ca9601f6d22f66b8a2067a7', 'e687f85b0f72ff85', 0, 6, 1, '2026-02-11 13:32:14'),
(969, '306912b87ca9601f6d22f66b8a2067a7', 'e687f85b0f72ff85', 0, 6, 1, '2026-02-11 13:45:29'),
(970, 'eccb08c389d65099fa3959b5953e7402', 'abeeb6c0c5570226', 0, 1, 1, '2026-02-11 15:09:40'),
(971, 'd88325dd221529740cf14813d1f55705', '324129d9ad9f6e01', 0, 6, 1, '2026-02-12 01:48:41'),
(972, 'd88325dd221529740cf14813d1f55705', '324129d9ad9f6e01', 0, 6, 1, '2026-02-12 01:50:12'),
(973, 'd88325dd221529740cf14813d1f55705', '324129d9ad9f6e01', 0, 6, 1, '2026-02-12 01:50:18'),
(974, 'd88325dd221529740cf14813d1f55705', '324129d9ad9f6e01', 0, 6, 1, '2026-02-12 01:50:29'),
(975, 'd88325dd221529740cf14813d1f55705', '324129d9ad9f6e01', 0, 6, 1, '2026-02-12 01:52:44'),
(976, '33d4ee17b74f3264492b482d62d21892', '4122e34fb400e853', 0, 6, 1, '2026-02-12 01:52:47'),
(977, 'd88325dd221529740cf14813d1f55705', '324129d9ad9f6e01', 0, 6, 1, '2026-02-12 01:54:06'),
(978, '33d4ee17b74f3264492b482d62d21892', '4122e34fb400e853', 0, 6, 1, '2026-02-12 01:57:05'),
(979, '47c10b1d96dc2712c0f1626044d37cb5', '272b19f70cc31781', 0, 2, 1, '2026-02-12 21:24:43'),
(980, '47c10b1d96dc2712c0f1626044d37cb5', '272b19f70cc31781', 0, 1, 1, '2026-02-12 21:26:05'),
(981, '47c10b1d96dc2712c0f1626044d37cb5', '272b19f70cc31781', 0, 2, 1, '2026-02-12 21:27:17'),
(982, '6b18fac1e86cb5dea1be70efcbea79fb', '95b031b16fc294e1', 0, 6, 1, '2026-02-14 06:09:26'),
(983, 'f6b74f611d4eee735e3e28e65adcfe99', 'cf9ea4de58eeb216', 0, 1, 1, '2026-02-15 11:19:05'),
(984, 'f6b74f611d4eee735e3e28e65adcfe99', 'cf9ea4de58eeb216', 0, 1, 1, '2026-02-15 11:20:00'),
(985, 'ac5443f2de654ff0dd5e97f2e5f6e800', '8f1f177341657c7b', 0, 1, 1, '2026-02-16 02:02:19'),
(986, 'ab5520397fa52d6acb1c53b2ec064407', '99df9087aecb0be8', 0, 2, 1, '2026-02-16 13:48:58'),
(987, 'ab5520397fa52d6acb1c53b2ec064407', '99df9087aecb0be8', 0, 2, 1, '2026-02-16 13:49:07'),
(988, '510b2695470486c8fd99bcd1dea07c9d', '157c33dccf40b93d', 0, 6, 1, '2026-02-19 01:02:05'),
(989, 'b494efe2779527b8afb6aa14ea120ad9', 'ac2c0b086024a50e', 0, 6, 1, '2026-02-19 05:47:12'),
(990, 'b494efe2779527b8afb6aa14ea120ad9', 'ac2c0b086024a50e', 0, 6, 1, '2026-02-19 05:47:17'),
(991, 'b494efe2779527b8afb6aa14ea120ad9', 'ac2c0b086024a50e', 0, 6, 1, '2026-02-19 05:48:05'),
(992, '85f82740d69a17e3916ecbd7876eeefc', '6fb65375eccd1db2', 0, 1, 1, '2026-02-20 04:50:22'),
(993, 'a749e3ee5aaef0b1c0796f49d14fc867', 'e687f85b0f72ff85', 0, 6, 1, '2026-02-21 04:14:43'),
(994, 'a749e3ee5aaef0b1c0796f49d14fc867', 'e687f85b0f72ff85', 0, 6, 1, '2026-02-21 04:17:55'),
(995, 'a749e3ee5aaef0b1c0796f49d14fc867', 'e687f85b0f72ff85', 0, 6, 1, '2026-02-21 04:36:08'),
(996, '2746197f1f63f97368b9e65053f26914', '85decee055bec092', 0, 1, 1, '2026-02-23 06:57:43'),
(997, '4e9a0ce8b70fc2814ecf20c5d765aca1', 'ccacfa6b6a77da4c', 0, 6, 1, '2026-02-24 01:45:52'),
(998, '4e9a0ce8b70fc2814ecf20c5d765aca1', 'ccacfa6b6a77da4c', 0, 6, 1, '2026-02-24 01:46:21'),
(999, '4e9a0ce8b70fc2814ecf20c5d765aca1', 'ccacfa6b6a77da4c', 0, 6, 1, '2026-02-24 01:46:29'),
(1000, '4e9a0ce8b70fc2814ecf20c5d765aca1', 'ccacfa6b6a77da4c', 0, 6, 1, '2026-02-24 01:46:35'),
(1001, '4e9a0ce8b70fc2814ecf20c5d765aca1', 'ccacfa6b6a77da4c', 0, 6, 1, '2026-02-24 01:46:49'),
(1002, '4e9a0ce8b70fc2814ecf20c5d765aca1', 'ccacfa6b6a77da4c', 0, 6, 1, '2026-02-24 01:47:02'),
(1003, '4e9a0ce8b70fc2814ecf20c5d765aca1', 'ccacfa6b6a77da4c', 0, 6, 1, '2026-02-24 01:47:07'),
(1004, 'e28de1568e39cd1bcc46666b34f4d581', 'ff0b960f54a90d35', 0, 1, 1, '2026-02-24 01:47:23'),
(1005, '2e6b26ffed4e4ea082a6ed8da8014d64', '20e82864a1d8106f', 0, 6, 1, '2026-02-24 02:45:47'),
(1006, '2e6b26ffed4e4ea082a6ed8da8014d64', '20e82864a1d8106f', 0, 6, 1, '2026-02-24 02:46:54'),
(1007, '0825300291cf64416ab7646079505b48', '8f48c431d492e47a', 0, 6, 1, '2026-02-24 02:46:57'),
(1008, '0825300291cf64416ab7646079505b48', '8f48c431d492e47a', 0, 6, 1, '2026-02-24 02:47:13'),
(1009, '2e6b26ffed4e4ea082a6ed8da8014d64', '20e82864a1d8106f', 0, 6, 1, '2026-02-24 02:47:15'),
(1010, '0825300291cf64416ab7646079505b48', '8f48c431d492e47a', 0, 6, 1, '2026-02-24 02:51:33'),
(1011, '0825300291cf64416ab7646079505b48', '8f48c431d492e47a', 0, 6, 1, '2026-02-24 02:51:42'),
(1012, '0825300291cf64416ab7646079505b48', '8f48c431d492e47a', 0, 6, 1, '2026-02-24 02:51:54'),
(1013, '0825300291cf64416ab7646079505b48', '8f48c431d492e47a', 0, 6, 1, '2026-02-24 02:52:00'),
(1014, 'b494efe2779527b8afb6aa14ea120ad9', 'ac2c0b086024a50e', 0, 6, 1, '2026-02-24 02:52:11'),
(1015, 'b494efe2779527b8afb6aa14ea120ad9', 'ac2c0b086024a50e', 0, 6, 1, '2026-02-24 02:52:16'),
(1016, 'b494efe2779527b8afb6aa14ea120ad9', 'ac2c0b086024a50e', 0, 6, 1, '2026-02-24 03:08:07'),
(1017, '0825300291cf64416ab7646079505b48', '8f48c431d492e47a', 0, 6, 1, '2026-02-24 03:08:22'),
(1018, '0825300291cf64416ab7646079505b48', '8f48c431d492e47a', 0, 6, 1, '2026-02-24 03:08:30'),
(1019, '0825300291cf64416ab7646079505b48', '8f48c431d492e47a', 0, 6, 1, '2026-02-24 03:09:33'),
(1020, 'b494efe2779527b8afb6aa14ea120ad9', 'ac2c0b086024a50e', 0, 6, 1, '2026-02-24 03:10:13'),
(1021, '0825300291cf64416ab7646079505b48', '8f48c431d492e47a', 0, 6, 1, '2026-02-24 03:10:20'),
(1022, 'b494efe2779527b8afb6aa14ea120ad9', 'ac2c0b086024a50e', 0, 6, 1, '2026-02-24 03:10:41'),
(1023, 'b494efe2779527b8afb6aa14ea120ad9', 'ac2c0b086024a50e', 0, 6, 1, '2026-02-24 03:11:20'),
(1024, 'b494efe2779527b8afb6aa14ea120ad9', 'ac2c0b086024a50e', 0, 6, 1, '2026-02-24 03:13:50'),
(1025, '0825300291cf64416ab7646079505b48', '8f48c431d492e47a', 0, 6, 1, '2026-02-24 03:43:46'),
(1026, '0825300291cf64416ab7646079505b48', '8f48c431d492e47a', 0, 6, 1, '2026-02-24 03:55:06'),
(1027, 'b494efe2779527b8afb6aa14ea120ad9', 'ac2c0b086024a50e', 0, 6, 1, '2026-02-24 03:55:23'),
(1028, '0825300291cf64416ab7646079505b48', '8f48c431d492e47a', 0, 6, 1, '2026-02-24 03:56:02'),
(1029, 'b494efe2779527b8afb6aa14ea120ad9', 'ac2c0b086024a50e', 0, 6, 1, '2026-02-24 03:56:21'),
(1030, '0825300291cf64416ab7646079505b48', '8f48c431d492e47a', 0, 6, 1, '2026-02-24 03:57:09'),
(1031, 'b494efe2779527b8afb6aa14ea120ad9', 'ac2c0b086024a50e', 0, 6, 1, '2026-02-24 03:57:10'),
(1032, '0825300291cf64416ab7646079505b48', '8f48c431d492e47a', 0, 6, 1, '2026-02-24 03:58:05'),
(1033, 'b494efe2779527b8afb6aa14ea120ad9', 'ac2c0b086024a50e', 0, 6, 1, '2026-02-24 03:58:30'),
(1034, '0825300291cf64416ab7646079505b48', '8f48c431d492e47a', 0, 6, 1, '2026-02-24 03:58:34'),
(1035, 'b494efe2779527b8afb6aa14ea120ad9', 'ac2c0b086024a50e', 0, 6, 1, '2026-02-24 03:58:52'),
(1036, 'b494efe2779527b8afb6aa14ea120ad9', 'ac2c0b086024a50e', 0, 6, 1, '2026-02-24 03:59:10'),
(1037, '0825300291cf64416ab7646079505b48', '8f48c431d492e47a', 0, 6, 1, '2026-02-24 03:59:49'),
(1038, '0825300291cf64416ab7646079505b48', '8f48c431d492e47a', 0, 6, 1, '2026-02-24 04:01:21'),
(1039, '0825300291cf64416ab7646079505b48', '8f48c431d492e47a', 0, 6, 1, '2026-02-24 04:01:58'),
(1040, 'dc158ed27d3b9815c6e555a61ff9c938', 'ac2c0b086024a50e', 0, 6, 1, '2026-02-24 04:31:24'),
(1041, 'dc158ed27d3b9815c6e555a61ff9c938', 'ac2c0b086024a50e', 0, 6, 1, '2026-02-24 04:31:56'),
(1042, 'dc158ed27d3b9815c6e555a61ff9c938', 'ac2c0b086024a50e', 0, 6, 1, '2026-02-24 05:41:30'),
(1043, 'dc158ed27d3b9815c6e555a61ff9c938', 'ac2c0b086024a50e', 0, 6, 1, '2026-02-24 05:43:02'),
(1044, 'dc158ed27d3b9815c6e555a61ff9c938', 'ac2c0b086024a50e', 0, 6, 1, '2026-02-24 05:46:52'),
(1045, 'acfb4de28f00266b0436410632af51c5', '6906136ef04304ac', 0, 6, 1, '2026-02-24 06:09:53'),
(1046, 'dc158ed27d3b9815c6e555a61ff9c938', 'ac2c0b086024a50e', 0, 6, 1, '2026-02-24 06:11:16'),
(1047, 'acfb4de28f00266b0436410632af51c5', '6906136ef04304ac', 0, 6, 1, '2026-02-24 06:12:07'),
(1048, 'acfb4de28f00266b0436410632af51c5', '6906136ef04304ac', 0, 6, 1, '2026-02-24 06:13:07'),
(1049, 'dc158ed27d3b9815c6e555a61ff9c938', 'ac2c0b086024a50e', 0, 6, 1, '2026-02-24 06:13:28'),
(1050, 'acfb4de28f00266b0436410632af51c5', '6906136ef04304ac', 0, 6, 1, '2026-02-24 06:24:25'),
(1051, 'acfb4de28f00266b0436410632af51c5', '6906136ef04304ac', 0, 6, 1, '2026-02-24 06:26:58'),
(1052, 'acfb4de28f00266b0436410632af51c5', '6906136ef04304ac', 0, 6, 1, '2026-02-24 06:30:12'),
(1053, 'acfb4de28f00266b0436410632af51c5', '6906136ef04304ac', 0, 6, 1, '2026-02-24 07:00:37'),
(1054, 'acfb4de28f00266b0436410632af51c5', '6906136ef04304ac', 0, 6, 1, '2026-02-24 07:01:06'),
(1055, 'bc5b7e067268fbc98259255df45de3eb', 'ac2c0b086024a50e', 0, 6, 1, '2026-02-24 07:02:44'),
(1056, 'acfb4de28f00266b0436410632af51c5', '6906136ef04304ac', 0, 6, 1, '2026-02-24 07:03:33'),
(1057, 'bc5b7e067268fbc98259255df45de3eb', 'ac2c0b086024a50e', 0, 6, 1, '2026-02-24 07:04:08'),
(1058, 'bc5b7e067268fbc98259255df45de3eb', 'ac2c0b086024a50e', 0, 6, 1, '2026-02-24 07:04:14'),
(1059, 'acfb4de28f00266b0436410632af51c5', '6906136ef04304ac', 0, 6, 1, '2026-02-24 07:04:17'),
(1060, 'acfb4de28f00266b0436410632af51c5', '6906136ef04304ac', 0, 6, 1, '2026-02-24 07:05:12'),
(1061, 'acfb4de28f00266b0436410632af51c5', '6906136ef04304ac', 0, 6, 1, '2026-02-24 07:06:05'),
(1062, 'bc5b7e067268fbc98259255df45de3eb', 'ac2c0b086024a50e', 0, 6, 1, '2026-02-24 07:07:36'),
(1063, 'acfb4de28f00266b0436410632af51c5', '6906136ef04304ac', 0, 6, 1, '2026-02-24 07:08:41'),
(1064, 'acfb4de28f00266b0436410632af51c5', '6906136ef04304ac', 0, 6, 1, '2026-02-24 07:08:52'),
(1065, 'acfb4de28f00266b0436410632af51c5', '6906136ef04304ac', 0, 6, 1, '2026-02-24 07:09:04'),
(1066, 'acfb4de28f00266b0436410632af51c5', '6906136ef04304ac', 0, 1, 1, '2026-02-24 07:20:45'),
(1067, 'acfb4de28f00266b0436410632af51c5', '6906136ef04304ac', 0, 2, 1, '2026-02-24 07:20:55'),
(1068, 'acfb4de28f00266b0436410632af51c5', '6906136ef04304ac', 0, 3, 1, '2026-02-24 07:21:17');

-- --------------------------------------------------------

--
